{"id":729294,"date":"2025-08-27T20:53:45","date_gmt":"2025-08-27T17:53:45","guid":{"rendered":"https:\/\/roveyayinevi.com.tr\/index.php\/urun\/itaat\/"},"modified":"2026-04-16T02:37:06","modified_gmt":"2026-04-15T23:37:06","slug":"itaat","status":"publish","type":"product","link":"https:\/\/roveyayinevi.com.tr\/index.php\/urun\/itaat\/","title":{"rendered":"\u0130taat"},"content":{"rendered":"<p>Fransa\u2019n\u0131n \u00f6nde gelen ve hem deme\u00e7leri hem de eserleriyle pek \u00e7ok tart\u0131\u015fma yaratan yazarlar\u0131ndan, Prix Goncourt ve Prix Novembre gibi sayg\u0131de\u011fer \u00f6d\u00fcllerin sahibi Michel Houellebecq\u2019in bu yeni roman\u0131 7 Ocak 2015 tarihinde yay\u0131mland\u0131. Ayn\u0131 g\u00fcn Charlie Hebdo mizah dergisine ElKaide taraf\u0131ndan yap\u0131lan sald\u0131r\u0131da on iki ki\u015fi hayat\u0131n\u0131 kaybetti, on bir ki\u015fiyse yaraland\u0131. Houellebecq\u2019in roman\u0131 \u0130taat kimilerince \u0130slamofobik bir provokasyon olmakla itham edildi, yazar da d\u00f6nemin Frans\u0131z Ba\u015fbakan\u0131 Valles taraf\u0131ndan bile ele\u015ftirildi.   2022 y\u0131l\u0131nda Fransa\u2019daki cumhurba\u015fkanl\u0131\u011f\u0131 se\u00e7imlerinde M\u00fcsl\u00fcman Karde\u015fler\u2019in aday\u0131 Mohammed Ben Abbes galip gelir. \u00dclke s\u00fcratle \u015feriat y\u00f6netimine ge\u00e7erken, J. K. Huysmans uzman\u0131, hayata dair heyecan\u0131n\u0131 kaybetmi\u015f akademisyen Fran\u00e7ois\u2019n\u0131n da kar\u015f\u0131s\u0131na b\u00fcy\u00fck bir f\u0131rsat \u00e7\u0131kar. Bunu de\u011ferlendirip de\u011ferlendirmemekse hayat\u0131n\u0131n d\u00f6n\u00fcm noktas\u0131 olacakt\u0131r.   \u0130taat, k\u0131\u015fk\u0131rt\u0131c\u0131 yazar Michel Houellebecq\u2019ten Avrupa\u2019n\u0131n korkular\u0131na, inan\u00e7 ve siyasetin kendisine, d\u00fcnyan\u0131n kaotik gelece\u011fine dair sivri dilli bir hiciv.   \u201cSiyasi bir masal elbette, Frans\u0131zlar\u0131n korkular\u0131yla ince ince oynayan modern bir masal.\u201d \u2013Lib\u00e9ration   \u201cRoman, genel anlamda h\u0131zl\u0131 politik de\u011fi\u015fimleri de inceliyor: \u0130leride ne kadar\u0131n\u0131 ya\u015fayaca\u011f\u0131z? Ve bu de\u011fi\u015fim, en nihayetinde u\u00e7 noktalara gidecek mi?\u201d \u2013TIME <\/p>\n","protected":false},"excerpt":{"rendered":"<p>Fransa\u2019n\u0131n \u00f6nde gelen ve hem deme\u00e7leri hem de eserleriyle pek \u00e7ok tart\u0131\u015fma yaratan yazarlar\u0131ndan, Prix Goncourt ve Prix Novembre gibi sayg\u0131de\u011fer \u00f6d\u00fcllerin sahibi Michel Houellebecq\u2019in bu<span class=\"excerpt-hellip\"> [\u2026]<\/span><\/p>\n","protected":false},"featured_media":0,"template":"","meta":{"_monsterinsights_skip_tracking":false,"_monsterinsights_sitenote_active":false,"_monsterinsights_sitenote_note":"","_monsterinsights_sitenote_category":0},"product_brand":[],"product_cat":[12291,12711],"product_tag":[],"class_list":{"0":"post-729294","1":"product","2":"type-product","3":"status-publish","5":"product_cat-edebiyat","6":"product_cat-roman-oyku","7":"pa_cilt-ciltsiz","8":"pa_tur-kitap","9":"pa_yayinevi-ithaki-yayinlari","10":"pa_yazar-michel-houellebecq","12":"first","13":"instock","14":"sale","15":"shipping-taxable","16":"purchasable","17":"product-type-simple"},"_links":{"self":[{"href":"https:\/\/roveyayinevi.com.tr\/index.php\/wp-json\/wp\/v2\/product\/729294","targetHints":{"allow":["GET"]}}],"collection":[{"href":"https:\/\/roveyayinevi.com.tr\/index.php\/wp-json\/wp\/v2\/product"}],"about":[{"href":"https:\/\/roveyayinevi.com.tr\/index.php\/wp-json\/wp\/v2\/types\/product"}],"wp:attachment":[{"href":"https:\/\/roveyayinevi.com.tr\/index.php\/wp-json\/wp\/v2\/media?parent=729294"}],"wp:term":[{"taxonomy":"product_brand","embeddable":true,"href":"https:\/\/roveyayinevi.com.tr\/index.php\/wp-json\/wp\/v2\/product_brand?post=729294"},{"taxonomy":"product_cat","embeddable":true,"href":"https:\/\/roveyayinevi.com.tr\/index.php\/wp-json\/wp\/v2\/product_cat?post=729294"},{"taxonomy":"product_tag","embeddable":true,"href":"https:\/\/roveyayinevi.com.tr\/index.php\/wp-json\/wp\/v2\/product_tag?post=729294"}],"curies":[{"name":"wp","href":"https:\/\/api.w.org\/{rel}","templated":true}]}}