{"id":729283,"date":"2025-08-27T20:53:35","date_gmt":"2025-08-27T17:53:35","guid":{"rendered":"https:\/\/roveyayinevi.com.tr\/index.php\/urun\/dolunay-kadinlari\/"},"modified":"2026-04-11T13:56:37","modified_gmt":"2026-04-11T10:56:37","slug":"dolunay-kadinlari","status":"publish","type":"product","link":"https:\/\/roveyayinevi.com.tr\/index.php\/urun\/dolunay-kadinlari\/","title":{"rendered":"Dolunay Kad\u0131nlar\u0131"},"content":{"rendered":"<p>Umman&#8217;\u0131n bir k\u00f6y\u00fcnden \u00fc\u00e7 k\u0131z karde\u015fin hik\u00e2yesi bu: K\u0131r\u0131k bir kalple evlenen Meyye, bir g\u00f6revi yerine getirircesine evlenen Esma, her \u015feye ra\u011fmen sevdi\u011fi adamla evlenmeyi se\u00e7en Havle\u2026 Bu \u00fc\u00e7 kad\u0131n ve ailelerinin hik\u00e2yeleri \u00fczerinden h\u0131zla de\u011fi\u015fen Umman\u2019\u0131, en zengininden en fakirine servet da\u011f\u0131l\u0131m\u0131n\u0131n ala\u015fa\u011f\u0131 etti\u011fi hayatlar\u0131 da okurla bulu\u015fturuyor Jokha Alharthi. \u00dc\u00e7 k\u0131z karde\u015fin ayn\u0131 kader dokusundaki hik\u00e2yesi, farkl\u0131 yollara do\u011fru ilerlerken bu d\u00f6ng\u00fcy\u00fc k\u0131rmak i\u00e7in bamba\u015fka hayatlar kurmaya \u00e7al\u0131\u015fan \u00e7ocuklar\u0131, ayn\u0131 g\u00f6bek ba\u011f\u0131yla ba\u011flanm\u0131\u015f gibi \u00e7emberi yeni ba\u015ftan d\u00f6nd\u00fcr\u00fcyor.Booker Uluslararas\u0131 \u00d6d\u00fcl\u00fc\u2019n\u00fc kazanan ilk Arap\u00e7a roman olan Dolunay Kad\u0131nlar\u0131, Jokha Alharthi\u2019nin uluslararas\u0131 arenadaki varl\u0131\u011f\u0131na i\u015faret ediyor.\u201cAkl\u0131 da kalbi de ele ge\u00e7iren bir roman\u2026 Yazar\u0131n titizlikle i\u015flenmi\u015f sanat\u0131, okuru zengin bir hayal d\u00fcnyas\u0131na davet ediyor \u2013 zaman ve \u00f6l\u00fcmle ilgili derin sorular\u0131 ve ortak tarihimizin rahats\u0131z edici y\u00f6nlerini ele al\u0131yor. Irk, k\u00f6lelik ve cinsiyet gibi toplumsal kli\u015felere direnirken, \u00fcslubunu bir metafor olarak ustaca kullan\u0131yor. Dolunay Kad\u0131nlar\u0131, bizi k\u0131s\u0131tlayan ve \u00f6zg\u00fcrle\u015ftiren g\u00fc\u00e7ler \u00fczerine d\u00fc\u015f\u00fcnmemiz i\u00e7in \u00e7a\u011fr\u0131da bulunuyor.\u201d \u2015Bettany Hughes, 2019 Booker Uluslararas\u0131 \u00d6d\u00fcl\u00fc j\u00fcri ba\u015fkan\u0131\u201cBu roman\u0131n ba\u015far\u0131s\u0131, toplumsal de\u011fi\u015fimi eskiden yeniye istikrarl\u0131 bir ilerleyi\u015f olarak g\u00f6stermekten ziyade \u00e7ok daha karma\u015f\u0131k ve ufak \u00e7aptaki ge\u00e7i\u015fler dizisi olarak yans\u0131tmas\u0131nda yat\u0131yor. \u0130nsana dair m\u00fccadeleler ve \u00e7eli\u015fkilerle dolu, Umman tarihine b\u00fcy\u00fcleyici bir bak\u0131\u015fa olanak sa\u011flayan zengin, katmanl\u0131 ve iddial\u0131 bir \u00e7al\u0131\u015fma.\u201d \u2015Kirkus Reviews\u201cDolunay Kad\u0131nlar\u0131\u2019n\u0131n ku\u015faklara yay\u0131lan bir roman oldu\u011funu s\u00f6ylemek Alharthi&#8217;nin yapt\u0131klar\u0131n\u0131 basitle\u015ftirir. Hik\u00e2ye ayn\u0131 zamanda ge\u00e7en y\u00fczy\u0131lda geleneksel, k\u0131rsal ve ataerkil Umman toplumunun nas\u0131l de\u011fi\u015fti\u011fini ve d\u00fcnyada k\u00f6leli\u011fi kald\u0131ran son \u00fclkelerden birinin \u015fehirli, petrol zengini bir K\u00f6rfez devletine nas\u0131l d\u00f6n\u00fc\u015ft\u00fc\u011f\u00fcn\u00fc resmediyor. Yazar bunu sesten sese, d\u00fc\u015f\u00fcnceden d\u00fc\u015f\u00fcnceye, on y\u0131ldan on y\u0131la, bazen tek paragraf bazense bir c\u00fcmle i\u00e7inde de\u011fi\u015fen bir bi\u00e7emle yap\u0131yor.\u201d \u2015Aida Edemariam, The Guardian<\/p>\n","protected":false},"excerpt":{"rendered":"<p>Umman&#8217;\u0131n bir k\u00f6y\u00fcnden \u00fc\u00e7 k\u0131z karde\u015fin hik\u00e2yesi bu: K\u0131r\u0131k bir kalple evlenen Meyye, bir g\u00f6revi yerine getirircesine evlenen Esma, her \u015feye ra\u011fmen sevdi\u011fi adamla evlenmeyi se\u00e7en<span class=\"excerpt-hellip\"> [\u2026]<\/span><\/p>\n","protected":false},"featured_media":0,"template":"","meta":{"_monsterinsights_skip_tracking":false,"_monsterinsights_sitenote_active":false,"_monsterinsights_sitenote_note":"","_monsterinsights_sitenote_category":0},"product_brand":[],"product_cat":[12291,12711],"product_tag":[],"class_list":{"0":"post-729283","1":"product","2":"type-product","3":"status-publish","5":"product_cat-edebiyat","6":"product_cat-roman-oyku","7":"pa_cilt-ciltsiz","8":"pa_tur-kitap","9":"pa_yayinevi-timas-yayinlari","10":"pa_yazar-jokha-alharthi","12":"first","13":"instock","14":"sale","15":"shipping-taxable","16":"purchasable","17":"product-type-simple"},"_links":{"self":[{"href":"https:\/\/roveyayinevi.com.tr\/index.php\/wp-json\/wp\/v2\/product\/729283","targetHints":{"allow":["GET"]}}],"collection":[{"href":"https:\/\/roveyayinevi.com.tr\/index.php\/wp-json\/wp\/v2\/product"}],"about":[{"href":"https:\/\/roveyayinevi.com.tr\/index.php\/wp-json\/wp\/v2\/types\/product"}],"wp:attachment":[{"href":"https:\/\/roveyayinevi.com.tr\/index.php\/wp-json\/wp\/v2\/media?parent=729283"}],"wp:term":[{"taxonomy":"product_brand","embeddable":true,"href":"https:\/\/roveyayinevi.com.tr\/index.php\/wp-json\/wp\/v2\/product_brand?post=729283"},{"taxonomy":"product_cat","embeddable":true,"href":"https:\/\/roveyayinevi.com.tr\/index.php\/wp-json\/wp\/v2\/product_cat?post=729283"},{"taxonomy":"product_tag","embeddable":true,"href":"https:\/\/roveyayinevi.com.tr\/index.php\/wp-json\/wp\/v2\/product_tag?post=729283"}],"curies":[{"name":"wp","href":"https:\/\/api.w.org\/{rel}","templated":true}]}}