{"id":729269,"date":"2025-08-27T20:53:23","date_gmt":"2025-08-27T17:53:23","guid":{"rendered":"https:\/\/roveyayinevi.com.tr\/index.php\/urun\/zulu-bir-madagaskar-macerasi-humaros-gezegeninde-canli-yayin-4\/"},"modified":"2026-04-16T02:37:05","modified_gmt":"2026-04-15T23:37:05","slug":"zulu-bir-madagaskar-macerasi-humaros-gezegeninde-canli-yayin-4","status":"publish","type":"product","link":"https:\/\/roveyayinevi.com.tr\/index.php\/urun\/zulu-bir-madagaskar-macerasi-humaros-gezegeninde-canli-yayin-4\/","title":{"rendered":"Zulu &#8211; Bir Madagaskar Maceras\u0131 &#8211; Humaros Gezegeninde Canl\u0131 Yay\u0131n 4"},"content":{"rendered":"<p>Gezegenlerinde hi\u00e7 a\u011fa\u00e7 olmayan uzayl\u0131lar, Mosi\u2019yi ve di\u011fer a\u011fa\u00e7lar\u0131 kesip kendi gezegenlerine g\u00f6t\u00fcrmek i\u00e7in d\u00fcnyaya geldiler.Ancak baltay\u0131 a\u011faca vuracakken, ta\u015fa vurdular. Uzayl\u0131lara dersini veren Zulu ve arkada\u015flar\u0131, onlar\u0131 gezegenlerine yolcu etmek istedi. Bu s\u0131rada Ayo, uzay gemisinin d\u00fc\u011fmelerinden birine bast\u0131 ve olanlar oldu. Zulu ve arkada\u015flar\u0131, uzayl\u0131larla birlikte Humaros Gezegeni\u2019ne do\u011fru yola \u00e7\u0131kt\u0131lar. Humaros\u2019ta bu kez onlar \u2018uzayl\u0131\u2019 oldular. Uzayl\u0131 bir gazetecinin canl\u0131 yay\u0131n\u0131nda kendilerine sorulan sorular\u0131 yan\u0131tlarken ak\u0131llar\u0131na ba\u015fka sorular d\u00fc\u015ft\u00fc:T\u00fcr\u00fcm\u00fcz, \u015feklimiz, gezegenimiz farkl\u0131 olsa da t\u00fcm canl\u0131lar\u0131n ortak bir noktas\u0131 var m\u0131yd\u0131?B\u00fct\u00fcn canl\u0131lar sevmeye, sevilmeye ihtiya\u00e7 duyar m\u0131yd\u0131?Birbirimizi sevmek i\u00e7in birbirimize benzememiz gerekiyor muydu?Zulu\u2019nun ve arkada\u015flar\u0131n\u0131n Humaros Gezegeni\u2019ndeki e\u011flenceli maceras\u0131n\u0131 okumaya, \u015fark\u0131lar\u0131yla dans etmeye haz\u0131r m\u0131s\u0131n\u0131z?<\/p>\n","protected":false},"excerpt":{"rendered":"<p>Gezegenlerinde hi\u00e7 a\u011fa\u00e7 olmayan uzayl\u0131lar, Mosi\u2019yi ve di\u011fer a\u011fa\u00e7lar\u0131 kesip kendi gezegenlerine g\u00f6t\u00fcrmek i\u00e7in d\u00fcnyaya geldiler.Ancak baltay\u0131 a\u011faca vuracakken, ta\u015fa vurdular. Uzayl\u0131lara dersini veren Zulu ve<span class=\"excerpt-hellip\"> [\u2026]<\/span><\/p>\n","protected":false},"featured_media":0,"template":"","meta":{"_monsterinsights_skip_tracking":false,"_monsterinsights_sitenote_active":false,"_monsterinsights_sitenote_note":"","_monsterinsights_sitenote_category":0},"product_brand":[],"product_cat":[12275,12274],"product_tag":[],"class_list":{"0":"post-729269","1":"product","2":"type-product","3":"status-publish","5":"product_cat-6-12-yas-kitaplari","6":"product_cat-cocuk-ve-genclik-kitaplari","7":"pa_cilt-ciltsiz","8":"pa_tur-kitap","9":"pa_yayinevi-timas-cocuk","10":"pa_yazar-omur-uzel","12":"first","13":"instock","14":"sale","15":"shipping-taxable","16":"purchasable","17":"product-type-simple"},"_links":{"self":[{"href":"https:\/\/roveyayinevi.com.tr\/index.php\/wp-json\/wp\/v2\/product\/729269","targetHints":{"allow":["GET"]}}],"collection":[{"href":"https:\/\/roveyayinevi.com.tr\/index.php\/wp-json\/wp\/v2\/product"}],"about":[{"href":"https:\/\/roveyayinevi.com.tr\/index.php\/wp-json\/wp\/v2\/types\/product"}],"wp:attachment":[{"href":"https:\/\/roveyayinevi.com.tr\/index.php\/wp-json\/wp\/v2\/media?parent=729269"}],"wp:term":[{"taxonomy":"product_brand","embeddable":true,"href":"https:\/\/roveyayinevi.com.tr\/index.php\/wp-json\/wp\/v2\/product_brand?post=729269"},{"taxonomy":"product_cat","embeddable":true,"href":"https:\/\/roveyayinevi.com.tr\/index.php\/wp-json\/wp\/v2\/product_cat?post=729269"},{"taxonomy":"product_tag","embeddable":true,"href":"https:\/\/roveyayinevi.com.tr\/index.php\/wp-json\/wp\/v2\/product_tag?post=729269"}],"curies":[{"name":"wp","href":"https:\/\/api.w.org\/{rel}","templated":true}]}}