{"id":729266,"date":"2025-08-27T20:53:20","date_gmt":"2025-08-27T17:53:20","guid":{"rendered":"https:\/\/roveyayinevi.com.tr\/index.php\/urun\/akilalmaz-yapilar\/"},"modified":"2026-04-16T02:37:05","modified_gmt":"2026-04-15T23:37:05","slug":"akilalmaz-yapilar","status":"publish","type":"product","link":"https:\/\/roveyayinevi.com.tr\/index.php\/urun\/akilalmaz-yapilar\/","title":{"rendered":"Ak\u0131lalmaz Yap\u0131lar"},"content":{"rendered":"<p>En y\u00fcksek bina rekorunu kim k\u0131racak? \u00d6nce \u00e7amurdan evler yap\u0131ld\u0131&#8230; Ama bunlar ya\u011fmur ya\u011fd\u0131\u011f\u0131nda y\u0131k\u0131ld\u0131lar. Sonra mimarlar \u00e7\u0131lg\u0131na d\u00f6nd\u00fc; y\u0131k\u0131lmak i\u00e7in dikilmi\u015f olan tap\u0131na\u011f\u0131, ta\u015ftan yap\u0131lm\u0131\u015f sallanan \u015fatoyu ve koca otoparkl\u0131 i\u015f merkezlerini in\u015fa ettiler. \u015eimdi ise s\u0131n\u0131rlar\u0131 g\u00f6ky\u00fcz\u00fc. Bu ak\u0131l kar\u0131\u015ft\u0131ran rehber \u015fa\u015fk\u0131n mimarlar ve ka\u00e7\u0131k in\u015faat\u00e7\u0131lar \u00fczerindeki pencereyi a\u00e7\u0131yor. Big Ben&#8217;i satarak kend toprak y\u0131\u011f\u0131n\u0131n\u0131 in\u015fa eden \u00fc\u00e7k\u00e2\u011f\u0131t\u00e7\u0131 ve kendi binas\u0131 i\u00e7inde kaybolan mimar ile tan\u0131\u015f\u0131n. Aynalarda olu\u015fan bir evi gezin. Ayaklar\u0131n\u0131n alt\u0131nda kap\u0131 duran bir kad\u0131nla ve buzdan yap\u0131lm\u0131\u015f \u015fato ile kar\u015f\u0131la\u015f\u0131n. Ve kendi g\u00f6kdeleninizi in\u015fa edin.<\/p>\n","protected":false},"excerpt":{"rendered":"<p>En y\u00fcksek bina rekorunu kim k\u0131racak? \u00d6nce \u00e7amurdan evler yap\u0131ld\u0131&#8230; Ama bunlar ya\u011fmur ya\u011fd\u0131\u011f\u0131nda y\u0131k\u0131ld\u0131lar. Sonra mimarlar \u00e7\u0131lg\u0131na d\u00f6nd\u00fc; y\u0131k\u0131lmak i\u00e7in dikilmi\u015f olan tap\u0131na\u011f\u0131, ta\u015ftan yap\u0131lm\u0131\u015f<span class=\"excerpt-hellip\"> [\u2026]<\/span><\/p>\n","protected":false},"featured_media":0,"template":"","meta":{"_monsterinsights_skip_tracking":false,"_monsterinsights_sitenote_active":false,"_monsterinsights_sitenote_note":"","_monsterinsights_sitenote_category":0},"product_brand":[],"product_cat":[12274,12649],"product_tag":[],"class_list":{"0":"post-729266","1":"product","2":"type-product","3":"status-publish","5":"product_cat-cocuk-ve-genclik-kitaplari","6":"product_cat-hobi-muzik","7":"pa_cilt-ciltsiz","8":"pa_tur-kitap","9":"pa_yayinevi-eglenceli-bilgi-yayinlari","10":"pa_yazar-michael-cox","12":"first","13":"instock","14":"sale","15":"shipping-taxable","16":"purchasable","17":"product-type-simple"},"_links":{"self":[{"href":"https:\/\/roveyayinevi.com.tr\/index.php\/wp-json\/wp\/v2\/product\/729266","targetHints":{"allow":["GET"]}}],"collection":[{"href":"https:\/\/roveyayinevi.com.tr\/index.php\/wp-json\/wp\/v2\/product"}],"about":[{"href":"https:\/\/roveyayinevi.com.tr\/index.php\/wp-json\/wp\/v2\/types\/product"}],"wp:attachment":[{"href":"https:\/\/roveyayinevi.com.tr\/index.php\/wp-json\/wp\/v2\/media?parent=729266"}],"wp:term":[{"taxonomy":"product_brand","embeddable":true,"href":"https:\/\/roveyayinevi.com.tr\/index.php\/wp-json\/wp\/v2\/product_brand?post=729266"},{"taxonomy":"product_cat","embeddable":true,"href":"https:\/\/roveyayinevi.com.tr\/index.php\/wp-json\/wp\/v2\/product_cat?post=729266"},{"taxonomy":"product_tag","embeddable":true,"href":"https:\/\/roveyayinevi.com.tr\/index.php\/wp-json\/wp\/v2\/product_tag?post=729266"}],"curies":[{"name":"wp","href":"https:\/\/api.w.org\/{rel}","templated":true}]}}