{"id":729264,"date":"2025-08-27T20:53:18","date_gmt":"2025-08-27T17:53:18","guid":{"rendered":"https:\/\/roveyayinevi.com.tr\/index.php\/urun\/baliklarin-bildikleri\/"},"modified":"2026-04-16T02:37:05","modified_gmt":"2026-04-15T23:37:05","slug":"baliklarin-bildikleri","status":"publish","type":"product","link":"https:\/\/roveyayinevi.com.tr\/index.php\/urun\/baliklarin-bildikleri\/","title":{"rendered":"Bal\u0131klar\u0131n Bildikleri"},"content":{"rendered":"<p>\u201cBal\u0131k d\u00fc\u015f\u00fcnmez, o her \u015feyi zaten bilir.\u201d B\u00f6yle der Rus yazar Platonov bir roman\u0131nda. \u00d6te yandan bal\u0131klar\u0131n bitkilerden hallice oldu\u011fu d\u00fc\u015f\u00fcn\u00fcl\u00fcr genelde. Sular\u0131n bu sessiz sakinlerini \u201cs\u00fcs\u201d olarak akvaryumlara koyar, \u201ce\u011flence\u201d olsun diye avlar\u0131z. Haf\u0131zalar\u0131n\u0131n \u00fc\u00e7 saniyeyle s\u0131n\u0131rl\u0131 oldu\u011funu ve ac\u0131 \u00e7ekmediklerini d\u00fc\u015f\u00fcn\u00fcr, onlara reva g\u00f6rd\u00fc\u011f\u00fcm\u00fcz muameleye pek kafa yormay\u0131z. Bal\u0131klar\u0131n Bildikleri\u2019nde etolog Jonathan Balcombe, son zamanlarda artan bal\u0131k ara\u015ft\u0131rmalar\u0131n\u0131n yan\u0131 s\u0131ra kendi deneyimlerine dayanarak, \u00e7o\u011fumuzun akl\u0131ndaki bal\u0131k imaj\u0131n\u0131 alt\u00fcst eden bir tablo \u00e7iziyor. Yayg\u0131n varsay\u0131mlar\u0131n aksine, bal\u0131klar\u0131n \u201csadece hissetmekle kalmay\u0131p ayn\u0131 zamanda \u00e7evrelerinin fark\u0131nda olan, ileti\u015fim kuran, sosyalle\u015fen, alet kullanan, erdemli, hatta entrikac\u0131 canl\u0131lar\u201d olduklar\u0131n\u0131 g\u00f6zler \u00f6n\u00fcne seriyor ve her biri ayr\u0131 bir birey olan bu hayvanlar\u0131 \u201cahlaki kayg\u0131 \u00e7emberimizin d\u0131\u015f\u0131na s\u00fcrme e\u011filimimizi\u201d sorgulamam\u0131z gerekti\u011fini vurguluyor. Bal\u0131klar neler g\u00f6r\u00fcr ve duyar? Birbirlerini nas\u0131l tan\u0131rlar? \u0130nsanlar\u0131 da tan\u0131yabilirler mi? Ac\u0131 ve sevin\u00e7 hissederler mi? Ki\u015filikleri var m\u0131d\u0131r? Zek\u00e2 gerektiren i\u015flerde performanslar\u0131 nas\u0131ld\u0131r? Neler \u00f6\u011frenebilir ve \u00f6\u011frendiklerini ne kadar s\u00fcre hat\u0131rlayabilirler? Nas\u0131l i\u015fbirli\u011fi yapar, hangi toplumsal kurallar\u0131 ve hiyerar\u015fileri g\u00f6zetirler? Yavrular\u0131n\u0131 korumak i\u00e7in hangi yarat\u0131c\u0131 y\u00f6ntemlerden faydalan\u0131r ve cinsiyetler aras\u0131nda nas\u0131l bir i\u015fb\u00f6l\u00fcm\u00fc yaparlar? Kendi \u201ck\u00fclt\u00fcrleri\u201d var m\u0131d\u0131r? Bu sorular\u0131n ve daha nicelerinin cevaplar\u0131n\u0131 merak eden okurlar\u0131m\u0131z\u0131, nefeslerini tutup bal\u0131klar\u0131n renkli d\u00fcnyas\u0131na dalmaya davet ediyoruz! <\/p>\n","protected":false},"excerpt":{"rendered":"<p>\u201cBal\u0131k d\u00fc\u015f\u00fcnmez, o her \u015feyi zaten bilir.\u201d B\u00f6yle der Rus yazar Platonov bir roman\u0131nda. \u00d6te yandan bal\u0131klar\u0131n bitkilerden hallice oldu\u011fu d\u00fc\u015f\u00fcn\u00fcl\u00fcr genelde. Sular\u0131n bu sessiz sakinlerini<span class=\"excerpt-hellip\"> [\u2026]<\/span><\/p>\n","protected":false},"featured_media":0,"template":"","meta":{"_monsterinsights_skip_tracking":false,"_monsterinsights_sitenote_active":false,"_monsterinsights_sitenote_note":"","_monsterinsights_sitenote_category":0},"product_brand":[],"product_cat":[13005,37328],"product_tag":[],"class_list":{"0":"post-729264","1":"product","2":"type-product","3":"status-publish","5":"product_cat-bilim-muhendislik","6":"product_cat-diger-bilim-muhendislik","7":"pa_cilt-ciltsiz","8":"pa_tur-kitap","9":"pa_yayinevi-metis-yayinlari","10":"pa_yazar-jonathan-balcombe","12":"first","13":"instock","14":"sale","15":"shipping-taxable","16":"purchasable","17":"product-type-simple"},"_links":{"self":[{"href":"https:\/\/roveyayinevi.com.tr\/index.php\/wp-json\/wp\/v2\/product\/729264","targetHints":{"allow":["GET"]}}],"collection":[{"href":"https:\/\/roveyayinevi.com.tr\/index.php\/wp-json\/wp\/v2\/product"}],"about":[{"href":"https:\/\/roveyayinevi.com.tr\/index.php\/wp-json\/wp\/v2\/types\/product"}],"wp:attachment":[{"href":"https:\/\/roveyayinevi.com.tr\/index.php\/wp-json\/wp\/v2\/media?parent=729264"}],"wp:term":[{"taxonomy":"product_brand","embeddable":true,"href":"https:\/\/roveyayinevi.com.tr\/index.php\/wp-json\/wp\/v2\/product_brand?post=729264"},{"taxonomy":"product_cat","embeddable":true,"href":"https:\/\/roveyayinevi.com.tr\/index.php\/wp-json\/wp\/v2\/product_cat?post=729264"},{"taxonomy":"product_tag","embeddable":true,"href":"https:\/\/roveyayinevi.com.tr\/index.php\/wp-json\/wp\/v2\/product_tag?post=729264"}],"curies":[{"name":"wp","href":"https:\/\/api.w.org\/{rel}","templated":true}]}}