{"id":729247,"date":"2025-08-27T20:53:02","date_gmt":"2025-08-27T17:53:02","guid":{"rendered":"https:\/\/roveyayinevi.com.tr\/index.php\/urun\/doktor-civanim\/"},"modified":"2026-04-16T02:37:04","modified_gmt":"2026-04-15T23:37:04","slug":"doktor-civanim","status":"publish","type":"product","link":"https:\/\/roveyayinevi.com.tr\/index.php\/urun\/doktor-civanim\/","title":{"rendered":"Doktor Civan\u0131m"},"content":{"rendered":"<p>Bildik sand\u0131\u011f\u0131m\u0131z; \u00f6z\u00fcnde hep uzak, hep ayr\u0131 kald\u0131\u011f\u0131m\u0131z bir d\u00fcnya\u2026   Ameliyathanelerde, yo\u011fun bak\u0131mlarda, ilkyard\u0131mlarda, curcuna i\u00e7indeki poliklinik koridorlar\u0131nda sesleri duyulamayan y\u00fcrek vuru\u015flar\u0131\u2026   Kurtarmaya \u00e7al\u0131\u015f\u0131rken t\u00fckenenlerin d\u00fcnyas\u0131\u2026A\u00e7l\u0131k susuzluk dinlemeden sabahlayanlar; haftalarca, aylarca evinden, \u00e7oluk \u00e7ocu\u011fundan, sevdiklerinden ayr\u0131 kalanlar\u2026   Hi\u00e7 tan\u0131mad\u0131\u011f\u0131 hemcinsleri i\u00e7in kendi sa\u011fl\u0131\u011f\u0131n\u0131 hi\u00e7 sayanlar, sessiz bir y\u0131ld\u0131z gibi karanl\u0131\u011fa kayanlar\u2026   Cana can katarken sararan foto\u011fraflar; tarihin ve hayat\u0131n nank\u00f6r lo\u015fluklar\u0131nda solanlar\u2026   Ne alk\u0131\u015f, ne verilecek \u00fc\u00e7 kuru\u015f s\u00f6nd\u00fcremez onlar\u0131n y\u00fcrek yang\u0131nlar\u0131n\u0131; dolduramaz geride kalan bo\u015fluklar\u0131n\u0131\u2026   Kulak verelim hele, bir dinleyelim, ge\u00e7mi\u015ften bug\u00fcne, bug\u00fcnden gelece\u011fe\u2026   Sa\u011fl\u0131\u011f\u0131n ve sa\u011fl\u0131k u\u011fra\u015f\u0131n\u0131n o \u00f6teki y\u00fcz\u00fc\u2026 G\u00f6\u011f\u00fcs etlerinde hep insan resmi i\u011fneli; ak \u00f6nl\u00fcklerin \u00f6yk\u00fcs\u00fc\u2026 <\/p>\n","protected":false},"excerpt":{"rendered":"<p>Bildik sand\u0131\u011f\u0131m\u0131z; \u00f6z\u00fcnde hep uzak, hep ayr\u0131 kald\u0131\u011f\u0131m\u0131z bir d\u00fcnya\u2026 Ameliyathanelerde, yo\u011fun bak\u0131mlarda, ilkyard\u0131mlarda, curcuna i\u00e7indeki poliklinik koridorlar\u0131nda sesleri duyulamayan y\u00fcrek vuru\u015flar\u0131\u2026 Kurtarmaya \u00e7al\u0131\u015f\u0131rken t\u00fckenenlerin d\u00fcnyas\u0131\u2026A\u00e7l\u0131k<span class=\"excerpt-hellip\"> [\u2026]<\/span><\/p>\n","protected":false},"featured_media":0,"template":"","meta":{"_monsterinsights_skip_tracking":false,"_monsterinsights_sitenote_active":false,"_monsterinsights_sitenote_note":"","_monsterinsights_sitenote_category":0},"product_brand":[],"product_cat":[12274,12523],"product_tag":[],"class_list":{"0":"post-729247","1":"product","2":"type-product","3":"status-publish","5":"product_cat-cocuk-ve-genclik-kitaplari","6":"product_cat-masallar","7":"pa_cilt-ciltsiz","8":"pa_tur-kitap","9":"pa_yayinevi-abis-yayincilik","10":"pa_yazar-alper-akcam","12":"first","13":"instock","14":"sale","15":"shipping-taxable","16":"purchasable","17":"product-type-simple"},"_links":{"self":[{"href":"https:\/\/roveyayinevi.com.tr\/index.php\/wp-json\/wp\/v2\/product\/729247","targetHints":{"allow":["GET"]}}],"collection":[{"href":"https:\/\/roveyayinevi.com.tr\/index.php\/wp-json\/wp\/v2\/product"}],"about":[{"href":"https:\/\/roveyayinevi.com.tr\/index.php\/wp-json\/wp\/v2\/types\/product"}],"wp:attachment":[{"href":"https:\/\/roveyayinevi.com.tr\/index.php\/wp-json\/wp\/v2\/media?parent=729247"}],"wp:term":[{"taxonomy":"product_brand","embeddable":true,"href":"https:\/\/roveyayinevi.com.tr\/index.php\/wp-json\/wp\/v2\/product_brand?post=729247"},{"taxonomy":"product_cat","embeddable":true,"href":"https:\/\/roveyayinevi.com.tr\/index.php\/wp-json\/wp\/v2\/product_cat?post=729247"},{"taxonomy":"product_tag","embeddable":true,"href":"https:\/\/roveyayinevi.com.tr\/index.php\/wp-json\/wp\/v2\/product_tag?post=729247"}],"curies":[{"name":"wp","href":"https:\/\/api.w.org\/{rel}","templated":true}]}}