{"id":729243,"date":"2025-08-27T20:52:58","date_gmt":"2025-08-27T17:52:58","guid":{"rendered":"https:\/\/roveyayinevi.com.tr\/index.php\/urun\/kutsal-cehalet\/"},"modified":"2026-04-16T02:37:04","modified_gmt":"2026-04-15T23:37:04","slug":"kutsal-cehalet","status":"publish","type":"product","link":"https:\/\/roveyayinevi.com.tr\/index.php\/urun\/kutsal-cehalet\/","title":{"rendered":"Kutsal Cehalet"},"content":{"rendered":"<p>\u201cOnlar\u0131n kirletti\u011fi suda k\u0131z \u00e7ocuklar\u0131 y\u0131kan\u0131yordu\u201dEngizisyon\u2019un, kurumsal kimli\u011finden s\u0131yr\u0131l\u0131p zihinlere s\u0131zmad\u0131\u011f\u0131n\u0131 m\u0131 san\u0131yorsunuz? Ya da \u0130stanbul\u2019a hi\u00e7 u\u011framad\u0131\u011f\u0131n\u0131?.. E\u011fer \u00f6yleyse, yan\u0131l\u0131yorsunuz!.. Farkl\u0131 \u00e7a\u011flardan, farkl\u0131 co\u011frafyalardan, farkl\u0131 hayatlardan s\u00fcz\u00fcl\u00fcp gelerek karanl\u0131\u011fa kar\u015f\u0131 sava\u015fan iki kahraman\u2026 Orta\u00e7a\u011fda bir rahibin, iktidar sarho\u015flu\u011fu ya\u015fayan kiliseye kar\u015f\u0131 verdi\u011fi sava\u015f, 2018 \u0130stanbul\u2019unda Cinci Hoca\u2019n\u0131n kar\u0131s\u0131 Hanife\u2019ye \u0131\u015f\u0131k tutup ona yol g\u00f6sterecek. Yollar\u0131 Sonuncu K\u00f6y\u2019de kesi\u015fen bu ikilinin hik\u00e2yesi, ayd\u0131nl\u0131k g\u00fcnlere olan inanc\u0131n\u0131z\u0131 art\u0131rarak umutlar\u0131n\u0131z\u0131 yeniden ye\u015fertecek. Yeter ki y\u00fcz\u00fcn\u00fcz\u00fc ayd\u0131nl\u0131\u011fa d\u00f6n\u00fcn..<\/p>\n","protected":false},"excerpt":{"rendered":"<p>\u201cOnlar\u0131n kirletti\u011fi suda k\u0131z \u00e7ocuklar\u0131 y\u0131kan\u0131yordu\u201dEngizisyon\u2019un, kurumsal kimli\u011finden s\u0131yr\u0131l\u0131p zihinlere s\u0131zmad\u0131\u011f\u0131n\u0131 m\u0131 san\u0131yorsunuz? Ya da \u0130stanbul\u2019a hi\u00e7 u\u011framad\u0131\u011f\u0131n\u0131?.. E\u011fer \u00f6yleyse, yan\u0131l\u0131yorsunuz!.. Farkl\u0131 \u00e7a\u011flardan, farkl\u0131 co\u011frafyalardan, farkl\u0131<span class=\"excerpt-hellip\"> [\u2026]<\/span><\/p>\n","protected":false},"featured_media":0,"template":"","meta":{"_monsterinsights_skip_tracking":false,"_monsterinsights_sitenote_active":false,"_monsterinsights_sitenote_note":"","_monsterinsights_sitenote_category":0},"product_brand":[],"product_cat":[12291,14777],"product_tag":[],"class_list":{"0":"post-729243","1":"product","2":"type-product","3":"status-publish","5":"product_cat-edebiyat","6":"product_cat-fantastik","7":"pa_cilt-ciltsiz","8":"pa_tur-kitap","9":"pa_yayinevi-dark-istanbul-yayinlari","10":"pa_yazar-askin-zengin-akkus","12":"first","13":"instock","14":"sale","15":"shipping-taxable","16":"purchasable","17":"product-type-simple"},"_links":{"self":[{"href":"https:\/\/roveyayinevi.com.tr\/index.php\/wp-json\/wp\/v2\/product\/729243","targetHints":{"allow":["GET"]}}],"collection":[{"href":"https:\/\/roveyayinevi.com.tr\/index.php\/wp-json\/wp\/v2\/product"}],"about":[{"href":"https:\/\/roveyayinevi.com.tr\/index.php\/wp-json\/wp\/v2\/types\/product"}],"wp:attachment":[{"href":"https:\/\/roveyayinevi.com.tr\/index.php\/wp-json\/wp\/v2\/media?parent=729243"}],"wp:term":[{"taxonomy":"product_brand","embeddable":true,"href":"https:\/\/roveyayinevi.com.tr\/index.php\/wp-json\/wp\/v2\/product_brand?post=729243"},{"taxonomy":"product_cat","embeddable":true,"href":"https:\/\/roveyayinevi.com.tr\/index.php\/wp-json\/wp\/v2\/product_cat?post=729243"},{"taxonomy":"product_tag","embeddable":true,"href":"https:\/\/roveyayinevi.com.tr\/index.php\/wp-json\/wp\/v2\/product_tag?post=729243"}],"curies":[{"name":"wp","href":"https:\/\/api.w.org\/{rel}","templated":true}]}}