{"id":729239,"date":"2025-08-27T20:52:55","date_gmt":"2025-08-27T17:52:55","guid":{"rendered":"https:\/\/roveyayinevi.com.tr\/index.php\/urun\/ulusal-uluslararasi-ve-kuresel-olcekte-finans-uygulamalari\/"},"modified":"2026-04-16T02:37:04","modified_gmt":"2026-04-15T23:37:04","slug":"ulusal-uluslararasi-ve-kuresel-olcekte-finans-uygulamalari","status":"publish","type":"product","link":"https:\/\/roveyayinevi.com.tr\/index.php\/urun\/ulusal-uluslararasi-ve-kuresel-olcekte-finans-uygulamalari\/","title":{"rendered":"Ulusal, Uluslararas\u0131 ve K\u00fcresel \u00d6l\u00e7ekte Finans Uygulamalar\u0131"},"content":{"rendered":"<p>\u0130\u00e7indekiler Risk-Adjusted Performance of Mutual Funds, Evidence from Bursa   Green Bonds as Investment Vehicle: An Empirical Analysis   Merkez Bankas\u0131 Dijital Paras\u0131: Gelece\u011fin Paras\u0131 (m\u0131?)   Kripto Para Piyasas\u0131nda Asimetrik Nedensellik \u0130li\u015fkisi: BTC, ETH, XRP, LTC \u00d6rne\u011fi   Geli\u015fmi\u015f ve Y\u00fckselen Piyasa Para Birimleri Ba\u011flant\u0131l\u0131l\u0131\u011f\u0131: Yay\u0131l\u0131m Endeksi Yakla\u015f\u0131m\u0131   Makroekonomik G\u00f6stergelerin Sermaye Piyasas\u0131 Geli\u015fmi\u015fli\u011fi \u00dczerindeki Etkisi: Yeni Sanayile\u015fen \u00dclkelerde Bir Uygulama D\u00f6viz Kuru Oynakl\u0131\u011f\u0131 ve Para Arz\u0131 Aras\u0131ndaki \u0130li\u015fki: Geli\u015fmekte Olan \u00dclkeler \u00dczerine Bir \u00c7al\u0131\u015fma   \u0130slami Finans Endeksi: Uluslararas\u0131 Bir S\u0131ralama   \u0130slami Bankac\u0131l\u0131\u011f\u0131n Gelir E\u015fitsizli\u011fi \u00dczerindeki Etkisi   Bireylerin Kat\u0131l\u0131m Bankac\u0131l\u0131\u011f\u0131( \u0130slami Bankac\u0131l\u0131k) Tercihlerini Etkileyen Fakt\u00f6rler   Kat\u0131l\u0131m Banka \u00c7al\u0131\u015fanlar\u0131n\u0131n Finansal \u0130yilik Hali Finansal Okuryazarl\u0131k ve Sat\u0131n Alma Davran\u0131\u015f\u0131nda Nas\u0131l Rol Oynar?   Bankalar\u0131n Finansal Ba\u015far\u0131lar\u0131n\u0131n \u00d6l\u00e7\u00fclmesi \u00dczerine CRITIC Temelli ARAS ve COPRAS Y\u00f6ntemleri ile Kar\u015f\u0131la\u015ft\u0131rmal\u0131 Bir Analiz   Ulusal ve Uluslararas\u0131 Faiz Karar\u0131 Duyurular\u0131n\u0131n Borsa Endeksleri Volatilitesine Olan Etkisi   T\u00fcrkiye\u2019de Bankac\u0131l\u0131k A\u00e7\u0131s\u0131ndan Piyasa Disiplini   T\u00fcrk Bankac\u0131l\u0131k Sekt\u00f6r\u00fcnde Likidite Tamponlar\u0131n\u0131n Belirleyicileri   K\u00fcresel Finansal Kriz Sonras\u0131 Banka Karl\u0131l\u0131\u011f\u0131n\u0131n \u0130\u00e7sel Belirleyicileri: T\u00fcrk Mevduat Bankalar\u0131 \u00dczerine Bir Ara\u015ft\u0131rma   Finansal Kuznets E\u011frisi \u0130li\u015fkisinin Analizi: T\u00fcrkiye \u00d6rne\u011fi   Y\u00f6netim Kurulu Kalite Endeksi ve Finansal Performans \u0130li\u015fkisi   Marka De\u011feri ile ili\u015fkili \u00d6l\u00e7\u00fctlerin Belirlenmesine Y\u00f6nelik Bir Analiz: Brand Finance Turkey \u00d6rne\u011fi   Firmalar\u0131n \u0130flas Etme Riskleri ve Halka A\u00e7\u0131kl\u0131k Oranlar\u0131 Aras\u0131ndaki \u0130li\u015fki: Borsa \u0130stanbul \u00d6rne\u011fi   \u0130\u015fletme Sermayesinin Etkinli\u011finin \u00d6l\u00e7\u00fclmesi ve B\u0130ST\u2019de Bir Uygulama   Portf\u00f6y Optimizasyon Kodlamas\u0131: Pseudo Kodla Excel Uygulamas\u0131 <\/p>\n","protected":false},"excerpt":{"rendered":"<p>\u0130\u00e7indekiler Risk-Adjusted Performance of Mutual Funds, Evidence from Bursa Green Bonds as Investment Vehicle: An Empirical Analysis Merkez Bankas\u0131 Dijital Paras\u0131: Gelece\u011fin Paras\u0131 (m\u0131?) Kripto Para<span class=\"excerpt-hellip\"> [\u2026]<\/span><\/p>\n","protected":false},"featured_media":0,"template":"","meta":{"_monsterinsights_skip_tracking":false,"_monsterinsights_sitenote_active":false,"_monsterinsights_sitenote_note":"","_monsterinsights_sitenote_category":0},"product_brand":[],"product_cat":[17249,13043],"product_tag":[],"class_list":{"0":"post-729239","1":"product","2":"type-product","3":"status-publish","5":"product_cat-borsa-finans","6":"product_cat-ekonomi","7":"pa_cilt-ciltsiz","8":"pa_tur-kitap","9":"pa_yayinevi-gazi-kitabevi","10":"pa_yazar-sahin-karabulut","12":"first","13":"instock","14":"sale","15":"shipping-taxable","16":"purchasable","17":"product-type-simple"},"_links":{"self":[{"href":"https:\/\/roveyayinevi.com.tr\/index.php\/wp-json\/wp\/v2\/product\/729239","targetHints":{"allow":["GET"]}}],"collection":[{"href":"https:\/\/roveyayinevi.com.tr\/index.php\/wp-json\/wp\/v2\/product"}],"about":[{"href":"https:\/\/roveyayinevi.com.tr\/index.php\/wp-json\/wp\/v2\/types\/product"}],"wp:attachment":[{"href":"https:\/\/roveyayinevi.com.tr\/index.php\/wp-json\/wp\/v2\/media?parent=729239"}],"wp:term":[{"taxonomy":"product_brand","embeddable":true,"href":"https:\/\/roveyayinevi.com.tr\/index.php\/wp-json\/wp\/v2\/product_brand?post=729239"},{"taxonomy":"product_cat","embeddable":true,"href":"https:\/\/roveyayinevi.com.tr\/index.php\/wp-json\/wp\/v2\/product_cat?post=729239"},{"taxonomy":"product_tag","embeddable":true,"href":"https:\/\/roveyayinevi.com.tr\/index.php\/wp-json\/wp\/v2\/product_tag?post=729239"}],"curies":[{"name":"wp","href":"https:\/\/api.w.org\/{rel}","templated":true}]}}