{"id":729237,"date":"2025-08-27T20:52:53","date_gmt":"2025-08-27T17:52:53","guid":{"rendered":"https:\/\/roveyayinevi.com.tr\/index.php\/urun\/turizm-destinasyonu-ve-yonetim-yaklasimlari\/"},"modified":"2026-04-16T02:37:04","modified_gmt":"2026-04-15T23:37:04","slug":"turizm-destinasyonu-ve-yonetim-yaklasimlari","status":"publish","type":"product","link":"https:\/\/roveyayinevi.com.tr\/index.php\/urun\/turizm-destinasyonu-ve-yonetim-yaklasimlari\/","title":{"rendered":"Turizm Destinasyonu ve Y\u00f6netim Yakla\u015f\u0131mlar\u0131"},"content":{"rendered":"<p>\u0130\u00e7indekiler B\u00d6L\u00dcM 1 \u2013 Turizm Destinasyonu 1.1.Turizm Destinasyonu 1.2.Turizm Destinasyonunun \u00d6zellikleri 1.3.Turizm Destinasyonu T\u00fcrleri 1.4.Turizm Destinasyonunun Payda\u015flar\u0131 1.5.Turizm Destinasyonu Geli\u015fim S\u00fcreci B\u00d6L\u00dcM 2 \u2013 Turizm Destinasyonu Y\u00f6netim Yakla\u015f\u0131mlar\u0131 2.     2.1.Turizm Destinasyonu Y\u00f6netim Yakla\u015f\u0131mlar\u0131 2.2.Turizm ve \u00d6rg\u00fctlenme 2.3.D\u00fcnya\u2019da Turizm \u00d6rg\u00fct\u00fc \u00d6rnekleri 2.4.Avrupa\u2019da Turizm \u00d6rg\u00fct\u00fc \u00d6rnekleri 2.5.T\u00fcrkiye\u2019de Turizm \u00d6rg\u00fct\u00fc \u00d6rnekleri <\/p>\n","protected":false},"excerpt":{"rendered":"<p>\u0130\u00e7indekiler B\u00d6L\u00dcM 1 \u2013 Turizm Destinasyonu 1.1.Turizm Destinasyonu 1.2.Turizm Destinasyonunun \u00d6zellikleri 1.3.Turizm Destinasyonu T\u00fcrleri 1.4.Turizm Destinasyonunun Payda\u015flar\u0131 1.5.Turizm Destinasyonu Geli\u015fim S\u00fcreci B\u00d6L\u00dcM 2 \u2013 Turizm Destinasyonu<span class=\"excerpt-hellip\"> [\u2026]<\/span><\/p>\n","protected":false},"featured_media":0,"template":"","meta":{"_monsterinsights_skip_tracking":false,"_monsterinsights_sitenote_active":false,"_monsterinsights_sitenote_note":"","_monsterinsights_sitenote_category":0},"product_brand":[],"product_cat":[20333,13043],"product_tag":[],"class_list":{"0":"post-729237","1":"product","2":"type-product","3":"status-publish","5":"product_cat-diger-ekonomi","6":"product_cat-ekonomi","7":"pa_cilt-ciltsiz","8":"pa_tur-kitap","9":"pa_yayinevi-gazi-kitabevi","10":"pa_yazar-serkan-polat","12":"first","13":"instock","14":"sale","15":"shipping-taxable","16":"purchasable","17":"product-type-simple"},"_links":{"self":[{"href":"https:\/\/roveyayinevi.com.tr\/index.php\/wp-json\/wp\/v2\/product\/729237","targetHints":{"allow":["GET"]}}],"collection":[{"href":"https:\/\/roveyayinevi.com.tr\/index.php\/wp-json\/wp\/v2\/product"}],"about":[{"href":"https:\/\/roveyayinevi.com.tr\/index.php\/wp-json\/wp\/v2\/types\/product"}],"wp:attachment":[{"href":"https:\/\/roveyayinevi.com.tr\/index.php\/wp-json\/wp\/v2\/media?parent=729237"}],"wp:term":[{"taxonomy":"product_brand","embeddable":true,"href":"https:\/\/roveyayinevi.com.tr\/index.php\/wp-json\/wp\/v2\/product_brand?post=729237"},{"taxonomy":"product_cat","embeddable":true,"href":"https:\/\/roveyayinevi.com.tr\/index.php\/wp-json\/wp\/v2\/product_cat?post=729237"},{"taxonomy":"product_tag","embeddable":true,"href":"https:\/\/roveyayinevi.com.tr\/index.php\/wp-json\/wp\/v2\/product_tag?post=729237"}],"curies":[{"name":"wp","href":"https:\/\/api.w.org\/{rel}","templated":true}]}}