{"id":729211,"date":"2025-08-27T20:51:59","date_gmt":"2025-08-27T17:51:59","guid":{"rendered":"https:\/\/roveyayinevi.com.tr\/index.php\/urun\/son-kalenin-burcundan\/"},"modified":"2026-04-16T02:37:03","modified_gmt":"2026-04-15T23:37:03","slug":"son-kalenin-burcundan","status":"publish","type":"product","link":"https:\/\/roveyayinevi.com.tr\/index.php\/urun\/son-kalenin-burcundan\/","title":{"rendered":"Son Kalenin Burcundan"},"content":{"rendered":"<p>Burcu burcu \u0130sl\u00e2m kokan g\u00fcllerimizi kopard\u0131lar bizden; g\u00fcl y\u00fczleri g\u00fclerek \u015fehit oldu hepsi. \u0130sl\u00e2m\u2019a, vatana ve Bayra\u011fa zarar gelmesin diye kendilerini feda ettiler. Sahabenin mezarlar\u0131 d\u00fcmd\u00fcz \u015fimdi, K\u00e2be ise da\u011f boylu kulelere esir. Aksa\u2019n\u0131n g\u00f6zya\u015flar\u0131 ba\u011fr\u0131m\u0131z\u0131 delerken, Do\u011fu T\u00fcrkistan\u2019\u0131n \u00e7\u0131\u011fl\u0131klar\u0131 gitmiyor kulaklar\u0131m\u0131zdan. Zalimlerin yapt\u0131klar\u0131 yetmemi\u015f gibi, \u015fimdi ruhumuza kastediyorlar. G\u00fcllerimizi kopard\u0131klar\u0131 topraklar\u0131m\u0131zda dikenlerini b\u0131rak\u0131p planlar\u0131n\u0131 uygulamaya devam ediyorlar. Fikrimize \u00e7atanlar\u0131n etkisi alt\u0131nda kalan gen\u00e7 neslin buzlanm\u0131\u015f hissiyat\u0131, elbet bir g\u00fcn T\u00fcrk-\u0130sl\u00e2m \u00fclk\u00fcs\u00fcn\u00fcn s\u0131cakl\u0131\u011f\u0131yla \u00e7\u00f6z\u00fclecek. Muhsin Ba\u015fkan\u2019\u0131n deyi\u015fiyle; &#8220;\u00d6n\u00fcm\u00fczdeki \u00e7a\u011f, T\u00fcrk \u00e7a\u011f\u0131 olacak; y\u00fckselen en g\u00fcr seda, \u0130slam&#8217;\u0131n sedas\u0131 olacak.&#8221;           Biz; son kalenin burcunda, ehli s\u00fcnnet g\u00fcller yeti\u015fsin diye k\u00fcfr\u00fcn dikenlerini yolmaya geliyoruz. <\/p>\n","protected":false},"excerpt":{"rendered":"<p>Burcu burcu \u0130sl\u00e2m kokan g\u00fcllerimizi kopard\u0131lar bizden; g\u00fcl y\u00fczleri g\u00fclerek \u015fehit oldu hepsi. \u0130sl\u00e2m\u2019a, vatana ve Bayra\u011fa zarar gelmesin diye kendilerini feda ettiler. Sahabenin mezarlar\u0131 d\u00fcmd\u00fcz<span class=\"excerpt-hellip\"> [\u2026]<\/span><\/p>\n","protected":false},"featured_media":0,"template":"","meta":{"_monsterinsights_skip_tracking":false,"_monsterinsights_sitenote_active":false,"_monsterinsights_sitenote_note":"","_monsterinsights_sitenote_category":0},"product_brand":[],"product_cat":[12777,12291],"product_tag":[],"class_list":{"0":"post-729211","1":"product","2":"type-product","3":"status-publish","5":"product_cat-deneme","6":"product_cat-edebiyat","7":"pa_cilt-ciltsiz","8":"pa_tur-kitap","9":"pa_yayinevi-cinaralti-yayinlari","10":"pa_yazar-alperen-aydin","12":"first","13":"instock","14":"sale","15":"shipping-taxable","16":"purchasable","17":"product-type-simple"},"_links":{"self":[{"href":"https:\/\/roveyayinevi.com.tr\/index.php\/wp-json\/wp\/v2\/product\/729211","targetHints":{"allow":["GET"]}}],"collection":[{"href":"https:\/\/roveyayinevi.com.tr\/index.php\/wp-json\/wp\/v2\/product"}],"about":[{"href":"https:\/\/roveyayinevi.com.tr\/index.php\/wp-json\/wp\/v2\/types\/product"}],"wp:attachment":[{"href":"https:\/\/roveyayinevi.com.tr\/index.php\/wp-json\/wp\/v2\/media?parent=729211"}],"wp:term":[{"taxonomy":"product_brand","embeddable":true,"href":"https:\/\/roveyayinevi.com.tr\/index.php\/wp-json\/wp\/v2\/product_brand?post=729211"},{"taxonomy":"product_cat","embeddable":true,"href":"https:\/\/roveyayinevi.com.tr\/index.php\/wp-json\/wp\/v2\/product_cat?post=729211"},{"taxonomy":"product_tag","embeddable":true,"href":"https:\/\/roveyayinevi.com.tr\/index.php\/wp-json\/wp\/v2\/product_tag?post=729211"}],"curies":[{"name":"wp","href":"https:\/\/api.w.org\/{rel}","templated":true}]}}