{"id":729210,"date":"2025-08-27T20:51:58","date_gmt":"2025-08-27T17:51:58","guid":{"rendered":"https:\/\/roveyayinevi.com.tr\/index.php\/urun\/kara-osman-beg\/"},"modified":"2026-04-16T02:37:03","modified_gmt":"2026-04-15T23:37:03","slug":"kara-osman-beg","status":"publish","type":"product","link":"https:\/\/roveyayinevi.com.tr\/index.php\/urun\/kara-osman-beg\/","title":{"rendered":"Kara Osman Beg"},"content":{"rendered":"<p>Pazarda, bir Rum sat\u0131c\u0131 ile Germiyanl\u0131 aras\u0131nda \u00e7\u0131kan kavgaya m\u00fcdahale eden alpler; taraflar\u0131 Osman Beg\u2019in huzuruna \u00e7\u0131kar\u0131r. Taraflar\u0131 dinleyen Osman Beg, Osmanl\u0131\u2019y\u0131 600 y\u0131l ayakta tutan adalet \u00e7\u0131nar\u0131n\u0131n tohumunu bu topraklara atan \u015fu karar\u0131 verir: \u201cBen Kay\u0131 Beyi Osman. Babam Ertu\u011frul Gazi nas\u0131l adaletten ayr\u0131lmam\u0131\u015fsa, nas\u0131l mazlumun ve darda olan\u0131n yan\u0131nda yer alm\u0131\u015fsa, \u015feyhim Edebali nas\u0131l yoksula ve darda olana kap\u0131s\u0131n\u0131 a\u00e7m\u0131\u015fsa, benim davran\u0131\u015f\u0131m da onlardan farkl\u0131 olmayacak; hakk\u0131 hak edene vermek olacakt\u0131r. \u0130ki taraf\u0131, \u015fahitleri dinledim. Ve sen Germiyanl\u0131, haks\u0131zs\u0131n. Adam\u0131n paras\u0131n\u0131 ver, bir daha bu pazara gelme. Bir daha gelecek olursan, can\u0131n\u0131n garantisini veremem. Bundan sonra M\u00fcsl\u00fcman ya da Hristiyan, T\u00fcrk ya da ba\u015fka milletten olursa olsun; her kim haks\u0131zl\u0131k ederse bilsin ki beni kar\u015f\u0131s\u0131nda bulacakt\u0131r.\u201d K\u0131l\u0131c\u0131 kadar adaleti de keskin olan ve d\u00fcnyal\u0131k hi\u00e7bir \u015feye meyletmeden fakir bir bey olarak bu d\u00fcnyadan g\u00f6\u00e7 eden Osman Beg\u2019in hik\u00e2yesini okumaya haz\u0131r m\u0131s\u0131n\u0131z? <\/p>\n","protected":false},"excerpt":{"rendered":"<p>Pazarda, bir Rum sat\u0131c\u0131 ile Germiyanl\u0131 aras\u0131nda \u00e7\u0131kan kavgaya m\u00fcdahale eden alpler; taraflar\u0131 Osman Beg\u2019in huzuruna \u00e7\u0131kar\u0131r. Taraflar\u0131 dinleyen Osman Beg, Osmanl\u0131\u2019y\u0131 600 y\u0131l ayakta tutan<span class=\"excerpt-hellip\"> [\u2026]<\/span><\/p>\n","protected":false},"featured_media":0,"template":"","meta":{"_monsterinsights_skip_tracking":false,"_monsterinsights_sitenote_active":false,"_monsterinsights_sitenote_note":"","_monsterinsights_sitenote_category":0},"product_brand":[],"product_cat":[12291,12711],"product_tag":[],"class_list":{"0":"post-729210","1":"product","2":"type-product","3":"status-publish","5":"product_cat-edebiyat","6":"product_cat-roman-oyku","7":"pa_cilt-ciltsiz","8":"pa_tur-kitap","9":"pa_yayinevi-cinaralti-yayinlari","10":"pa_yazar-coskun-mutlu","12":"first","13":"instock","14":"sale","15":"shipping-taxable","16":"purchasable","17":"product-type-simple"},"_links":{"self":[{"href":"https:\/\/roveyayinevi.com.tr\/index.php\/wp-json\/wp\/v2\/product\/729210","targetHints":{"allow":["GET"]}}],"collection":[{"href":"https:\/\/roveyayinevi.com.tr\/index.php\/wp-json\/wp\/v2\/product"}],"about":[{"href":"https:\/\/roveyayinevi.com.tr\/index.php\/wp-json\/wp\/v2\/types\/product"}],"wp:attachment":[{"href":"https:\/\/roveyayinevi.com.tr\/index.php\/wp-json\/wp\/v2\/media?parent=729210"}],"wp:term":[{"taxonomy":"product_brand","embeddable":true,"href":"https:\/\/roveyayinevi.com.tr\/index.php\/wp-json\/wp\/v2\/product_brand?post=729210"},{"taxonomy":"product_cat","embeddable":true,"href":"https:\/\/roveyayinevi.com.tr\/index.php\/wp-json\/wp\/v2\/product_cat?post=729210"},{"taxonomy":"product_tag","embeddable":true,"href":"https:\/\/roveyayinevi.com.tr\/index.php\/wp-json\/wp\/v2\/product_tag?post=729210"}],"curies":[{"name":"wp","href":"https:\/\/api.w.org\/{rel}","templated":true}]}}