{"id":729209,"date":"2025-08-27T20:51:57","date_gmt":"2025-08-27T17:51:57","guid":{"rendered":"https:\/\/roveyayinevi.com.tr\/index.php\/urun\/ozel-egitimin-kerteriz-defteri\/"},"modified":"2026-04-16T02:37:03","modified_gmt":"2026-04-15T23:37:03","slug":"ozel-egitimin-kerteriz-defteri","status":"publish","type":"product","link":"https:\/\/roveyayinevi.com.tr\/index.php\/urun\/ozel-egitimin-kerteriz-defteri\/","title":{"rendered":"\u00d6zel E\u011fitimin Kerteriz Defteri"},"content":{"rendered":"<p>Vaktiyle \u0130stanbul Bo\u011faz\u0131\u2019nda bal\u0131k avlayan bal\u0131k\u00e7\u0131lar; avlanma mevsimini, bo\u011faz\u0131n ak\u0131nt\u0131s\u0131n\u0131 ve bal\u0131k \u00e7ok \u00e7\u0131kan mek\u00e2nlar\u0131 not al\u0131rlar, ertesi y\u0131l bu notlara g\u00f6re avlan\u0131rlarm\u0131\u015f. Bal\u0131k\u00e7\u0131klar, bu bilgileri ya\u015flan\u0131p bal\u0131k\u00e7\u0131l\u0131\u011f\u0131 b\u0131rakana kadar da kimseyle payla\u015fmazm\u0131\u015f. Bal\u0131k\u00e7\u0131l\u0131\u011f\u0131 b\u0131rak\u0131nca da bu defterleri miras\u00e7\u0131lar\u0131na verirlermi\u015f. B\u00f6ylece her tecr\u00fcbeli bal\u0131k\u00e7\u0131n\u0131n kendi meslek ya\u015fam\u0131na dair bir kerteriz defteri olurmu\u015f. \u00d6zel e\u011fitimle u\u011fra\u015fan her e\u011fitimcinin ki\u015fisel tecr\u00fcbeleri bulunmaktad\u0131r. \u00d6zel e\u011fitime gereksinim duyan her bireyin hayat\u0131 da ayr\u0131 bir hik\u00e2yedir. Her bireyin ya\u015fam zorluklar\u0131, ald\u0131klar\u0131 e\u011fitimler, hastal\u0131klar\u0131 birbirinden farkl\u0131l\u0131k g\u00f6sterir. Bu nedenle her \u00f6\u011fretmenin \u00f6zel e\u011fitim \u00f6\u011frencilerine yakla\u015f\u0131m\u0131, adeta birer kerteriz defteri gibi tecr\u00fcbe payla\u015f\u0131m\u0131n\u0131 gerektirir. Bu kitap; mesleki ara\u015ft\u0131rma ve uygulamalar\u0131n\u0131n bir \u00fcr\u00fcn\u00fc, bir kerteriz defteri olup ger\u00e7ek hayat hik\u00e2yeleri ile desteklenmi\u015ftir. Y\u00f6netim disiplini ile \u00f6zel e\u011fitim disiplininin birlikte de\u011ferlendirildi\u011fi bu \u00e7al\u0131\u015fma; okuyucular\u0131n fikir d\u00fcnyalar\u0131na, ya\u015fam tarzlar\u0131na ve fark\u0131ndal\u0131klar\u0131na k\u00fc\u00e7\u00fck bir dokunu\u015f yapmay\u0131 ama\u00e7lamaktad\u0131r. <\/p>\n","protected":false},"excerpt":{"rendered":"<p>Vaktiyle \u0130stanbul Bo\u011faz\u0131\u2019nda bal\u0131k avlayan bal\u0131k\u00e7\u0131lar; avlanma mevsimini, bo\u011faz\u0131n ak\u0131nt\u0131s\u0131n\u0131 ve bal\u0131k \u00e7ok \u00e7\u0131kan mek\u00e2nlar\u0131 not al\u0131rlar, ertesi y\u0131l bu notlara g\u00f6re avlan\u0131rlarm\u0131\u015f. Bal\u0131k\u00e7\u0131klar, bu bilgileri<span class=\"excerpt-hellip\"> [\u2026]<\/span><\/p>\n","protected":false},"featured_media":0,"template":"","meta":{"_monsterinsights_skip_tracking":false,"_monsterinsights_sitenote_active":false,"_monsterinsights_sitenote_note":"","_monsterinsights_sitenote_category":0},"product_brand":[],"product_cat":[12573,12566],"product_tag":[],"class_list":{"0":"post-729209","1":"product","2":"type-product","3":"status-publish","5":"product_cat-akademik-kitaplar","6":"product_cat-egitim","7":"pa_cilt-ciltsiz","8":"pa_tur-kitap","9":"pa_yayinevi-cinaralti-yayinlari","10":"pa_yazar-hasan-huseyin-selvi","12":"first","13":"instock","14":"sale","15":"shipping-taxable","16":"purchasable","17":"product-type-simple"},"_links":{"self":[{"href":"https:\/\/roveyayinevi.com.tr\/index.php\/wp-json\/wp\/v2\/product\/729209","targetHints":{"allow":["GET"]}}],"collection":[{"href":"https:\/\/roveyayinevi.com.tr\/index.php\/wp-json\/wp\/v2\/product"}],"about":[{"href":"https:\/\/roveyayinevi.com.tr\/index.php\/wp-json\/wp\/v2\/types\/product"}],"wp:attachment":[{"href":"https:\/\/roveyayinevi.com.tr\/index.php\/wp-json\/wp\/v2\/media?parent=729209"}],"wp:term":[{"taxonomy":"product_brand","embeddable":true,"href":"https:\/\/roveyayinevi.com.tr\/index.php\/wp-json\/wp\/v2\/product_brand?post=729209"},{"taxonomy":"product_cat","embeddable":true,"href":"https:\/\/roveyayinevi.com.tr\/index.php\/wp-json\/wp\/v2\/product_cat?post=729209"},{"taxonomy":"product_tag","embeddable":true,"href":"https:\/\/roveyayinevi.com.tr\/index.php\/wp-json\/wp\/v2\/product_tag?post=729209"}],"curies":[{"name":"wp","href":"https:\/\/api.w.org\/{rel}","templated":true}]}}