{"id":729199,"date":"2025-08-27T20:51:47","date_gmt":"2025-08-27T17:51:47","guid":{"rendered":"https:\/\/roveyayinevi.com.tr\/index.php\/urun\/sessiz-zipirlar\/"},"modified":"2026-04-16T02:37:03","modified_gmt":"2026-04-15T23:37:03","slug":"sessiz-zipirlar","status":"publish","type":"product","link":"https:\/\/roveyayinevi.com.tr\/index.php\/urun\/sessiz-zipirlar\/","title":{"rendered":"Sessiz Z\u0131p\u0131rlar"},"content":{"rendered":"<p>\u2018Sessiz Z\u0131p\u0131rlar\u2019 Yalva\u00e7 Ural\u2019\u0131n, bug\u00fcne kadar bizde benzeri \u00fcretilmemi\u015f bir z\u0131p\u0131r bilmece kitab\u0131. Bu kitapta Yalva\u00e7 Ural, bi\u00e7imlerden z\u0131p\u0131r bilmeceler \u00fcretmi\u015f; hem bulmaca, hem espri y\u00fckl\u00fc, hem de d\u00fc\u015f\u00fcnd\u00fcren z\u0131p\u0131rlar bunlar. Ayr\u0131ca \u00e7ok bilinen bilmece \u00f6rneklerine de geni\u015f yer verilmi\u015f. \u2018Sessiz Z\u0131p\u0131rlar\u2019da koleksiyonunuzun bir par\u00e7as\u0131 olacak!.. <\/p>\n","protected":false},"excerpt":{"rendered":"<p>\u2018Sessiz Z\u0131p\u0131rlar\u2019 Yalva\u00e7 Ural\u2019\u0131n, bug\u00fcne kadar bizde benzeri \u00fcretilmemi\u015f bir z\u0131p\u0131r bilmece kitab\u0131. Bu kitapta Yalva\u00e7 Ural, bi\u00e7imlerden z\u0131p\u0131r bilmeceler \u00fcretmi\u015f; hem bulmaca, hem espri y\u00fckl\u00fc,<span class=\"excerpt-hellip\"> [\u2026]<\/span><\/p>\n","protected":false},"featured_media":0,"template":"","meta":{"_monsterinsights_skip_tracking":false,"_monsterinsights_sitenote_active":false,"_monsterinsights_sitenote_note":"","_monsterinsights_sitenote_category":0},"product_brand":[],"product_cat":[12274,15842],"product_tag":[],"class_list":{"0":"post-729199","1":"product","2":"type-product","3":"status-publish","5":"product_cat-cocuk-ve-genclik-kitaplari","6":"product_cat-egitici-kitaplar","7":"pa_cilt-ciltsiz","8":"pa_tur-kitap","9":"pa_yayinevi-kopernik-kitap","10":"pa_yazar-yalvac-ural","12":"first","13":"instock","14":"sale","15":"shipping-taxable","16":"purchasable","17":"product-type-simple"},"_links":{"self":[{"href":"https:\/\/roveyayinevi.com.tr\/index.php\/wp-json\/wp\/v2\/product\/729199","targetHints":{"allow":["GET"]}}],"collection":[{"href":"https:\/\/roveyayinevi.com.tr\/index.php\/wp-json\/wp\/v2\/product"}],"about":[{"href":"https:\/\/roveyayinevi.com.tr\/index.php\/wp-json\/wp\/v2\/types\/product"}],"wp:attachment":[{"href":"https:\/\/roveyayinevi.com.tr\/index.php\/wp-json\/wp\/v2\/media?parent=729199"}],"wp:term":[{"taxonomy":"product_brand","embeddable":true,"href":"https:\/\/roveyayinevi.com.tr\/index.php\/wp-json\/wp\/v2\/product_brand?post=729199"},{"taxonomy":"product_cat","embeddable":true,"href":"https:\/\/roveyayinevi.com.tr\/index.php\/wp-json\/wp\/v2\/product_cat?post=729199"},{"taxonomy":"product_tag","embeddable":true,"href":"https:\/\/roveyayinevi.com.tr\/index.php\/wp-json\/wp\/v2\/product_tag?post=729199"}],"curies":[{"name":"wp","href":"https:\/\/api.w.org\/{rel}","templated":true}]}}