{"id":729181,"date":"2025-08-27T20:51:31","date_gmt":"2025-08-27T17:51:31","guid":{"rendered":"https:\/\/roveyayinevi.com.tr\/index.php\/urun\/mimarligin-tum-oykusu\/"},"modified":"2026-03-12T02:47:20","modified_gmt":"2026-03-11T23:47:20","slug":"mimarligin-tum-oykusu","status":"publish","type":"product","link":"https:\/\/roveyayinevi.com.tr\/index.php\/urun\/mimarligin-tum-oykusu\/","title":{"rendered":"Mimarl\u0131\u011f\u0131n T\u00fcm \u00d6yk\u00fcs\u00fc"},"content":{"rendered":"<p>Antik \u00e7a\u011f\u0131n ba\u015fyap\u0131tlar\u0131ndan yak\u0131n tarihli \u00e7a\u011fda\u015f yap\u0131lara mimarl\u0131k, d\u00fcnyam\u0131z\u0131n \u00e7ehresini belirlemeye devam ediyor. Hayalperest Yay\u0131nevi\u2019nin yay\u0131mlad\u0131\u011f\u0131 T\u00fcm \u00d6yk\u00fc serisinin bir par\u00e7as\u0131 olan bu kitap, mimarl\u0131\u011f\u0131n insanl\u0131k tarihi boyunca ge\u00e7irdi\u011fi a\u015famalar\u0131, ansiklopedik nitelikli bir incelemeyle ve zengin g\u00f6rsellerle destekleyerek sunuyor. Kronolojik s\u0131ralamayla Neolitik d\u00f6nemden g\u00fcn\u00fcm\u00fcz\u00fcn \u201cs\u00fcrd\u00fcr\u00fclebilirlik\u201d yakla\u015f\u0131m\u0131na dek uzanan anlat\u0131m\u0131yla Mimarl\u0131\u011f\u0131n T\u00fcm \u00d6yk\u00fcs\u00fc y\u00fczlerce yap\u0131ya, bu yap\u0131lar\u0131n tasar\u0131mc\u0131lar\u0131na, ba\u011flamsal \u00f6nemlerine de\u011finerek okuru her \u00e7a\u011fa ve k\u0131taya u\u011frayan bir yolculu\u011fa \u00e7\u0131kar\u0131yor. Kitap M\u0131s\u0131r Piramitleri ile Ur Hanedan\u0131\u2019n\u0131n mezar yap\u0131lar\u0131na, \u201ckay\u0131p\u201d kent Machu Picchu\u2019ya, \u00c7in pagodalar\u0131na, Japon tap\u0131naklar\u0131na, \u0130slam co\u011frafyas\u0131n\u0131n simgesi camilere ve \u00e7ok daha fazlas\u0131na dair heyecan verici bilgiler i\u00e7eriyor. Kitapta Romanesk, Gotik, R\u00f6nesans ve Barok gibi klasik Bat\u0131 \u00fcsluplar\u0131n\u0131n yan\u0131 s\u0131ra pek \u00e7ok di\u011fer \u00fcslupla birlikte S\u00f6m\u00fcrge Mimarisi, Rejans \u00dcslubu, Beaux-Arts, Art Deco, Modernizim ak\u0131mlar\u0131 ve \u00dctopyac\u0131 yakla\u015f\u0131mdan da bahsediliyor. Mimarl\u0131k alan\u0131nda uzman ki\u015filerin haz\u0131rlad\u0131klar\u0131 bilgilendirici metinler, her \u00fcslubun tarihini anlat\u0131yor ve bu \u00fcsluplar\u0131n en \u00f6nemli uygulay\u0131c\u0131lar\u0131 hakk\u0131nda ayr\u0131nt\u0131l\u0131 bilgi veriyor. Mimarl\u0131\u011f\u0131n T\u00fcm \u00d6yk\u00fcs\u00fc\u2019nde d\u00f6nemlerinin en iyi \u00f6rnekleri olan simgesel yap\u0131lar; ilhamlar\u0131n\u0131, yap\u0131mlar\u0131n\u0131, malzeme kullan\u0131mlar\u0131n\u0131, \u00fcslup \u00f6zelliklerini a\u00e7\u0131klayan yorumlarla ve g\u00f6rsellerle inceleniyor. Mimariye dair merak uyand\u0131ran kitap; vizyonlar\u0131 ve teknik ustal\u0131klar\u0131yla pek \u00e7ok nesli etkileyen, ilham veren \u0130mhotep ve Leon Battista Alberti&#8217;den Le Corbusier, Frank Lloyd Wright ve Alvar Aalto&#8217;ya kadar d\u00fcnyan\u0131n en muhte\u015fem yap\u0131lar\u0131n\u0131n ard\u0131ndaki mimarlar\u0131 okurla \u201cbulu\u015fturuyor.\u201d <\/p>\n","protected":false},"excerpt":{"rendered":"<p>Antik \u00e7a\u011f\u0131n ba\u015fyap\u0131tlar\u0131ndan yak\u0131n tarihli \u00e7a\u011fda\u015f yap\u0131lara mimarl\u0131k, d\u00fcnyam\u0131z\u0131n \u00e7ehresini belirlemeye devam ediyor. Hayalperest Yay\u0131nevi\u2019nin yay\u0131mlad\u0131\u011f\u0131 T\u00fcm \u00d6yk\u00fc serisinin bir par\u00e7as\u0131 olan bu kitap, mimarl\u0131\u011f\u0131n insanl\u0131k<span class=\"excerpt-hellip\"> [\u2026]<\/span><\/p>\n","protected":false},"featured_media":0,"template":"","meta":{"_monsterinsights_skip_tracking":false,"_monsterinsights_sitenote_active":false,"_monsterinsights_sitenote_note":"","_monsterinsights_sitenote_category":0},"product_brand":[],"product_cat":[13512,12408],"product_tag":[],"class_list":{"0":"post-729181","1":"product","2":"type-product","3":"status-publish","5":"product_cat-mimarlik","6":"product_cat-sanat","7":"pa_cilt-ciltsiz","8":"pa_tur-kitap","9":"pa_yayinevi-hayalperest-yayinlari","10":"pa_yazar-denna-jones","12":"first","13":"instock","14":"sale","15":"shipping-taxable","16":"purchasable","17":"product-type-simple"},"_links":{"self":[{"href":"https:\/\/roveyayinevi.com.tr\/index.php\/wp-json\/wp\/v2\/product\/729181","targetHints":{"allow":["GET"]}}],"collection":[{"href":"https:\/\/roveyayinevi.com.tr\/index.php\/wp-json\/wp\/v2\/product"}],"about":[{"href":"https:\/\/roveyayinevi.com.tr\/index.php\/wp-json\/wp\/v2\/types\/product"}],"wp:attachment":[{"href":"https:\/\/roveyayinevi.com.tr\/index.php\/wp-json\/wp\/v2\/media?parent=729181"}],"wp:term":[{"taxonomy":"product_brand","embeddable":true,"href":"https:\/\/roveyayinevi.com.tr\/index.php\/wp-json\/wp\/v2\/product_brand?post=729181"},{"taxonomy":"product_cat","embeddable":true,"href":"https:\/\/roveyayinevi.com.tr\/index.php\/wp-json\/wp\/v2\/product_cat?post=729181"},{"taxonomy":"product_tag","embeddable":true,"href":"https:\/\/roveyayinevi.com.tr\/index.php\/wp-json\/wp\/v2\/product_tag?post=729181"}],"curies":[{"name":"wp","href":"https:\/\/api.w.org\/{rel}","templated":true}]}}