{"id":729178,"date":"2025-08-27T20:51:29","date_gmt":"2025-08-27T17:51:29","guid":{"rendered":"https:\/\/roveyayinevi.com.tr\/index.php\/urun\/kucuk-kati-1\/"},"modified":"2026-04-16T02:37:02","modified_gmt":"2026-04-15T23:37:02","slug":"kucuk-kati-1","status":"publish","type":"product","link":"https:\/\/roveyayinevi.com.tr\/index.php\/urun\/kucuk-kati-1\/","title":{"rendered":"K\u00fc\u00e7\u00fck Kati -1"},"content":{"rendered":"<p>Ac\u0131 G\u00fcnler roman\u0131n\u0131n yazar\u0131 Osman Akdere saf sevgi, ba\u011fl\u0131l\u0131k ve adanm\u0131\u015fl\u0131\u011f\u0131, k\u0131\u015fk\u0131rt\u0131c\u0131, tene dokunan, tutku dolu bir hik\u00e2yeye katarak \u00e7\u0131k\u0131yor okurun kar\u015f\u0131s\u0131na bu kez. A\u015fk sand\u0131\u011f\u0131-m\u0131z \u015fey bir aldatmaca m\u0131d\u0131r? Kaderimizi masum tesad\u00fcfler mi \u00e7izer? Ellerimizle yapt\u0131\u011f\u0131m\u0131z se\u00e7imler mi? Ya as\u0131l hakikat bize \u201c\u00f6ld\u00fc\u201d denilendeyse? K\u00fc\u00e7\u00fck Kati, hayat\u0131n bitimsiz trafi\u011finde sa\u011fa \u00e7ekenlerin, g\u00f6steri\u015fli partinin ortas\u0131nda \u201cBu e\u011flence ger\u00e7ek mi?\u201d diye soranlar\u0131n kitab\u0131\u2026 Elindeki feneri dans\u0131n i\u00e7indeki eylemsizli\u011fe, kahkahan\u0131n i\u00e7indeki kedere, as\u0131l olan\u0131n alt\u0131ndaki sahteye tutanlar\u0131n dramatik ve duygusal \u00f6yk\u00fcs\u00fc. Treni ka\u00e7\u0131rmamak i\u00e7in soluksuz kalanlar\u0131n, m\u00fccadele edenlerin, her birimizin \u00f6yk\u00fc-s\u00fc\u2026 Elinizdeki bu kitap, sizi Romanya sokaklar\u0131nda dola\u015ft\u0131r\u0131rken, co\u011frafya fark etmeksizin insa-n\u0131n \u201caray\u0131\u015f\u201d\u0131n\u0131 al\u00e7ak bir sesle, sadelikle hat\u0131rlat\u0131yor. Hakikatin pe\u015fini b\u0131rakmayanlar, Kati ile birlikte yolun sonuna y\u00fcr\u00fcyece\u011fine s\u00f6z verenler i\u00e7in aray\u0131\u015f, yazar\u0131n bir sonraki kitab\u0131nda devam edecek\u2026<\/p>\n","protected":false},"excerpt":{"rendered":"<p>Ac\u0131 G\u00fcnler roman\u0131n\u0131n yazar\u0131 Osman Akdere saf sevgi, ba\u011fl\u0131l\u0131k ve adanm\u0131\u015fl\u0131\u011f\u0131, k\u0131\u015fk\u0131rt\u0131c\u0131, tene dokunan, tutku dolu bir hik\u00e2yeye katarak \u00e7\u0131k\u0131yor okurun kar\u015f\u0131s\u0131na bu kez. A\u015fk sand\u0131\u011f\u0131-m\u0131z<span class=\"excerpt-hellip\"> [\u2026]<\/span><\/p>\n","protected":false},"featured_media":0,"template":"","meta":{"_monsterinsights_skip_tracking":false,"_monsterinsights_sitenote_active":false,"_monsterinsights_sitenote_note":"","_monsterinsights_sitenote_category":0},"product_brand":[],"product_cat":[12291,12711],"product_tag":[],"class_list":{"0":"post-729178","1":"product","2":"type-product","3":"status-publish","5":"product_cat-edebiyat","6":"product_cat-roman-oyku","7":"pa_cilt-ciltsiz","8":"pa_tur-kitap","9":"pa_yayinevi-elpis-yayinlari","10":"pa_yazar-osman-akdere","12":"first","13":"instock","14":"sale","15":"shipping-taxable","16":"purchasable","17":"product-type-simple"},"_links":{"self":[{"href":"https:\/\/roveyayinevi.com.tr\/index.php\/wp-json\/wp\/v2\/product\/729178","targetHints":{"allow":["GET"]}}],"collection":[{"href":"https:\/\/roveyayinevi.com.tr\/index.php\/wp-json\/wp\/v2\/product"}],"about":[{"href":"https:\/\/roveyayinevi.com.tr\/index.php\/wp-json\/wp\/v2\/types\/product"}],"wp:attachment":[{"href":"https:\/\/roveyayinevi.com.tr\/index.php\/wp-json\/wp\/v2\/media?parent=729178"}],"wp:term":[{"taxonomy":"product_brand","embeddable":true,"href":"https:\/\/roveyayinevi.com.tr\/index.php\/wp-json\/wp\/v2\/product_brand?post=729178"},{"taxonomy":"product_cat","embeddable":true,"href":"https:\/\/roveyayinevi.com.tr\/index.php\/wp-json\/wp\/v2\/product_cat?post=729178"},{"taxonomy":"product_tag","embeddable":true,"href":"https:\/\/roveyayinevi.com.tr\/index.php\/wp-json\/wp\/v2\/product_tag?post=729178"}],"curies":[{"name":"wp","href":"https:\/\/api.w.org\/{rel}","templated":true}]}}