{"id":729173,"date":"2025-08-27T20:51:24","date_gmt":"2025-08-27T17:51:24","guid":{"rendered":"https:\/\/roveyayinevi.com.tr\/index.php\/urun\/karsi-salgin\/"},"modified":"2026-04-16T02:37:02","modified_gmt":"2026-04-15T23:37:02","slug":"karsi-salgin","status":"publish","type":"product","link":"https:\/\/roveyayinevi.com.tr\/index.php\/urun\/karsi-salgin\/","title":{"rendered":"Kar\u015f\u0131 Salg\u0131n"},"content":{"rendered":"<p>Salg\u0131n h\u0131zla yay\u0131lmaya devam ederken d\u00fcnya sisteminin i\u015fleyi\u015fi bir kez daha sorgulan\u0131r hale gelmi\u015ftir. \u0130nsan\u0131n bencilli\u011fe e\u011filimi, ekosisteme verilen zararlar, uzakla\u015f\u0131lan temel de\u011ferler&#8230; Evvelden beri tart\u0131\u015f\u0131lanlar bug\u00fcn yine tart\u0131\u015f\u0131lmakta; ama g\u00fcnbeg\u00fcn artan farkl\u0131 bir d\u00fcnya \u00f6zlemi bizi h\u00e2l\u00e2 bir araya getirebilmektedir&#8230; Acaba ne kadar umut kald\u0131? Bu salg\u0131ndan kurtulsak bile d\u00fcnyay\u0131 daha ya\u015fan\u0131labilir bir yer haline getirmeye g\u00fcc\u00fcm\u00fcz yetecek mi? Bir taraftan insan\u0131n \u00e7aresizli\u011fi, bir taraftan yeni anlamlar \u00fcretme \u00e7abas\u0131&#8230; \u0130\u015fte tam da bu noktada sizi \u00e7a\u011f\u0131rmak ve sormak istedik: Hastal\u0131klara, karanl\u0131klara, k\u00f6t\u00fcl\u00fcklere, de\u011fersizliklere ya da de\u011fersizle\u015ftirmelere ra\u011fmen bir kar\u015f\u0131 salg\u0131n yaratmak ve bu salg\u0131n\u0131 yaymak ne kadar m\u00fcmk\u00fcn olabilir? \u0130nan\u0131n, biz de bilmiyoruz. Kime dokunacak, nereye ula\u015facak bu kitap? Kimleri enfekte edebilecek ya da d\u00fcnyay\u0131 ne kadar de\u011fi\u015ftirebilecek?<\/p>\n","protected":false},"excerpt":{"rendered":"<p>Salg\u0131n h\u0131zla yay\u0131lmaya devam ederken d\u00fcnya sisteminin i\u015fleyi\u015fi bir kez daha sorgulan\u0131r hale gelmi\u015ftir. \u0130nsan\u0131n bencilli\u011fe e\u011filimi, ekosisteme verilen zararlar, uzakla\u015f\u0131lan temel de\u011ferler&#8230; Evvelden beri tart\u0131\u015f\u0131lanlar<span class=\"excerpt-hellip\"> [\u2026]<\/span><\/p>\n","protected":false},"featured_media":0,"template":"","meta":{"_monsterinsights_skip_tracking":false,"_monsterinsights_sitenote_active":false,"_monsterinsights_sitenote_note":"","_monsterinsights_sitenote_category":0},"product_brand":[],"product_cat":[12365,12364],"product_tag":[],"class_list":{"0":"post-729173","1":"product","2":"type-product","3":"status-publish","5":"product_cat-diger-genel-konular","6":"product_cat-genel-konular","7":"pa_cilt-ciltsiz","8":"pa_tur-kitap","9":"pa_yayinevi-ayrinti-yayinlari","10":"pa_yazar-ozan-eren","12":"first","13":"instock","14":"sale","15":"shipping-taxable","16":"purchasable","17":"product-type-simple"},"_links":{"self":[{"href":"https:\/\/roveyayinevi.com.tr\/index.php\/wp-json\/wp\/v2\/product\/729173","targetHints":{"allow":["GET"]}}],"collection":[{"href":"https:\/\/roveyayinevi.com.tr\/index.php\/wp-json\/wp\/v2\/product"}],"about":[{"href":"https:\/\/roveyayinevi.com.tr\/index.php\/wp-json\/wp\/v2\/types\/product"}],"wp:attachment":[{"href":"https:\/\/roveyayinevi.com.tr\/index.php\/wp-json\/wp\/v2\/media?parent=729173"}],"wp:term":[{"taxonomy":"product_brand","embeddable":true,"href":"https:\/\/roveyayinevi.com.tr\/index.php\/wp-json\/wp\/v2\/product_brand?post=729173"},{"taxonomy":"product_cat","embeddable":true,"href":"https:\/\/roveyayinevi.com.tr\/index.php\/wp-json\/wp\/v2\/product_cat?post=729173"},{"taxonomy":"product_tag","embeddable":true,"href":"https:\/\/roveyayinevi.com.tr\/index.php\/wp-json\/wp\/v2\/product_tag?post=729173"}],"curies":[{"name":"wp","href":"https:\/\/api.w.org\/{rel}","templated":true}]}}