{"id":729168,"date":"2025-08-27T20:51:19","date_gmt":"2025-08-27T17:51:19","guid":{"rendered":"https:\/\/roveyayinevi.com.tr\/index.php\/urun\/osmanli-modernlesmesi-ve-midhat-pasa\/"},"modified":"2026-04-16T02:37:02","modified_gmt":"2026-04-15T23:37:02","slug":"osmanli-modernlesmesi-ve-midhat-pasa","status":"publish","type":"product","link":"https:\/\/roveyayinevi.com.tr\/index.php\/urun\/osmanli-modernlesmesi-ve-midhat-pasa\/","title":{"rendered":"Osmanl\u0131 Modernle\u015fmesi ve Midhat Pa\u015fa"},"content":{"rendered":"<p>En ba\u015far\u0131l\u0131 Osmanl\u0131 valilerinden biri olarak kabul edilen Midhat Pa\u015fa\u2019n\u0131n Tuna Valili\u011fi yapt\u0131\u011f\u0131 y\u0131llar (1864-1868) modernle\u015fme tarihimiz a\u00e7\u0131s\u0131ndan ayr\u0131 bir \u00f6nem ta\u015f\u0131r.Devrald\u0131\u011f\u0131 modernle\u015fme miras\u0131na kendine \u00f6zg\u00fc denilebilecek bir\u00e7ok yenilik katan Midhat Pa\u015fa, d\u00f6nemin ta\u015fra sorunlar\u0131na \u00e7\u00f6z\u00fcm bulmak amac\u0131yla ilan edilen Vilayet Nizamnamesi\u2019ni Tuna\u2019da ba\u015far\u0131l\u0131 bir bi\u00e7imde uygulamakla kalmam\u0131\u015f, yayg\u0131nla\u015fmas\u0131na \u00f6nc\u00fcl\u00fck de etmi\u015ftir.Osmanl\u0131 Devleti\u2019nin yeniden yap\u0131lanmas\u0131n\u0131 zorunlu k\u0131lan sosyopolitik ve ekonomik geli\u015fmelere de yer verilen eserde, kat\u0131l\u0131mc\u0131 yerel y\u00f6netim, kanun h\u00e2kimiyetinin sa\u011flanmas\u0131, denetimin kurumsalla\u015fmas\u0131 gibi devlet yurtta\u015f ili\u015fkilerinin daha rasyonel ve \u00e7a\u011fda\u015f nitelikler kazanmas\u0131 konular\u0131nda hayata ge\u00e7irilen uygulamalar da ele al\u0131n\u0131yor.Prof. Dr. Bekir Ko\u00e7 taraf\u0131ndan kaleme al\u0131nan Osmanl\u0131 Modernle\u015fmesi ve Midhat Pa\u015fa, tarihi k\u00f6kenleri hakk\u0131nda az \u015fey bilinen ta\u015fra belediyeleri, nizamiye mahkemeleri, \u00e7ocuk esirgeme kurumlar\u0131, k\u0131z ve erkek meslek okullar\u0131, hapishane at\u00f6lyeleri, kasaba bu\u011fday pazarlar\u0131, siyasi polislik, tahsildarl\u0131k ve ta\u015fra bas\u0131n\u0131 gibi bir\u00e7ok kurum ve uygulaman\u0131n g\u00fcn\u00fcm\u00fcze ula\u015fmas\u0131nda Midhat Pa\u015fa\u2019n\u0131n katk\u0131lar\u0131n\u0131 geni\u015f bir \u00e7er\u00e7evede ortaya koyuyor.<\/p>\n","protected":false},"excerpt":{"rendered":"<p>En ba\u015far\u0131l\u0131 Osmanl\u0131 valilerinden biri olarak kabul edilen Midhat Pa\u015fa\u2019n\u0131n Tuna Valili\u011fi yapt\u0131\u011f\u0131 y\u0131llar (1864-1868) modernle\u015fme tarihimiz a\u00e7\u0131s\u0131ndan ayr\u0131 bir \u00f6nem ta\u015f\u0131r.Devrald\u0131\u011f\u0131 modernle\u015fme miras\u0131na kendine \u00f6zg\u00fc<span class=\"excerpt-hellip\"> [\u2026]<\/span><\/p>\n","protected":false},"featured_media":0,"template":"","meta":{"_monsterinsights_skip_tracking":false,"_monsterinsights_sitenote_active":false,"_monsterinsights_sitenote_note":"","_monsterinsights_sitenote_category":0},"product_brand":[],"product_cat":[12312,12304],"product_tag":[],"class_list":{"0":"post-729168","1":"product","2":"type-product","3":"status-publish","5":"product_cat-diger","6":"product_cat-tarih","7":"pa_cilt-ciltsiz","8":"pa_tur-kitap","9":"pa_yayinevi-is-bankasi-kultur-yayinlari","10":"pa_yazar-bekir-koc","12":"first","13":"instock","14":"sale","15":"shipping-taxable","16":"purchasable","17":"product-type-simple"},"_links":{"self":[{"href":"https:\/\/roveyayinevi.com.tr\/index.php\/wp-json\/wp\/v2\/product\/729168","targetHints":{"allow":["GET"]}}],"collection":[{"href":"https:\/\/roveyayinevi.com.tr\/index.php\/wp-json\/wp\/v2\/product"}],"about":[{"href":"https:\/\/roveyayinevi.com.tr\/index.php\/wp-json\/wp\/v2\/types\/product"}],"wp:attachment":[{"href":"https:\/\/roveyayinevi.com.tr\/index.php\/wp-json\/wp\/v2\/media?parent=729168"}],"wp:term":[{"taxonomy":"product_brand","embeddable":true,"href":"https:\/\/roveyayinevi.com.tr\/index.php\/wp-json\/wp\/v2\/product_brand?post=729168"},{"taxonomy":"product_cat","embeddable":true,"href":"https:\/\/roveyayinevi.com.tr\/index.php\/wp-json\/wp\/v2\/product_cat?post=729168"},{"taxonomy":"product_tag","embeddable":true,"href":"https:\/\/roveyayinevi.com.tr\/index.php\/wp-json\/wp\/v2\/product_tag?post=729168"}],"curies":[{"name":"wp","href":"https:\/\/api.w.org\/{rel}","templated":true}]}}