{"id":729167,"date":"2025-08-27T20:51:19","date_gmt":"2025-08-27T17:51:19","guid":{"rendered":"https:\/\/roveyayinevi.com.tr\/index.php\/urun\/olmayan-seyler\/"},"modified":"2026-04-15T02:48:20","modified_gmt":"2026-04-14T23:48:20","slug":"olmayan-seyler","status":"publish","type":"product","link":"https:\/\/roveyayinevi.com.tr\/index.php\/urun\/olmayan-seyler\/","title":{"rendered":"Olmayan \u015eeyler"},"content":{"rendered":"<p>Gen\u00e7li\u011fin sessiz \u00e7\u0131\u011fl\u0131\u011f\u0131n\u0131 ta\u015f\u0131yan \u00e7okrenkli \u00f6yk\u00fcler&#8230; Romanlar\u0131yla her yas\u0327tan okura ulas\u0327an Fu\u0308sun C\u0327etinel, ilk o\u0308yku\u0308 kitab\u0131n\u0131 genc\u0327ler ic\u0327in yazd\u0131. Genc\u0327 yas\u0327amlar\u0131n tu\u0308rlu\u0308 hallerine ayna tutan 15 k\u0131sa o\u0308yku\u0308, yazar\u0131n go\u0308zlem gu\u0308cu\u0308 ve ince ayr\u0131nt\u0131larla zenginles\u0327en gerc\u0327ekc\u0327i anlat\u0131m\u0131yla derinles\u0327iyor. Samatya\u2019dan Pera\u2019ya, Berlin\u2019den Prag\u2019a, bazen bir trende, bazen bir otobu\u0308ste, bazense insan\u0131n bu\u0308yu\u0308me seru\u0308veninde kendi ic\u0327 du\u0308nyas\u0131na do\u011fru c\u0327\u0131kt\u0131\u011f\u0131 yolculuklarda&#8230; Gelece\u011fi s\u0327ekillendirecek genc\u0327lerin, toplum bask\u0131s\u0131, o\u0308nyarg\u0131lar, iletis\u0327imsizlik, go\u0308c\u0327, e\u011fitim sistemi, sevgi ve s\u0327iddetle bic\u0327imlenen du\u0308nyaya tutunma ve kendi gerc\u0327ekleriyle yu\u0308zles\u0327me hik\u00e2yeleri. Okurun gu\u0308ndelik yas\u0327am\u0131n ic\u0327inde kendi izdu\u0308s\u0327u\u0308mlerini yakalamas\u0131na olanak tan\u0131yan; genc\u0327lerin hayata do\u0308rt elle sar\u0131lmas\u0131n\u0131n de\u011ferini duyumsatan o\u0308yku\u0308ler. I\u0307lkgenc\u0327lik heyecanlar\u0131, zorlu sec\u0327imler, mezuniyet partisi, kendi ayaklar\u0131 u\u0308stu\u0308nde durma c\u0327abas\u0131, tak\u0131nt\u0131lar\u0131n bunalt\u0131s\u0131, hayat arkadas\u0327\u0131 hayvanlar, s\u0327ehrin karmas\u0327as\u0131, kalp c\u0327arp\u0131nt\u0131lar\u0131, u\u0308niversite hayat\u0131, vakitsiz olgunlas\u0327ma zorunlulug\u0306u, s\u0327iddetin u\u0308rperten go\u0308lgesi, kac\u0327\u0131s\u0327lar, uzun yolculuklar ve sahilde bir gu\u0308n&#8230; Yas\u0327amdan ilmek ilmek dokunmus\u0327 o\u0308yku\u0308ler bir araya geliyor, gu\u0308nu\u0308mu\u0308zu\u0308n genc\u0327 du\u0308nyas\u0131n\u0131n c\u0327okrenkli resmini c\u0327iziyor.<\/p>\n","protected":false},"excerpt":{"rendered":"<p>Gen\u00e7li\u011fin sessiz \u00e7\u0131\u011fl\u0131\u011f\u0131n\u0131 ta\u015f\u0131yan \u00e7okrenkli \u00f6yk\u00fcler&#8230; Romanlar\u0131yla her yas\u0327tan okura ulas\u0327an Fu\u0308sun C\u0327etinel, ilk o\u0308yku\u0308 kitab\u0131n\u0131 genc\u0327ler ic\u0327in yazd\u0131. Genc\u0327 yas\u0327amlar\u0131n tu\u0308rlu\u0308 hallerine ayna tutan 15<span class=\"excerpt-hellip\"> [\u2026]<\/span><\/p>\n","protected":false},"featured_media":0,"template":"","meta":{"_monsterinsights_skip_tracking":false,"_monsterinsights_sitenote_active":false,"_monsterinsights_sitenote_note":"","_monsterinsights_sitenote_category":0},"product_brand":[],"product_cat":[12364,12376],"product_tag":[],"class_list":{"0":"post-729167","1":"product","2":"type-product","3":"status-publish","5":"product_cat-genel-konular","6":"product_cat-kisisel-gelisim","7":"pa_cilt-ciltsiz","8":"pa_tur-kitap","9":"pa_yayinevi-gunisigi-kitapligi","10":"pa_yazar-fusun-cetinel","12":"first","13":"instock","14":"sale","15":"shipping-taxable","16":"purchasable","17":"product-type-simple"},"_links":{"self":[{"href":"https:\/\/roveyayinevi.com.tr\/index.php\/wp-json\/wp\/v2\/product\/729167","targetHints":{"allow":["GET"]}}],"collection":[{"href":"https:\/\/roveyayinevi.com.tr\/index.php\/wp-json\/wp\/v2\/product"}],"about":[{"href":"https:\/\/roveyayinevi.com.tr\/index.php\/wp-json\/wp\/v2\/types\/product"}],"wp:attachment":[{"href":"https:\/\/roveyayinevi.com.tr\/index.php\/wp-json\/wp\/v2\/media?parent=729167"}],"wp:term":[{"taxonomy":"product_brand","embeddable":true,"href":"https:\/\/roveyayinevi.com.tr\/index.php\/wp-json\/wp\/v2\/product_brand?post=729167"},{"taxonomy":"product_cat","embeddable":true,"href":"https:\/\/roveyayinevi.com.tr\/index.php\/wp-json\/wp\/v2\/product_cat?post=729167"},{"taxonomy":"product_tag","embeddable":true,"href":"https:\/\/roveyayinevi.com.tr\/index.php\/wp-json\/wp\/v2\/product_tag?post=729167"}],"curies":[{"name":"wp","href":"https:\/\/api.w.org\/{rel}","templated":true}]}}