{"id":729160,"date":"2025-08-27T20:51:13","date_gmt":"2025-08-27T17:51:13","guid":{"rendered":"https:\/\/roveyayinevi.com.tr\/index.php\/urun\/theta-healing-sen-ve-yaratici\/"},"modified":"2026-04-16T02:37:02","modified_gmt":"2026-04-15T23:37:02","slug":"theta-healing-sen-ve-yaratici","status":"publish","type":"product","link":"https:\/\/roveyayinevi.com.tr\/index.php\/urun\/theta-healing-sen-ve-yaratici\/","title":{"rendered":"Theta Healing &#8211; Sen ve Yarat\u0131c\u0131"},"content":{"rendered":"<p>Kendini tan\u0131mak, Yarat\u0131c\u0131\u2019y\u0131 bilmeye yard\u0131m eder. Yarat\u0131c\u0131\u2019y\u0131 bilmekse sizi s\u0131n\u0131rlardan ar\u0131nm\u0131\u015f k\u0131lar.   \u201cYarat\u0131c\u0131\u2019ya ba\u011fl\u0131 oldu\u011fumu veya bunun sadece kendi d\u00fc\u015f\u00fcncelerim olup olmad\u0131\u011f\u0131n\u0131 nas\u0131l anlar\u0131m?\u201d sorusu akl\u0131n\u0131z\u0131 kurcal\u0131yorsa, d\u00fc\u015f\u00fcnceleriniz ile ilahi ilham aras\u0131ndaki fark\u0131 bilmek i\u00e7in \u00f6nce kendinizi tan\u0131mal\u0131s\u0131n\u0131z. Bu ThetaHealing\u00ae rehberi, size kendinizi tan\u0131may\u0131 \u00f6\u011fretecek ve b\u00f6ylelikle fark\u0131 anlay\u0131p Yarat\u0131c\u0131 ile net ve ayd\u0131nlanm\u0131\u015f bir ileti\u015fim kurabileceksiniz. Vianna Stibal bu kitapta, Yaradan\u2019\u0131n enerjisine tam olarak ba\u011flanman\u0131z\u0131 engelleyen inan\u00e7 sistemlerinin i\u00e7sel y\u00f6nlerini, bilin\u00e7alt\u0131 benli\u011fini nas\u0131l tan\u0131yaca\u011f\u0131n\u0131z\u0131 ve kendi zihninizi nas\u0131l y\u00f6nlendirece\u011finizi g\u00f6stermek i\u00e7in; g\u00fc\u00e7l\u00fc \u00f6\u011fretileri, y\u00fcklemeleri, al\u0131\u015ft\u0131rmalar\u0131 ve kendi deneyimlerini sizlerle payla\u015f\u0131yor. Yarat\u0131c\u0131 her zaman saf, m\u00fckemmel sevginin bulundu\u011fu yerden ileti\u015fim kurar. Vianna, bu ba\u011f\u0131 deneyimlemeniz ve g\u00fc\u00e7lendirmeniz i\u00e7in g\u00fc\u00e7l\u00fc bir yol haritas\u0131 sunuyor.  Art\u0131k siz de s\u0131n\u0131rlar\u0131 kald\u0131rabilirsiniz.   VIANNA STIBAL bir ressam, yazar, e\u011fitmen ve sezgisel okuyucudur. Merkezi Montana, Amerika\u2019da bulunan \u015fifa paradigmas\u0131n\u0131 t\u00fcm d\u00fcnyaya yaymaya kararl\u0131d\u0131r ve 180&#8217;den fazla \u00fclkede \u00e7al\u0131\u015fan ThetaHealing\u00ae e\u011fitmenlerini, uygulay\u0131c\u0131lar\u0131n\u0131 e\u011fitmi\u015ftir. Vianna her \u0131rktan, inan\u00e7tan ve dinden insana ThetaHealing\u00ae&#8217;i  \u00f6\u011fretmek i\u00e7in d\u00fcnya \u00e7ap\u0131nda seminerler d\u00fczenlemektedir. <\/p>\n","protected":false},"excerpt":{"rendered":"<p>Kendini tan\u0131mak, Yarat\u0131c\u0131\u2019y\u0131 bilmeye yard\u0131m eder. Yarat\u0131c\u0131\u2019y\u0131 bilmekse sizi s\u0131n\u0131rlardan ar\u0131nm\u0131\u015f k\u0131lar. \u201cYarat\u0131c\u0131\u2019ya ba\u011fl\u0131 oldu\u011fumu veya bunun sadece kendi d\u00fc\u015f\u00fcncelerim olup olmad\u0131\u011f\u0131n\u0131 nas\u0131l anlar\u0131m?\u201d sorusu akl\u0131n\u0131z\u0131<span class=\"excerpt-hellip\"> [\u2026]<\/span><\/p>\n","protected":false},"featured_media":0,"template":"","meta":{"_monsterinsights_skip_tracking":false,"_monsterinsights_sitenote_active":false,"_monsterinsights_sitenote_note":"","_monsterinsights_sitenote_category":0},"product_brand":[],"product_cat":[12364,12376],"product_tag":[],"class_list":{"0":"post-729160","1":"product","2":"type-product","3":"status-publish","5":"product_cat-genel-konular","6":"product_cat-kisisel-gelisim","7":"pa_cilt-ciltsiz","8":"pa_tur-kitap","9":"pa_yayinevi-nemesis-kitap","10":"pa_yazar-vianna-stibal","12":"first","13":"instock","14":"sale","15":"shipping-taxable","16":"purchasable","17":"product-type-simple"},"_links":{"self":[{"href":"https:\/\/roveyayinevi.com.tr\/index.php\/wp-json\/wp\/v2\/product\/729160","targetHints":{"allow":["GET"]}}],"collection":[{"href":"https:\/\/roveyayinevi.com.tr\/index.php\/wp-json\/wp\/v2\/product"}],"about":[{"href":"https:\/\/roveyayinevi.com.tr\/index.php\/wp-json\/wp\/v2\/types\/product"}],"wp:attachment":[{"href":"https:\/\/roveyayinevi.com.tr\/index.php\/wp-json\/wp\/v2\/media?parent=729160"}],"wp:term":[{"taxonomy":"product_brand","embeddable":true,"href":"https:\/\/roveyayinevi.com.tr\/index.php\/wp-json\/wp\/v2\/product_brand?post=729160"},{"taxonomy":"product_cat","embeddable":true,"href":"https:\/\/roveyayinevi.com.tr\/index.php\/wp-json\/wp\/v2\/product_cat?post=729160"},{"taxonomy":"product_tag","embeddable":true,"href":"https:\/\/roveyayinevi.com.tr\/index.php\/wp-json\/wp\/v2\/product_tag?post=729160"}],"curies":[{"name":"wp","href":"https:\/\/api.w.org\/{rel}","templated":true}]}}