{"id":729157,"date":"2025-08-27T20:51:11","date_gmt":"2025-08-27T17:51:11","guid":{"rendered":"https:\/\/roveyayinevi.com.tr\/index.php\/urun\/yirmi-iki-murekkep-damlasi\/"},"modified":"2026-04-16T02:37:02","modified_gmt":"2026-04-15T23:37:02","slug":"yirmi-iki-murekkep-damlasi","status":"publish","type":"product","link":"https:\/\/roveyayinevi.com.tr\/index.php\/urun\/yirmi-iki-murekkep-damlasi\/","title":{"rendered":"Yirmi \u0130ki M\u00fcrekkep Damlas\u0131"},"content":{"rendered":"<p>Elinizdeki kitap, Osmanl\u0131 k\u00fclt\u00fcr tarihine ara\u015ft\u0131rmalar\u0131 ve ke\u015fifleriyle damga vuran Prof. Dr. \u0130smail E. Er\u00fcnsal ile yine k\u00fclt\u00fcr tarihi alan\u0131nda yaz\u0131 ve r\u00f6portajlar\u0131yla tan\u0131nan gazeteci-yazar Halil Solak\u2019\u0131n yapt\u0131\u011f\u0131 uzun soluklu bir s\u00f6yle\u015fiden olu\u015fuyor.Prof. Er\u00fcnsal\u2019\u0131n \u0130stanbul \u00dcniversitesi\u2019nden \u0130ngiltere\u2019ye uzanan e\u011fitim y\u0131llar\u0131, \u00fcniversite hocal\u0131\u011f\u0131, akademik d\u00fcnyan\u0131n problemleriyle a\u00e7\u0131lan kitap, imparatorluk co\u011frafyas\u0131nda kitap ticaretinin ve k\u00fct\u00fcphanelerin geli\u015fimi, padi\u015fahlar\u0131n kitaplarla ili\u015fkisi, Osmanl\u0131larda kad\u0131nlar\u0131n okudu\u011fu kitaplar, s\u0131byan mektepleri, sosyal ve k\u00fclt\u00fcr tarihi kayna\u011f\u0131 olarak kad\u0131 sicillerinin kullan\u0131m\u0131, d\u00fcnden bug\u00fcne sahafl\u0131\u011f\u0131n seyri, k\u00fct\u00fcphanelerin ve ar\u015fivlerin g\u00fcncel durumuna dair de\u011ferlendirmeleriyle s\u00fcr\u00fcyor.Kurulu\u015f y\u0131llar\u0131ndan itibaren TDV \u0130sl\u00e2m Ansiklopedisi ve \u0130SAM K\u00fct\u00fcphanesi \u00e7al\u0131\u015fmalar\u0131n\u0131n her a\u015famas\u0131nda bulunan Prof. Er\u00fcnsal, y\u00f6netici kimli\u011fiyle de\u011ferli tecr\u00fcbelerini de bizimle payla\u015f\u0131yor. Prof. Dr. \u0130smail E. Er\u00fcnsal ile Yirmi \u0130ki M\u00fcrrekep Damlas\u0131 sizi kitaplar\u0131n b\u00fcy\u00fcl\u00fc d\u00fcnyas\u0131nda ilham verici bir sohbete davet ediyor.<\/p>\n","protected":false},"excerpt":{"rendered":"<p>Elinizdeki kitap, Osmanl\u0131 k\u00fclt\u00fcr tarihine ara\u015ft\u0131rmalar\u0131 ve ke\u015fifleriyle damga vuran Prof. Dr. \u0130smail E. Er\u00fcnsal ile yine k\u00fclt\u00fcr tarihi alan\u0131nda yaz\u0131 ve r\u00f6portajlar\u0131yla tan\u0131nan gazeteci-yazar Halil<span class=\"excerpt-hellip\"> [\u2026]<\/span><\/p>\n","protected":false},"featured_media":0,"template":"","meta":{"_monsterinsights_skip_tracking":false,"_monsterinsights_sitenote_active":false,"_monsterinsights_sitenote_note":"","_monsterinsights_sitenote_category":0},"product_brand":[],"product_cat":[13517,12304],"product_tag":[],"class_list":{"0":"post-729157","1":"product","2":"type-product","3":"status-publish","5":"product_cat-osmanli-tarihi","6":"product_cat-tarih","7":"pa_cilt-ciltli","8":"pa_tur-kitap","9":"pa_yayinevi-timas-yayinlari","10":"pa_yazar-ismail-e-erunsal","12":"first","13":"instock","14":"sale","15":"shipping-taxable","16":"purchasable","17":"product-type-simple"},"_links":{"self":[{"href":"https:\/\/roveyayinevi.com.tr\/index.php\/wp-json\/wp\/v2\/product\/729157","targetHints":{"allow":["GET"]}}],"collection":[{"href":"https:\/\/roveyayinevi.com.tr\/index.php\/wp-json\/wp\/v2\/product"}],"about":[{"href":"https:\/\/roveyayinevi.com.tr\/index.php\/wp-json\/wp\/v2\/types\/product"}],"wp:attachment":[{"href":"https:\/\/roveyayinevi.com.tr\/index.php\/wp-json\/wp\/v2\/media?parent=729157"}],"wp:term":[{"taxonomy":"product_brand","embeddable":true,"href":"https:\/\/roveyayinevi.com.tr\/index.php\/wp-json\/wp\/v2\/product_brand?post=729157"},{"taxonomy":"product_cat","embeddable":true,"href":"https:\/\/roveyayinevi.com.tr\/index.php\/wp-json\/wp\/v2\/product_cat?post=729157"},{"taxonomy":"product_tag","embeddable":true,"href":"https:\/\/roveyayinevi.com.tr\/index.php\/wp-json\/wp\/v2\/product_tag?post=729157"}],"curies":[{"name":"wp","href":"https:\/\/api.w.org\/{rel}","templated":true}]}}