{"id":729154,"date":"2025-08-27T20:51:08","date_gmt":"2025-08-27T17:51:08","guid":{"rendered":"https:\/\/roveyayinevi.com.tr\/index.php\/urun\/arincon\/"},"modified":"2026-04-16T02:37:02","modified_gmt":"2026-04-15T23:37:02","slug":"arincon","status":"publish","type":"product","link":"https:\/\/roveyayinevi.com.tr\/index.php\/urun\/arincon\/","title":{"rendered":"Arincon"},"content":{"rendered":"<p>&#8220;Hayat se\u00e7imlerle doludur. Se\u00e7im yapmak zorunda kald\u0131\u011f\u0131n anlarda ge\u00e7mi\u015fi unutma ve havadaki cesaret kokusunu duy.\u201d Arya ve \u0130ngo&#8217;nun babas\u0131n\u0131n esrarengiz bi\u00e7imde kaybolmas\u0131 onlar\u0131 bu gizemi ayd\u0131nlatmak \u00fczere tuhaf bir yolculu\u011fa \u00e7\u0131kar\u0131r. \u00c7\u0131kt\u0131klar\u0131 yolda nereye gideceklerini, ne yapacaklar\u0131n\u0131 bilmemelerine kar\u015f\u0131n onlara ge\u00e7mi\u015fleri, babalar\u0131yla olan an\u0131lar\u0131 yard\u0131mc\u0131 olur. Yolun sonunda ula\u015ft\u0131klar\u0131 esrarengiz disk onlar\u0131 hi\u00e7 bilmedikleri bamba\u015fka bir evrene g\u00f6t\u00fcr\u00fcr. Daha \u00f6nce g\u00f6rd\u00fckleri her yerden farkl\u0131 olan Arincon evreninde kendilerini D\u00fc\u015fkapanlar, Kaz\u0131c\u0131lar, Aynac\u0131lar ve Gezgin kar\u015f\u0131lar. Sonsuz g\u00fcvenin ve ihanetin, s\u0131rlar\u0131n ve \u015fifrelerin, an\u0131lar\u0131n ve ger\u00e7eklerin i\u00e7 i\u00e7e ge\u00e7ti\u011fi Arincon\u2019da hayatta kalmak hi\u00e7 de kolay olmayacakt\u0131r. Paradokya serisiyle onbinlerin kalbinde taht kurmu\u015f Cem G\u00fclbent\u2019in kaleminden macera, aksiyon, bilinmezlik dolu bir eser. <\/p>\n","protected":false},"excerpt":{"rendered":"<p>&#8220;Hayat se\u00e7imlerle doludur. Se\u00e7im yapmak zorunda kald\u0131\u011f\u0131n anlarda ge\u00e7mi\u015fi unutma ve havadaki cesaret kokusunu duy.\u201d Arya ve \u0130ngo&#8217;nun babas\u0131n\u0131n esrarengiz bi\u00e7imde kaybolmas\u0131 onlar\u0131 bu gizemi ayd\u0131nlatmak<span class=\"excerpt-hellip\"> [\u2026]<\/span><\/p>\n","protected":false},"featured_media":0,"template":"","meta":{"_monsterinsights_skip_tracking":false,"_monsterinsights_sitenote_active":false,"_monsterinsights_sitenote_note":"","_monsterinsights_sitenote_category":0},"product_brand":[],"product_cat":[12275,12274],"product_tag":[],"class_list":{"0":"post-729154","1":"product","2":"type-product","3":"status-publish","5":"product_cat-6-12-yas-kitaplari","6":"product_cat-cocuk-ve-genclik-kitaplari","7":"pa_cilt-ciltsiz","8":"pa_tur-kitap","9":"pa_yayinevi-genc-timas","10":"pa_yazar-cem-gulbent","12":"first","13":"instock","14":"sale","15":"shipping-taxable","16":"purchasable","17":"product-type-simple"},"_links":{"self":[{"href":"https:\/\/roveyayinevi.com.tr\/index.php\/wp-json\/wp\/v2\/product\/729154","targetHints":{"allow":["GET"]}}],"collection":[{"href":"https:\/\/roveyayinevi.com.tr\/index.php\/wp-json\/wp\/v2\/product"}],"about":[{"href":"https:\/\/roveyayinevi.com.tr\/index.php\/wp-json\/wp\/v2\/types\/product"}],"wp:attachment":[{"href":"https:\/\/roveyayinevi.com.tr\/index.php\/wp-json\/wp\/v2\/media?parent=729154"}],"wp:term":[{"taxonomy":"product_brand","embeddable":true,"href":"https:\/\/roveyayinevi.com.tr\/index.php\/wp-json\/wp\/v2\/product_brand?post=729154"},{"taxonomy":"product_cat","embeddable":true,"href":"https:\/\/roveyayinevi.com.tr\/index.php\/wp-json\/wp\/v2\/product_cat?post=729154"},{"taxonomy":"product_tag","embeddable":true,"href":"https:\/\/roveyayinevi.com.tr\/index.php\/wp-json\/wp\/v2\/product_tag?post=729154"}],"curies":[{"name":"wp","href":"https:\/\/api.w.org\/{rel}","templated":true}]}}