{"id":729140,"date":"2025-08-27T20:50:54","date_gmt":"2025-08-27T17:50:54","guid":{"rendered":"https:\/\/roveyayinevi.com.tr\/index.php\/urun\/anneler-kizlari-ve-beden-algisi\/"},"modified":"2026-04-16T02:37:01","modified_gmt":"2026-04-15T23:37:01","slug":"anneler-kizlari-ve-beden-algisi","status":"publish","type":"product","link":"https:\/\/roveyayinevi.com.tr\/index.php\/urun\/anneler-kizlari-ve-beden-algisi\/","title":{"rendered":"Anneler, K\u0131zlar\u0131 ve Beden Alg\u0131s\u0131"},"content":{"rendered":"<p>Bedeni ve kendisi ile sa\u011fl\u0131kl\u0131 bir ili\u015fki kurmay\u0131 arzulayan, kendisini oldu\u011fu gibi sevmeyi \u00f6\u011frenmeyi dileyenleri ve bir k\u0131z \u00e7ocu\u011fu yeti\u015ftiren herkesi bir yolculu\u011fa \u00e7\u0131karan bu eser, ba\u015fucu kitab\u0131n\u0131z olacak nitelikte. Milyonlarca kad\u0131n, \u00f6zde\u011ferini bedeni \u00fczerinden tan\u0131ml\u0131yor. Medya, eril dil, yeti\u015ftirilme tarz\u0131m\u0131z gibi etkenlerin g\u00f6lgesinde ideal beden sanc\u0131lar\u0131 i\u00e7inde ya\u015fayan kad\u0131nlar i\u00e7in Psikolog Hillary L. McBride, bedenimizi nesnele\u015ftirmenin anlams\u0131zl\u0131\u011f\u0131n\u0131 ve buna neden olan tuzaklar\u0131 anlat\u0131yor.  \u0130deal beden alg\u0131s\u0131 yeme bozukluklar\u0131na yol a\u00e7arken, ya\u015fam\u0131 nas\u0131l ele ald\u0131\u011f\u0131m\u0131z\u0131n ve onu nas\u0131l ya\u015fad\u0131\u011f\u0131m\u0131z\u0131n da belirleyici fakt\u00f6r\u00fc olabiliyor. McBride, de\u011ferimizin ba\u015fkalar\u0131n\u0131n hakk\u0131m\u0131zdaki d\u00fc\u015f\u00fcncelerine, hayatta sergiledi\u011fimiz performansa ba\u011fl\u0131 olmad\u0131\u011f\u0131n\u0131n alt\u0131n\u0131 \u00e7iziyor. Kendi hikayesini, bu kitap i\u00e7in g\u00f6r\u00fc\u015ft\u00fc\u011f\u00fc anne ve k\u0131zlar\u0131n hikayesini maskesiz, yal\u0131n bir bi\u00e7imde okuyucuya rehber olabilecek \u015fekilde payla\u015f\u0131yor. <\/p>\n","protected":false},"excerpt":{"rendered":"<p>Bedeni ve kendisi ile sa\u011fl\u0131kl\u0131 bir ili\u015fki kurmay\u0131 arzulayan, kendisini oldu\u011fu gibi sevmeyi \u00f6\u011frenmeyi dileyenleri ve bir k\u0131z \u00e7ocu\u011fu yeti\u015ftiren herkesi bir yolculu\u011fa \u00e7\u0131karan bu eser,<span class=\"excerpt-hellip\"> [\u2026]<\/span><\/p>\n","protected":false},"featured_media":0,"template":"","meta":{"_monsterinsights_skip_tracking":false,"_monsterinsights_sitenote_active":false,"_monsterinsights_sitenote_note":"","_monsterinsights_sitenote_category":0},"product_brand":[],"product_cat":[12755,12357],"product_tag":[],"class_list":{"0":"post-729140","1":"product","2":"type-product","3":"status-publish","5":"product_cat-gelisim-psikolojisi","6":"product_cat-psikoloji","7":"pa_cilt-ciltsiz","8":"pa_tur-kitap","9":"pa_yayinevi-okuyan-us-yayin","10":"pa_yazar-hillary-l-mcbride","12":"first","13":"instock","14":"sale","15":"shipping-taxable","16":"purchasable","17":"product-type-simple"},"_links":{"self":[{"href":"https:\/\/roveyayinevi.com.tr\/index.php\/wp-json\/wp\/v2\/product\/729140","targetHints":{"allow":["GET"]}}],"collection":[{"href":"https:\/\/roveyayinevi.com.tr\/index.php\/wp-json\/wp\/v2\/product"}],"about":[{"href":"https:\/\/roveyayinevi.com.tr\/index.php\/wp-json\/wp\/v2\/types\/product"}],"wp:attachment":[{"href":"https:\/\/roveyayinevi.com.tr\/index.php\/wp-json\/wp\/v2\/media?parent=729140"}],"wp:term":[{"taxonomy":"product_brand","embeddable":true,"href":"https:\/\/roveyayinevi.com.tr\/index.php\/wp-json\/wp\/v2\/product_brand?post=729140"},{"taxonomy":"product_cat","embeddable":true,"href":"https:\/\/roveyayinevi.com.tr\/index.php\/wp-json\/wp\/v2\/product_cat?post=729140"},{"taxonomy":"product_tag","embeddable":true,"href":"https:\/\/roveyayinevi.com.tr\/index.php\/wp-json\/wp\/v2\/product_tag?post=729140"}],"curies":[{"name":"wp","href":"https:\/\/api.w.org\/{rel}","templated":true}]}}