{"id":729136,"date":"2025-08-27T20:50:50","date_gmt":"2025-08-27T17:50:50","guid":{"rendered":"https:\/\/roveyayinevi.com.tr\/index.php\/urun\/vedanta-felsefesi-upanisadlari\/"},"modified":"2026-04-16T02:37:01","modified_gmt":"2026-04-15T23:37:01","slug":"vedanta-felsefesi-upanisadlari","status":"publish","type":"product","link":"https:\/\/roveyayinevi.com.tr\/index.php\/urun\/vedanta-felsefesi-upanisadlari\/","title":{"rendered":"Vedanta Felsefesi Upani\u015fadlar\u0131"},"content":{"rendered":"<p>Ba\u015flang\u0131\u00e7ta her \u015feyin kendisi olan ve \u201ctek olmaktan\u201dsa \u201c\u00e7ok olmaya\u201d karar veren evrenin saf ruhu, her \u015feyi kendinden yaratt\u0131. \u0130\u00e7ini insanla, hareket eden ve etmeyen, canl\u0131 ve cans\u0131z,  tamamen maddeden olu\u015fmas\u0131na ra\u011fmen akl\u0131n hezeyanlar\u0131yla s\u0131fatlar y\u00fckleyerek onu de\u011ferli, elde edilmesi gereken bir nevi hazine h\u00e2line d\u00f6n\u00fc\u015ft\u00fcren nesnelerle doldurdu. Sonra da insana \u201cBu nesnelerle akl\u0131n\u0131 ve asl\u0131nda benden olan ruhunu kirletmeden bana geri d\u00f6n! Senin imtihan\u0131n bu!\u201d dedi. Sonra ezeli ve ebedi olan bu imtihana bir s\u00fcre bi\u00e7ti ve bu s\u00fcrenin noktaland\u0131\u011f\u0131 ana da \u201c\u00f6l\u00fcm\u201d dedi.Ebedi olan\u0131n kendinden \u00f6l\u00fcm\u00fc yaratmas\u0131yla ba\u015flayan imtihan, insan\u0131n ilk nefesinden  son nefesine kadar ge\u00e7en zamanda evrenin kendisiyle birle\u015fmeye giden yolu bulma \u00e7abas\u0131d\u0131r.Bu \u00e7abay\u0131 ve insana kendini yarat\u0131c\u0131 ba\u011flam\u0131nda anlatan o son noktad\u0131r Vedanta Felsefesi.Kendi sonlu hayat\u0131nda, bedenden \u00e7\u0131kacak olan son nefesini kendini yaratanla birle\u015ftirmenin s\u0131rr\u0131na ermi\u015f olan insanlara Svaha!T\u00fcm bunlar\u0131 yaratt\u0131ktan sonra hepsine dikkatlice bakt\u0131. Ve yaratt\u0131\u011f\u0131n\u0131 Brahma-tata-tamam olarak tan\u0131d\u0131 ve sonra \u201c\u0130dam Adar\u00e7am!\u201d h\u00fckm\u00fcnde bulundu. Bu h\u00fck\u00fcm ile g\u00f6r\u00fcn\u00fcr oldu\u011fu i\u00e7in insan bilinir \u0130dan-dra, yani \u0130dandra, olarak. Ve \u0130dandra ad\u0131yla bilinen, \u0130ndra olarak tanr\u0131lar aras\u0131nda zikredilir ki en b\u00fcy\u00fck s\u0131r budur. Muhakkak en y\u00fcce oland\u0131r t\u00fcm s\u0131rlar\u0131 seven.<\/p>\n","protected":false},"excerpt":{"rendered":"<p>Ba\u015flang\u0131\u00e7ta her \u015feyin kendisi olan ve \u201ctek olmaktan\u201dsa \u201c\u00e7ok olmaya\u201d karar veren evrenin saf ruhu, her \u015feyi kendinden yaratt\u0131. \u0130\u00e7ini insanla, hareket eden ve etmeyen, canl\u0131<span class=\"excerpt-hellip\"> [\u2026]<\/span><\/p>\n","protected":false},"featured_media":0,"template":"","meta":{"_monsterinsights_skip_tracking":false,"_monsterinsights_sitenote_active":false,"_monsterinsights_sitenote_note":"","_monsterinsights_sitenote_category":0},"product_brand":[],"product_cat":[12291,13706],"product_tag":[],"class_list":{"0":"post-729136","1":"product","2":"type-product","3":"status-publish","5":"product_cat-edebiyat","6":"product_cat-efsane-destan-masal","7":"pa_cilt-ciltsiz","8":"pa_tur-kitap","9":"pa_yayinevi-vaveyla-yayincilik","10":"pa_yazar-ayasya","12":"first","13":"instock","14":"sale","15":"shipping-taxable","16":"purchasable","17":"product-type-simple"},"_links":{"self":[{"href":"https:\/\/roveyayinevi.com.tr\/index.php\/wp-json\/wp\/v2\/product\/729136","targetHints":{"allow":["GET"]}}],"collection":[{"href":"https:\/\/roveyayinevi.com.tr\/index.php\/wp-json\/wp\/v2\/product"}],"about":[{"href":"https:\/\/roveyayinevi.com.tr\/index.php\/wp-json\/wp\/v2\/types\/product"}],"wp:attachment":[{"href":"https:\/\/roveyayinevi.com.tr\/index.php\/wp-json\/wp\/v2\/media?parent=729136"}],"wp:term":[{"taxonomy":"product_brand","embeddable":true,"href":"https:\/\/roveyayinevi.com.tr\/index.php\/wp-json\/wp\/v2\/product_brand?post=729136"},{"taxonomy":"product_cat","embeddable":true,"href":"https:\/\/roveyayinevi.com.tr\/index.php\/wp-json\/wp\/v2\/product_cat?post=729136"},{"taxonomy":"product_tag","embeddable":true,"href":"https:\/\/roveyayinevi.com.tr\/index.php\/wp-json\/wp\/v2\/product_tag?post=729136"}],"curies":[{"name":"wp","href":"https:\/\/api.w.org\/{rel}","templated":true}]}}