{"id":729133,"date":"2025-08-27T20:50:48","date_gmt":"2025-08-27T17:50:48","guid":{"rendered":"https:\/\/roveyayinevi.com.tr\/index.php\/urun\/ekonomi-arastirmalari-dergisi-cilt-3-sayi-12\/"},"modified":"2026-04-16T02:37:01","modified_gmt":"2026-04-15T23:37:01","slug":"ekonomi-arastirmalari-dergisi-cilt-3-sayi-12","status":"publish","type":"product","link":"https:\/\/roveyayinevi.com.tr\/index.php\/urun\/ekonomi-arastirmalari-dergisi-cilt-3-sayi-12\/","title":{"rendered":"Ekonomi Ara\u015ft\u0131rmalar\u0131 Dergisi; Cilt: 3 Say\u0131: 12"},"content":{"rendered":"<p>Bu say\u0131m\u0131zda: Do AEO Programs Facilitate Trade? An Empirical Assessment of the OIC Member States Ay\u00e7a Tekin-Koru, Nazire Nergiz Din\u00e7er Relative Consumption and Life Satisfaction in Turkey Devrim Dumluda\u011f, \u00d6zge G\u00f6kdemir, Ruut Veenhoven BIST 100 Endeksi \u0130\u00e7in Y\u00fckseli\u015f-D\u00fc\u015f\u00fc\u015f Tahmini \u0130\u00e7in Bir Yapay \u00d6\u011frenme Modeli Ercan Eren, Murat \u00d6zt\u00fcrkmen Mexico: A Progressive Government Dilemma &#8211; Reforming the Political System and Facing an Epidemic Like No Other Alicia Puyana Mutis T\u00fcrkiye\u2019de Kamunun G\u00f6z\u00fcnde H\u00fck\u00fcmetin \u0130ktisadi Sorumluluklar\u0131 Deniz Nebio\u011flu, Tuba Bircan<\/p>\n","protected":false},"excerpt":{"rendered":"<p>Bu say\u0131m\u0131zda: Do AEO Programs Facilitate Trade? An Empirical Assessment of the OIC Member States Ay\u00e7a Tekin-Koru, Nazire Nergiz Din\u00e7er Relative Consumption and Life Satisfaction in<span class=\"excerpt-hellip\"> [\u2026]<\/span><\/p>\n","protected":false},"featured_media":0,"template":"","meta":{"_monsterinsights_skip_tracking":false,"_monsterinsights_sitenote_active":false,"_monsterinsights_sitenote_note":"","_monsterinsights_sitenote_category":0},"product_brand":[],"product_cat":[13527],"product_tag":[],"class_list":{"0":"post-729133","1":"product","2":"type-product","3":"status-publish","5":"product_cat-sureli-yayinlar","6":"pa_cilt-ciltsiz","7":"pa_tur-dergi","8":"pa_yayinevi-efil-yayinevi-dergi","9":"pa_yazar-omer-faruk-colak","11":"first","12":"instock","13":"sale","14":"shipping-taxable","15":"purchasable","16":"product-type-simple"},"_links":{"self":[{"href":"https:\/\/roveyayinevi.com.tr\/index.php\/wp-json\/wp\/v2\/product\/729133","targetHints":{"allow":["GET"]}}],"collection":[{"href":"https:\/\/roveyayinevi.com.tr\/index.php\/wp-json\/wp\/v2\/product"}],"about":[{"href":"https:\/\/roveyayinevi.com.tr\/index.php\/wp-json\/wp\/v2\/types\/product"}],"wp:attachment":[{"href":"https:\/\/roveyayinevi.com.tr\/index.php\/wp-json\/wp\/v2\/media?parent=729133"}],"wp:term":[{"taxonomy":"product_brand","embeddable":true,"href":"https:\/\/roveyayinevi.com.tr\/index.php\/wp-json\/wp\/v2\/product_brand?post=729133"},{"taxonomy":"product_cat","embeddable":true,"href":"https:\/\/roveyayinevi.com.tr\/index.php\/wp-json\/wp\/v2\/product_cat?post=729133"},{"taxonomy":"product_tag","embeddable":true,"href":"https:\/\/roveyayinevi.com.tr\/index.php\/wp-json\/wp\/v2\/product_tag?post=729133"}],"curies":[{"name":"wp","href":"https:\/\/api.w.org\/{rel}","templated":true}]}}