{"id":729123,"date":"2025-08-27T20:50:40","date_gmt":"2025-08-27T17:50:40","guid":{"rendered":"https:\/\/roveyayinevi.com.tr\/index.php\/urun\/golge-dunya-macera-hikayeleri-serisi-5-kitap\/"},"modified":"2026-04-16T02:37:01","modified_gmt":"2026-04-15T23:37:01","slug":"golge-dunya-macera-hikayeleri-serisi-5-kitap","status":"publish","type":"product","link":"https:\/\/roveyayinevi.com.tr\/index.php\/urun\/golge-dunya-macera-hikayeleri-serisi-5-kitap\/","title":{"rendered":"G\u00f6lge D\u00fcnya Macera Hikayeleri Serisi 5 kitap"},"content":{"rendered":"<p>Merhaba! Benim ad\u0131m Tolga. Sana her zaman duydu\u011fun s\u0131radan \u015feylerden bahsetmeyece\u011fim. Bu sana \u00e7ok iddial\u0131 gelebilir ama hik\u00e2yenin sonunda bana hak vereceksin. \u00c7\u00fcnk\u00fc ben de \u201cG\u00f6lge D\u00fcnya\u201dyla tan\u0131\u015fana kadar s\u0131radan bir \u00e7ocuktum. Hatta \u00e7ok s\u0131k\u0131c\u0131 bir hayat\u0131m vard\u0131 da denebilir. Yani okula gidip geliyor, \u00f6devlerimi yap\u0131yor, yemek yiyor ve uyuyordum. G\u00fcnlerim sevimsiz bir s\u0131k\u0131c\u0131l\u0131kla devam ediyordu. Ta ki \u201cG\u00f6lge D\u00fcnya\u201ddaki ikizimle tan\u0131\u015fana kadar! \u015eimdi sen \u201cG\u00f6lge D\u00fcnya\u201d neresi, g\u00f6lge ikizim de kim bilmiyorsun. Bu \u00e7ok normal, ben de bilmiyordum. Bu kitab\u0131 okudu\u011funda acayip bir d\u00fcnyaya kap\u0131 aralayacaks\u0131n. Burada macera, e\u011flence, korku, gizem ve s\u0131rlar var. Bence sen de bir an \u00f6nce \u201cG\u00f6lge D\u00fcnya\u201dn\u0131n kap\u0131s\u0131n\u0131 aralamal\u0131s\u0131n\u2026<\/p>\n","protected":false},"excerpt":{"rendered":"<p>Merhaba! Benim ad\u0131m Tolga. Sana her zaman duydu\u011fun s\u0131radan \u015feylerden bahsetmeyece\u011fim. Bu sana \u00e7ok iddial\u0131 gelebilir ama hik\u00e2yenin sonunda bana hak vereceksin. \u00c7\u00fcnk\u00fc ben de \u201cG\u00f6lge<span class=\"excerpt-hellip\"> [\u2026]<\/span><\/p>\n","protected":false},"featured_media":0,"template":"","meta":{"_monsterinsights_skip_tracking":false,"_monsterinsights_sitenote_active":false,"_monsterinsights_sitenote_note":"","_monsterinsights_sitenote_category":0},"product_brand":[],"product_cat":[12274,12284],"product_tag":[],"class_list":{"0":"post-729123","1":"product","2":"type-product","3":"status-publish","5":"product_cat-cocuk-ve-genclik-kitaplari","6":"product_cat-hikayeler","7":"pa_cilt-set","8":"pa_tur-kitap","9":"pa_yayinevi-nesil-cocuk-yayinlari","10":"pa_yazar-yasemin-akyol","12":"first","13":"instock","14":"sale","15":"shipping-taxable","16":"purchasable","17":"product-type-simple"},"_links":{"self":[{"href":"https:\/\/roveyayinevi.com.tr\/index.php\/wp-json\/wp\/v2\/product\/729123","targetHints":{"allow":["GET"]}}],"collection":[{"href":"https:\/\/roveyayinevi.com.tr\/index.php\/wp-json\/wp\/v2\/product"}],"about":[{"href":"https:\/\/roveyayinevi.com.tr\/index.php\/wp-json\/wp\/v2\/types\/product"}],"wp:attachment":[{"href":"https:\/\/roveyayinevi.com.tr\/index.php\/wp-json\/wp\/v2\/media?parent=729123"}],"wp:term":[{"taxonomy":"product_brand","embeddable":true,"href":"https:\/\/roveyayinevi.com.tr\/index.php\/wp-json\/wp\/v2\/product_brand?post=729123"},{"taxonomy":"product_cat","embeddable":true,"href":"https:\/\/roveyayinevi.com.tr\/index.php\/wp-json\/wp\/v2\/product_cat?post=729123"},{"taxonomy":"product_tag","embeddable":true,"href":"https:\/\/roveyayinevi.com.tr\/index.php\/wp-json\/wp\/v2\/product_tag?post=729123"}],"curies":[{"name":"wp","href":"https:\/\/api.w.org\/{rel}","templated":true}]}}