{"id":729116,"date":"2025-08-27T20:50:35","date_gmt":"2025-08-27T17:50:35","guid":{"rendered":"https:\/\/roveyayinevi.com.tr\/index.php\/urun\/namus-adina-pakistandan-yukselen-adalet-sesi\/"},"modified":"2026-04-16T02:37:01","modified_gmt":"2026-04-15T23:37:01","slug":"namus-adina-pakistandan-yukselen-adalet-sesi","status":"publish","type":"product","link":"https:\/\/roveyayinevi.com.tr\/index.php\/urun\/namus-adina-pakistandan-yukselen-adalet-sesi\/","title":{"rendered":"Namus Ad\u0131na &#8211; Pakistan\u2019dan Y\u00fckselen Adalet Sesi"},"content":{"rendered":"<p>Yay\u0131mland\u0131\u011f\u0131 y\u0131l Fransa\u2019da en \u00e7ok okunan \u00fc\u00e7 kitaptan biri olan ve yirmi \u00fc\u00e7 dile \u00e7evrilen Namus Ad\u0131na, TIME taraf\u0131ndan &#8220;D\u00fcnyan\u0131n En Etkili Ki\u015fileri&#8221; listesine se\u00e7ilen Mai&#8217;nin sars\u0131c\u0131 hik\u00e2yesi.   \u201c\u00d6nceleri mutlak bir boyundurlukta ya\u015fad\u0131m; \u015fimdi isyan\u0131m da buna denk olacak.\u201d   Mukhtar Mai, Haziran 2002&#8217;de ac\u0131 dolu ve sars\u0131c\u0131 bir olay ya\u015fad\u0131. Pakistan&#8217;\u0131n Meerwala k\u00f6y\u00fcnde hayat\u0131n\u0131n beklenmedik \u015fekilde de\u011fi\u015fece\u011finden habersiz ailesiyle birlikte sessiz, sakin bir hayat s\u00fcrmekteyken, erkek karde\u015fine y\u00f6neltilen su\u00e7lar i\u00e7in sorumlu tutuldu. Namus meselesi y\u00fcz\u00fcnden, \u00e7arp\u0131k bir a\u015firet sisteminin ma\u011fduru oldu. Kad\u0131nl\u0131\u011f\u0131n\u0131 geri d\u00f6n\u00fc\u015f\u00fc olmayacak \u015fekilde yaralayan bir grup erkek kar\u015f\u0131s\u0131nda, kendisini bilinmeyenlerle dolu bir adalet denklemi i\u00e7inde buldu. Yine de ya\u015fad\u0131\u011f\u0131 onur k\u0131r\u0131c\u0131 trajedi kar\u015f\u0131s\u0131nda pes etmemeyi se\u00e7ti ve k\u00f6y\u00fcnde ayn\u0131 \u00e7arp\u0131k sistemden muzdarip di\u011fer gen\u00e7 kad\u0131nlar\u0131n sesi olmak \u00fczere, adalet m\u00fccadelesine ba\u015flad\u0131. Hik\u00e2yesi \u00f6nce yerel gazetelerde, daha sonra BBC ve TIME gibi b\u00fcy\u00fck yay\u0131nlar sayesinde global bir yank\u0131 buldu.   Ya\u015fad\u0131\u011f\u0131 trajediye ra\u011fmen Mukhtar Mai, 2002&#8217;de edindi\u011fi talihsiz \u00fcn\u00fcn\u00fc adalet, e\u011fitim ve insan haklar\u0131na adanm\u0131\u015f cesur bir ya\u015fama ve hik\u00e2yeye d\u00f6n\u00fc\u015ft\u00fcrmeye devam ediyor. Mai&#8217;nin kendi k\u00f6y\u00fcnde yakt\u0131\u011f\u0131 \u0131\u015f\u0131k sayesinde art\u0131k kad\u0131nlar adaletsizli\u011fe kar\u015f\u0131 seslerini duyuruyor, haklar\u0131n\u0131 ar\u0131yor. <\/p>\n","protected":false},"excerpt":{"rendered":"<p>Yay\u0131mland\u0131\u011f\u0131 y\u0131l Fransa\u2019da en \u00e7ok okunan \u00fc\u00e7 kitaptan biri olan ve yirmi \u00fc\u00e7 dile \u00e7evrilen Namus Ad\u0131na, TIME taraf\u0131ndan &#8220;D\u00fcnyan\u0131n En Etkili Ki\u015fileri&#8221; listesine se\u00e7ilen Mai&#8217;nin<span class=\"excerpt-hellip\"> [\u2026]<\/span><\/p>\n","protected":false},"featured_media":0,"template":"","meta":{"_monsterinsights_skip_tracking":false,"_monsterinsights_sitenote_active":false,"_monsterinsights_sitenote_note":"","_monsterinsights_sitenote_category":0},"product_brand":[],"product_cat":[14009,12291],"product_tag":[],"class_list":{"0":"post-729116","1":"product","2":"type-product","3":"status-publish","5":"product_cat-biyografi-otobiyografi-edebiyat","6":"product_cat-edebiyat","7":"pa_cilt-ciltsiz","8":"pa_tur-kitap","9":"pa_yayinevi-epsilon-yayinlari","10":"pa_yazar-mukhtar-mai","12":"first","13":"instock","14":"sale","15":"shipping-taxable","16":"purchasable","17":"product-type-simple"},"_links":{"self":[{"href":"https:\/\/roveyayinevi.com.tr\/index.php\/wp-json\/wp\/v2\/product\/729116","targetHints":{"allow":["GET"]}}],"collection":[{"href":"https:\/\/roveyayinevi.com.tr\/index.php\/wp-json\/wp\/v2\/product"}],"about":[{"href":"https:\/\/roveyayinevi.com.tr\/index.php\/wp-json\/wp\/v2\/types\/product"}],"wp:attachment":[{"href":"https:\/\/roveyayinevi.com.tr\/index.php\/wp-json\/wp\/v2\/media?parent=729116"}],"wp:term":[{"taxonomy":"product_brand","embeddable":true,"href":"https:\/\/roveyayinevi.com.tr\/index.php\/wp-json\/wp\/v2\/product_brand?post=729116"},{"taxonomy":"product_cat","embeddable":true,"href":"https:\/\/roveyayinevi.com.tr\/index.php\/wp-json\/wp\/v2\/product_cat?post=729116"},{"taxonomy":"product_tag","embeddable":true,"href":"https:\/\/roveyayinevi.com.tr\/index.php\/wp-json\/wp\/v2\/product_tag?post=729116"}],"curies":[{"name":"wp","href":"https:\/\/api.w.org\/{rel}","templated":true}]}}