{"id":729111,"date":"2025-08-27T20:50:30","date_gmt":"2025-08-27T17:50:30","guid":{"rendered":"https:\/\/roveyayinevi.com.tr\/index.php\/urun\/parazit-serisi-kutulu-set-2-kitap\/"},"modified":"2026-04-16T02:37:01","modified_gmt":"2026-04-15T23:37:01","slug":"parazit-serisi-kutulu-set-2-kitap","status":"publish","type":"product","link":"https:\/\/roveyayinevi.com.tr\/index.php\/urun\/parazit-serisi-kutulu-set-2-kitap\/","title":{"rendered":"Parazit Serisi Kutulu Set (2 Kitap)"},"content":{"rendered":"<p>Ya bir mikro\u00e7ip m\u00fckemmel e\u015finizi bulabilseydi?Peki ya, bu mikro\u00e7ip size ve sevdiklerinize kar\u015f\u0131 kullan\u0131labilseydi?   \u201cMacera dolu, kesinlikle nefes kesici ve sevip destekleyece\u011finiz karakterleri olan bu seriyi y\u0131llar boyu \u00f6nerece\u011fim.\u201d \u2014YA Midnight Reads   \u201cJessica Shirvington\u2019\u0131n bir \u015feyi yanl\u0131\u015f yapmas\u0131 m\u00fcmk\u00fcn de\u011fil.\u201d \u2014Thoughts <\/p>\n","protected":false},"excerpt":{"rendered":"<p>Ya bir mikro\u00e7ip m\u00fckemmel e\u015finizi bulabilseydi?Peki ya, bu mikro\u00e7ip size ve sevdiklerinize kar\u015f\u0131 kullan\u0131labilseydi? \u201cMacera dolu, kesinlikle nefes kesici ve sevip destekleyece\u011finiz karakterleri olan bu seriyi<span class=\"excerpt-hellip\"> [\u2026]<\/span><\/p>\n","protected":false},"featured_media":0,"template":"","meta":{"_monsterinsights_skip_tracking":false,"_monsterinsights_sitenote_active":false,"_monsterinsights_sitenote_note":"","_monsterinsights_sitenote_category":0},"product_brand":[],"product_cat":[12540,12291],"product_tag":[],"class_list":{"0":"post-729111","1":"product","2":"type-product","3":"status-publish","5":"product_cat-bilim-kurgu","6":"product_cat-edebiyat","7":"pa_cilt-ciltli","8":"pa_tur-kitap","9":"pa_yayinevi-yabanci-yayinevi","10":"pa_yazar-jessica-shirvington","12":"first","13":"instock","14":"sale","15":"shipping-taxable","16":"purchasable","17":"product-type-simple"},"_links":{"self":[{"href":"https:\/\/roveyayinevi.com.tr\/index.php\/wp-json\/wp\/v2\/product\/729111","targetHints":{"allow":["GET"]}}],"collection":[{"href":"https:\/\/roveyayinevi.com.tr\/index.php\/wp-json\/wp\/v2\/product"}],"about":[{"href":"https:\/\/roveyayinevi.com.tr\/index.php\/wp-json\/wp\/v2\/types\/product"}],"wp:attachment":[{"href":"https:\/\/roveyayinevi.com.tr\/index.php\/wp-json\/wp\/v2\/media?parent=729111"}],"wp:term":[{"taxonomy":"product_brand","embeddable":true,"href":"https:\/\/roveyayinevi.com.tr\/index.php\/wp-json\/wp\/v2\/product_brand?post=729111"},{"taxonomy":"product_cat","embeddable":true,"href":"https:\/\/roveyayinevi.com.tr\/index.php\/wp-json\/wp\/v2\/product_cat?post=729111"},{"taxonomy":"product_tag","embeddable":true,"href":"https:\/\/roveyayinevi.com.tr\/index.php\/wp-json\/wp\/v2\/product_tag?post=729111"}],"curies":[{"name":"wp","href":"https:\/\/api.w.org\/{rel}","templated":true}]}}