{"id":729110,"date":"2025-08-27T20:50:29","date_gmt":"2025-08-27T17:50:29","guid":{"rendered":"https:\/\/roveyayinevi.com.tr\/index.php\/urun\/duzenbazin-kalbi-ciltli\/"},"modified":"2026-04-16T02:37:01","modified_gmt":"2026-04-15T23:37:01","slug":"duzenbazin-kalbi-ciltli","status":"publish","type":"product","link":"https:\/\/roveyayinevi.com.tr\/index.php\/urun\/duzenbazin-kalbi-ciltli\/","title":{"rendered":"D\u00fczenbaz\u0131n Kalbi (Ciltli)"},"content":{"rendered":"<p>D\u00fczenbaz\u0131n Kalbi \u0130hanetle Doludur   Olden Han\u00e7eri\u2019ni ele ge\u00e7iren Kestra, Lord Endrick\u2019i yok etmeye yeminliydi fakat d\u00fc\u015fman\u0131n\u0131 fazla k\u00fc\u00e7\u00fcmsemi\u015fti. Onun hamlesini kolayca savu\u015fturan Endrick, han\u00e7erin ellerinden kay\u0131p gitmesinin ac\u0131s\u0131n\u0131 Kestra\u2019n\u0131n an\u0131lar\u0131n\u0131 silip onu k\u00f6lesi h\u00e2line getirerek \u00e7\u0131karacakt\u0131.   Vas\u0131lolan\u2019\u0131n durumunun ciddiyetinden habersiz olan Simon, onu kurtarabilmek i\u00e7in b\u00fcy\u00fcye ba\u015fvurmay\u0131 reddediyordu. Sava\u015f kap\u0131lar\u0131na dayand\u0131\u011f\u0131nda, kimseye g\u00fcvenmeyen Koraklar ve Halderianlar\u0131n aras\u0131ndan sa\u011f \u00e7\u0131kmak ve hakk\u0131 oldu\u011funu d\u00fc\u015f\u00fcnmedi\u011fi bir unvan\u0131n a\u011f\u0131rl\u0131\u011f\u0131n\u0131 ta\u015f\u0131mak zorunda kalacakt\u0131.   E\u011fer hayatta kalmak istiyorlarsa, Simon ve Kestra\u2019n\u0131n tek \u015fans\u0131 birbirlerine tekrar g\u00fcvenmek ve an\u0131lar\u0131na tutunmakt\u0131. Peki parampar\u00e7a bir kalp iyile\u015febilir miydi?   \u201cHer sayfada artan gerilimiyle, son kitaba do\u011fru nefes kesen bir yolculuk.\u201d \u2014Booklist <\/p>\n","protected":false},"excerpt":{"rendered":"<p>D\u00fczenbaz\u0131n Kalbi \u0130hanetle Doludur Olden Han\u00e7eri\u2019ni ele ge\u00e7iren Kestra, Lord Endrick\u2019i yok etmeye yeminliydi fakat d\u00fc\u015fman\u0131n\u0131 fazla k\u00fc\u00e7\u00fcmsemi\u015fti. Onun hamlesini kolayca savu\u015fturan Endrick, han\u00e7erin ellerinden kay\u0131p<span class=\"excerpt-hellip\"> [\u2026]<\/span><\/p>\n","protected":false},"featured_media":0,"template":"","meta":{"_monsterinsights_skip_tracking":false,"_monsterinsights_sitenote_active":false,"_monsterinsights_sitenote_note":"","_monsterinsights_sitenote_category":0},"product_brand":[],"product_cat":[12291,14777],"product_tag":[],"class_list":{"0":"post-729110","1":"product","2":"type-product","3":"status-publish","5":"product_cat-edebiyat","6":"product_cat-fantastik","7":"pa_cilt-ciltli","8":"pa_tur-kitap","9":"pa_yayinevi-yabanci-yayinevi","10":"pa_yazar-jennifer-a-nielsen","12":"first","13":"instock","14":"sale","15":"shipping-taxable","16":"purchasable","17":"product-type-simple"},"_links":{"self":[{"href":"https:\/\/roveyayinevi.com.tr\/index.php\/wp-json\/wp\/v2\/product\/729110","targetHints":{"allow":["GET"]}}],"collection":[{"href":"https:\/\/roveyayinevi.com.tr\/index.php\/wp-json\/wp\/v2\/product"}],"about":[{"href":"https:\/\/roveyayinevi.com.tr\/index.php\/wp-json\/wp\/v2\/types\/product"}],"wp:attachment":[{"href":"https:\/\/roveyayinevi.com.tr\/index.php\/wp-json\/wp\/v2\/media?parent=729110"}],"wp:term":[{"taxonomy":"product_brand","embeddable":true,"href":"https:\/\/roveyayinevi.com.tr\/index.php\/wp-json\/wp\/v2\/product_brand?post=729110"},{"taxonomy":"product_cat","embeddable":true,"href":"https:\/\/roveyayinevi.com.tr\/index.php\/wp-json\/wp\/v2\/product_cat?post=729110"},{"taxonomy":"product_tag","embeddable":true,"href":"https:\/\/roveyayinevi.com.tr\/index.php\/wp-json\/wp\/v2\/product_tag?post=729110"}],"curies":[{"name":"wp","href":"https:\/\/api.w.org\/{rel}","templated":true}]}}