{"id":729104,"date":"2025-08-27T20:50:22","date_gmt":"2025-08-27T17:50:22","guid":{"rendered":"https:\/\/roveyayinevi.com.tr\/index.php\/urun\/doganin-pesinde\/"},"modified":"2026-04-16T02:37:00","modified_gmt":"2026-04-15T23:37:00","slug":"doganin-pesinde","status":"publish","type":"product","link":"https:\/\/roveyayinevi.com.tr\/index.php\/urun\/doganin-pesinde\/","title":{"rendered":"Do\u011fa\u2019n\u0131n Pe\u015finde"},"content":{"rendered":"<p>\u0130stanbul\u2019da en \u00e7ok hangi a\u011fa\u00e7lar\u0131 g\u00f6rebilirim? Ku\u015f g\u00f6zlemi nas\u0131l yap\u0131l\u0131r? Bir a\u011fac\u0131n boyunu nas\u0131l \u00f6l\u00e7erim? \u0130stanbul\u2019da neden bu kadar \u00e7ok su kemeri var? Su samurlar\u0131 oyun oynar m\u0131? Bir k\u0131z\u0131l\u00e7am\u0131 di\u011ferlerinden nas\u0131l ay\u0131rt ederim? \u0130stanbul\u2019u hangi canl\u0131larla payla\u015f\u0131yorum? Kartal, geyik, yunus?   \u0130stanbul\u2019daki do\u011fal hayat\u0131 ne kadar tan\u0131yorsun? B\u00fcy\u00fck \u015fehrin do\u011fal alanlar\u0131n\u0131 ke\u015ffe \u00e7\u0131kmaya ve bar\u0131nd\u0131rd\u0131\u011f\u0131 muhte\u015fem canl\u0131 zenginli\u011fini tan\u0131maya ne dersin? Sana rehberlik etmesi i\u00e7in haz\u0131rlanan bu kitab\u0131n sayfalar\u0131 aras\u0131nda dola\u015f\u0131rken \u0130stanbul\u2019un bar\u0131nd\u0131rd\u0131\u011f\u0131, ekosistem \u00f6zelli\u011fiyle \u00f6ne \u00e7\u0131kan dokuz de\u011ferli do\u011fal alan\u0131 ke\u015ffedeceksin. Bu alanlarda ya\u015fayan canl\u0131 t\u00fcrlerine dair edinece\u011fin yeni bilgiler kentin do\u011fas\u0131n\u0131 yak\u0131ndan tan\u0131yabilmeni sa\u011flayacak ve ona bak\u0131\u015f\u0131n\u0131 geli\u015ftirecek. S\u00fcrprizlerle dolu bu ke\u015fif yolculu\u011funda sana reng\u00e2renk \u00e7izimler ve birbirinden e\u011flenceli etkinlik \u00f6nerileri e\u015flik edecek.   \u00c7EK\u00dcL Vakf\u0131, \u00fclkemizin do\u011fal, tarihsel ve k\u00fclt\u00fcrel varl\u0131klar\u0131n\u0131 korumak amac\u0131yla 1990 y\u0131l\u0131nda kuruldu. Kurulu\u015fundan itibaren do\u011fa-k\u00fclt\u00fcr-insan aras\u0131ndaki ya\u015famsal uyumun savunucusu olan \u00c7EK\u00dcL, \u201cDo\u011fa ve K\u00fclt\u00fcrle Var\u0131z\u201d slogan\u0131yla ya\u015fama ge\u00e7irdi\u011fi proje ve programlarla, en k\u00fc\u00e7\u00fck yerle\u015fmeden \u00fclke b\u00fct\u00fcn\u00fcne a\u00e7\u0131lan bir yakla\u015f\u0131m\u0131 benimsedi. \u00c7EK\u00dcL, Anadolu kentlerinde b\u0131rakt\u0131\u011f\u0131 kal\u0131c\u0131 izlerle, g\u00f6n\u00fcll\u00fc temsilcileri ve uzman kadrolar\u0131yla do\u011fal ve k\u00fclt\u00fcrel miras\u0131n korunmas\u0131 i\u00e7in \u00e7al\u0131\u015fmaya devam ediyor. <\/p>\n","protected":false},"excerpt":{"rendered":"<p>\u0130stanbul\u2019da en \u00e7ok hangi a\u011fa\u00e7lar\u0131 g\u00f6rebilirim? Ku\u015f g\u00f6zlemi nas\u0131l yap\u0131l\u0131r? Bir a\u011fac\u0131n boyunu nas\u0131l \u00f6l\u00e7erim? \u0130stanbul\u2019da neden bu kadar \u00e7ok su kemeri var? Su samurlar\u0131 oyun<span class=\"excerpt-hellip\"> [\u2026]<\/span><\/p>\n","protected":false},"featured_media":0,"template":"","meta":{"_monsterinsights_skip_tracking":false,"_monsterinsights_sitenote_active":false,"_monsterinsights_sitenote_note":"","_monsterinsights_sitenote_category":0},"product_brand":[],"product_cat":[12275,12274],"product_tag":[],"class_list":{"0":"post-729104","1":"product","2":"type-product","3":"status-publish","5":"product_cat-6-12-yas-kitaplari","6":"product_cat-cocuk-ve-genclik-kitaplari","7":"pa_cilt-ciltsiz","8":"pa_tur-kitap","9":"pa_yayinevi-dogan-egmont-yayincilik","10":"pa_yazar-gokcen-hazen","12":"first","13":"instock","14":"sale","15":"shipping-taxable","16":"purchasable","17":"product-type-simple"},"_links":{"self":[{"href":"https:\/\/roveyayinevi.com.tr\/index.php\/wp-json\/wp\/v2\/product\/729104","targetHints":{"allow":["GET"]}}],"collection":[{"href":"https:\/\/roveyayinevi.com.tr\/index.php\/wp-json\/wp\/v2\/product"}],"about":[{"href":"https:\/\/roveyayinevi.com.tr\/index.php\/wp-json\/wp\/v2\/types\/product"}],"wp:attachment":[{"href":"https:\/\/roveyayinevi.com.tr\/index.php\/wp-json\/wp\/v2\/media?parent=729104"}],"wp:term":[{"taxonomy":"product_brand","embeddable":true,"href":"https:\/\/roveyayinevi.com.tr\/index.php\/wp-json\/wp\/v2\/product_brand?post=729104"},{"taxonomy":"product_cat","embeddable":true,"href":"https:\/\/roveyayinevi.com.tr\/index.php\/wp-json\/wp\/v2\/product_cat?post=729104"},{"taxonomy":"product_tag","embeddable":true,"href":"https:\/\/roveyayinevi.com.tr\/index.php\/wp-json\/wp\/v2\/product_tag?post=729104"}],"curies":[{"name":"wp","href":"https:\/\/api.w.org\/{rel}","templated":true}]}}