{"id":729096,"date":"2025-08-27T20:50:13","date_gmt":"2025-08-27T17:50:13","guid":{"rendered":"https:\/\/roveyayinevi.com.tr\/index.php\/urun\/oyku-kahramanlari-ulkesinde-turkiyeli-yazarlar-dizisi-8\/"},"modified":"2026-04-16T02:37:00","modified_gmt":"2026-04-15T23:37:00","slug":"oyku-kahramanlari-ulkesinde-turkiyeli-yazarlar-dizisi-8","status":"publish","type":"product","link":"https:\/\/roveyayinevi.com.tr\/index.php\/urun\/oyku-kahramanlari-ulkesinde-turkiyeli-yazarlar-dizisi-8\/","title":{"rendered":"\u00d6yk\u00fc Kahramanlar\u0131 \u00dclkesi\u2019nde &#8211; T\u00fcrkiyeli Yazarlar Dizisi: 8"},"content":{"rendered":"<p>Yazar\u0131n Kim Bu Konu\u015fan? adl\u0131 kitab\u0131nda tan\u0131\u015ft\u0131\u011f\u0131m\u0131z Zeynep, bu kez \u00f6yk\u00fc kahramanlar\u0131n\u0131 yak\u0131ndan ke\u015ffediyor. Bar\u0131\u015f\u00e7\u0131l bir ejderhan\u0131n s\u0131rt\u0131nda \u00d6yk\u00fc Kahramanlar\u0131 \u00dclkesi\u2019ne gidiyoruz Zeynep ve Deniz ile birlikte. G\u00f6kku\u015fa\u011f\u0131na benzeyen bir nehrin, reng\u00e2renk a\u011fa\u00e7lar\u0131n, kar\u0131\u015ft\u0131ran r\u00fczg\u00e2r\u0131n oldu\u011fu bu \u00fclkede \u00e7e\u015fit \u00e7e\u015fit ejderha da var. Adlar\u0131 Beyaz, K\u0131rm\u0131z\u0131, Camg\u00f6be\u011fi, Mor. Burada her dili konu\u015fmak m\u00fcmk\u00fcn. \u0130nsanlar d\u00f6n\u00fc\u015ferek bazen Uzakdo\u011fulu, bazen K\u0131z\u0131lderili, bazen de Afrikal\u0131 oluyorlar. Yazar Gaye Din\u00e7el, ikinci kitab\u0131nda reng\u00e2renk, bar\u0131\u015f ve karde\u015flik dolu bir d\u00fcnyan\u0131n m\u00fcmk\u00fcn olabilece\u011fini g\u00f6steriyor \u00e7ocuklara. Sorgulayarak g\u00f6rebilme ve di\u011ferini anlayabilme yetilerini de geli\u015ftirerek\u2026 Biz de \u00d6yk\u00fc Kahramanlar\u0131 \u00dclkesi\u2019ndeki gibi ayr\u0131m g\u00f6zetmeden, bar\u0131\u015f i\u00e7inde ya\u015fayabilir miyiz? Neden olmas\u0131n? Kitaptan \u201cDeniz biliyor musun, ben bir ejderhayla tan\u0131\u015ft\u0131m.\u201d \u201cNerede? Ne zaman? \u015eaka m\u0131 yap\u0131yorsun?\u201d \u201cCiddiyim. Day\u0131m\u0131n yazd\u0131\u011f\u0131 bir \u00f6yk\u00fcde kar\u015f\u0131la\u015ft\u0131k.\u201d \u201cKar\u015f\u0131la\u015ft\u0131k derken?\u201d \u201cDay\u0131m onu korkun\u00e7, siyah bir ejderha olarak anlat\u0131yor. \u00d6yk\u00fcy\u00fc okurken ona seslendim, benimle konu\u015ftu. Asl\u0131nda beyaz, bar\u0131\u015f\u00e7\u0131 bir ejderhaym\u0131\u015f.\u201d \u201cNas\u0131l konu\u015ftu? Uyduruyorsun.\u201d \u201cUydurmuyorum, ger\u00e7ekten. Ke\u015fke seninle tan\u0131\u015ft\u0131rabilsem&#8230; O zaman bana inan\u0131rs\u0131n. Acaba seslensek duyar m\u0131?\u201d <\/p>\n","protected":false},"excerpt":{"rendered":"<p>Yazar\u0131n Kim Bu Konu\u015fan? adl\u0131 kitab\u0131nda tan\u0131\u015ft\u0131\u011f\u0131m\u0131z Zeynep, bu kez \u00f6yk\u00fc kahramanlar\u0131n\u0131 yak\u0131ndan ke\u015ffediyor. Bar\u0131\u015f\u00e7\u0131l bir ejderhan\u0131n s\u0131rt\u0131nda \u00d6yk\u00fc Kahramanlar\u0131 \u00dclkesi\u2019ne gidiyoruz Zeynep ve Deniz ile<span class=\"excerpt-hellip\"> [\u2026]<\/span><\/p>\n","protected":false},"featured_media":0,"template":"","meta":{"_monsterinsights_skip_tracking":false,"_monsterinsights_sitenote_active":false,"_monsterinsights_sitenote_note":"","_monsterinsights_sitenote_category":0},"product_brand":[],"product_cat":[12913,12274],"product_tag":[],"class_list":{"0":"post-729096","1":"product","2":"type-product","3":"status-publish","5":"product_cat-3-6-yas-kitaplari","6":"product_cat-cocuk-ve-genclik-kitaplari","7":"pa_cilt-ciltsiz","8":"pa_tur-kitap","9":"pa_yayinevi-gergedan-yayinlari","10":"pa_yazar-gaye-dincel","12":"first","13":"instock","14":"sale","15":"shipping-taxable","16":"purchasable","17":"product-type-simple"},"_links":{"self":[{"href":"https:\/\/roveyayinevi.com.tr\/index.php\/wp-json\/wp\/v2\/product\/729096","targetHints":{"allow":["GET"]}}],"collection":[{"href":"https:\/\/roveyayinevi.com.tr\/index.php\/wp-json\/wp\/v2\/product"}],"about":[{"href":"https:\/\/roveyayinevi.com.tr\/index.php\/wp-json\/wp\/v2\/types\/product"}],"wp:attachment":[{"href":"https:\/\/roveyayinevi.com.tr\/index.php\/wp-json\/wp\/v2\/media?parent=729096"}],"wp:term":[{"taxonomy":"product_brand","embeddable":true,"href":"https:\/\/roveyayinevi.com.tr\/index.php\/wp-json\/wp\/v2\/product_brand?post=729096"},{"taxonomy":"product_cat","embeddable":true,"href":"https:\/\/roveyayinevi.com.tr\/index.php\/wp-json\/wp\/v2\/product_cat?post=729096"},{"taxonomy":"product_tag","embeddable":true,"href":"https:\/\/roveyayinevi.com.tr\/index.php\/wp-json\/wp\/v2\/product_tag?post=729096"}],"curies":[{"name":"wp","href":"https:\/\/api.w.org\/{rel}","templated":true}]}}