{"id":729095,"date":"2025-08-27T20:50:12","date_gmt":"2025-08-27T17:50:12","guid":{"rendered":"https:\/\/roveyayinevi.com.tr\/index.php\/urun\/homo-sapiens-insanin-evrimi\/"},"modified":"2025-11-21T06:37:21","modified_gmt":"2025-11-21T03:37:21","slug":"homo-sapiens-insanin-evrimi","status":"publish","type":"product","link":"https:\/\/roveyayinevi.com.tr\/index.php\/urun\/homo-sapiens-insanin-evrimi\/","title":{"rendered":"Homo Sapiens: \u0130nsan\u0131n Evrimi"},"content":{"rendered":"<p>21. y\u00fczy\u0131lda yap\u0131lan ke\u015fifler insan evriminin \u00e7izgisel bir seyir izlemedi\u011fini, g\u00fcr bir a\u011fac\u0131n dallar\u0131 gibi b\u00fcy\u00fck bir \u00e7e\u015fitlilik i\u00e7erdi\u011fini ortaya koyuyor. \u0130nsans\u0131lar (homoninler) ve insan (homo) t\u00fcrleri birbiri ard\u0131na evrimle\u015fip ortadan kaybolmad\u0131lar; d\u00fcnyam\u0131z defalarca tek bir insan t\u00fcr\u00fcnden fazlas\u0131na sahne oldu. Biyolog ve okyanus bilimcisi Jean-Baptiste de Panafieu, Homo Sapiens: \u0130nsan\u0131n Evrimi\u2019nde en son bulgulara dayanarak bu zengin evrim \u00f6yk\u00fcs\u00fcn\u00fc g\u00f6zler \u00f6n\u00fcne seriyor. B\u00f6ylece, alet yapan ve sosyal organizasyona sahip olan ilk insan t\u00fcr\u00fc olmad\u0131\u011f\u0131m\u0131z\u0131, ba\u015fka insan t\u00fcrlerinin bizden \u00e7ok \u00f6nce Afrika\u2019dan \u00e7\u0131k\u0131p d\u00fcnyan\u0131n pek \u00e7ok yerine da\u011f\u0131ld\u0131\u011f\u0131n\u0131 \u00f6\u011freniyoruz. Homo Sapiens: \u0130nsan\u0131n Evrimi, kim oldu\u011fumuzu anlamam\u0131za yard\u0131m ederken t\u00fcr\u00fcm\u00fcz\u00fc \u00e7e\u015fitlili\u011fi i\u00e7inde bir b\u00fct\u00fcn olarak d\u00fc\u015f\u00fcnmemizi sa\u011fl\u0131yor<\/p>\n","protected":false},"excerpt":{"rendered":"<p>21. y\u00fczy\u0131lda yap\u0131lan ke\u015fifler insan evriminin \u00e7izgisel bir seyir izlemedi\u011fini, g\u00fcr bir a\u011fac\u0131n dallar\u0131 gibi b\u00fcy\u00fck bir \u00e7e\u015fitlilik i\u00e7erdi\u011fini ortaya koyuyor. \u0130nsans\u0131lar (homoninler) ve insan (homo)<span class=\"excerpt-hellip\"> [\u2026]<\/span><\/p>\n","protected":false},"featured_media":0,"template":"","meta":{"_monsterinsights_skip_tracking":false,"_monsterinsights_sitenote_active":false,"_monsterinsights_sitenote_note":"","_monsterinsights_sitenote_category":0},"product_brand":[],"product_cat":[13005,13006],"product_tag":[],"class_list":{"0":"post-729095","1":"product","2":"type-product","3":"status-publish","5":"product_cat-bilim-muhendislik","6":"product_cat-populer-bilim","7":"pa_cilt-ciltsiz","8":"pa_tur-kitap","9":"pa_yayinevi-bgst-yayinlari","10":"pa_yazar-jean-baptiste-de-panafieu","12":"first","13":"instock","14":"sale","15":"shipping-taxable","16":"purchasable","17":"product-type-simple"},"_links":{"self":[{"href":"https:\/\/roveyayinevi.com.tr\/index.php\/wp-json\/wp\/v2\/product\/729095","targetHints":{"allow":["GET"]}}],"collection":[{"href":"https:\/\/roveyayinevi.com.tr\/index.php\/wp-json\/wp\/v2\/product"}],"about":[{"href":"https:\/\/roveyayinevi.com.tr\/index.php\/wp-json\/wp\/v2\/types\/product"}],"wp:attachment":[{"href":"https:\/\/roveyayinevi.com.tr\/index.php\/wp-json\/wp\/v2\/media?parent=729095"}],"wp:term":[{"taxonomy":"product_brand","embeddable":true,"href":"https:\/\/roveyayinevi.com.tr\/index.php\/wp-json\/wp\/v2\/product_brand?post=729095"},{"taxonomy":"product_cat","embeddable":true,"href":"https:\/\/roveyayinevi.com.tr\/index.php\/wp-json\/wp\/v2\/product_cat?post=729095"},{"taxonomy":"product_tag","embeddable":true,"href":"https:\/\/roveyayinevi.com.tr\/index.php\/wp-json\/wp\/v2\/product_tag?post=729095"}],"curies":[{"name":"wp","href":"https:\/\/api.w.org\/{rel}","templated":true}]}}