{"id":729094,"date":"2025-08-27T20:50:12","date_gmt":"2025-08-27T17:50:12","guid":{"rendered":"https:\/\/roveyayinevi.com.tr\/index.php\/urun\/kundalini-yoga-ve-meditasyonla-rahatlama-rehberi\/"},"modified":"2026-04-16T02:37:00","modified_gmt":"2026-04-15T23:37:00","slug":"kundalini-yoga-ve-meditasyonla-rahatlama-rehberi","status":"publish","type":"product","link":"https:\/\/roveyayinevi.com.tr\/index.php\/urun\/kundalini-yoga-ve-meditasyonla-rahatlama-rehberi\/","title":{"rendered":"Kundalini Yoga Ve Meditasyon\u2019la Rahatlama Rehberi"},"content":{"rendered":"<p>Nur Taran bu kitab\u0131nda, e\u011fitmenli\u011fini yapt\u0131\u011f\u0131 Kundalini Yoga ve Meditasyon teknikleri konular\u0131nda \u015fahsi tecr\u00fcbesini de katt\u0131\u011f\u0131 detayl\u0131 ve faydal\u0131 \u00f6nerilerde bulunuyor okura&#8230; <\/p>\n","protected":false},"excerpt":{"rendered":"<p>Nur Taran bu kitab\u0131nda, e\u011fitmenli\u011fini yapt\u0131\u011f\u0131 Kundalini Yoga ve Meditasyon teknikleri konular\u0131nda \u015fahsi tecr\u00fcbesini de katt\u0131\u011f\u0131 detayl\u0131 ve faydal\u0131 \u00f6nerilerde bulunuyor okura&#8230;<\/p>\n","protected":false},"featured_media":0,"template":"","meta":{"_monsterinsights_skip_tracking":false,"_monsterinsights_sitenote_active":false,"_monsterinsights_sitenote_note":"","_monsterinsights_sitenote_category":0},"product_brand":[],"product_cat":[13365,19822],"product_tag":[],"class_list":{"0":"post-729094","1":"product","2":"type-product","3":"status-publish","5":"product_cat-saglik","6":"product_cat-yoga-meditasyon","7":"pa_cilt-ciltsiz","8":"pa_tur-kitap","9":"pa_yayinevi-agora-kitapligi","10":"pa_yazar-nur-taran","12":"first","13":"instock","14":"sale","15":"shipping-taxable","16":"purchasable","17":"product-type-simple"},"_links":{"self":[{"href":"https:\/\/roveyayinevi.com.tr\/index.php\/wp-json\/wp\/v2\/product\/729094","targetHints":{"allow":["GET"]}}],"collection":[{"href":"https:\/\/roveyayinevi.com.tr\/index.php\/wp-json\/wp\/v2\/product"}],"about":[{"href":"https:\/\/roveyayinevi.com.tr\/index.php\/wp-json\/wp\/v2\/types\/product"}],"wp:attachment":[{"href":"https:\/\/roveyayinevi.com.tr\/index.php\/wp-json\/wp\/v2\/media?parent=729094"}],"wp:term":[{"taxonomy":"product_brand","embeddable":true,"href":"https:\/\/roveyayinevi.com.tr\/index.php\/wp-json\/wp\/v2\/product_brand?post=729094"},{"taxonomy":"product_cat","embeddable":true,"href":"https:\/\/roveyayinevi.com.tr\/index.php\/wp-json\/wp\/v2\/product_cat?post=729094"},{"taxonomy":"product_tag","embeddable":true,"href":"https:\/\/roveyayinevi.com.tr\/index.php\/wp-json\/wp\/v2\/product_tag?post=729094"}],"curies":[{"name":"wp","href":"https:\/\/api.w.org\/{rel}","templated":true}]}}