{"id":729093,"date":"2025-08-27T20:50:11","date_gmt":"2025-08-27T17:50:11","guid":{"rendered":"https:\/\/roveyayinevi.com.tr\/index.php\/urun\/neoliberalizmin-harabelerinde\/"},"modified":"2026-04-16T02:36:45","modified_gmt":"2026-04-15T23:36:45","slug":"neoliberalizmin-harabelerinde","status":"publish","type":"product","link":"https:\/\/roveyayinevi.com.tr\/index.php\/urun\/neoliberalizmin-harabelerinde\/","title":{"rendered":"Neoliberalizmin Harabelerinde"},"content":{"rendered":"<p>Uzun s\u00fcredir d\u00fcnyada egemen y\u00f6netim ideolojisi olan neoliberalizmin ekonomik sonu\u00e7lar\u0131 hakk\u0131nda \u00e7ok say\u0131da \u00e7al\u0131\u015fma ve tart\u0131\u015fma var. Buna kar\u015f\u0131l\u0131k, neoliberalizmin yol a\u00e7t\u0131\u011f\u0131 siyasi sonu\u00e7lar\u0131 ve sorunlar\u0131 da derinlemesine tart\u0131\u015fmak gerekiyor. Wendy Brown\u2019\u0131n temel sorusu \u201cNeoliberal ekonomik sars\u0131nt\u0131lar\u0131n sonucunda neden ve nas\u0131l sol de\u011fil de sa\u011f g\u00fc\u00e7lendi?\u201d \u015feklinde \u00f6zetlenebilir. Sa\u011f, \u00f6zellikle de pop\u00fclist sa\u011f, toplumdaki hangi ihtiya\u00e7lara ne gibi kavram k\u00fcmelerini kullanarak, ne gibi ideolojik manevralarla kar\u015f\u0131l\u0131k verdi de 2008\u2019deki k\u00fcresel finans krizinden g\u00fc\u00e7l\u00fc \u00e7\u0131kt\u0131, pek \u00e7ok \u00fclkede iktidar\u0131 ele ge\u00e7irebildi? Bu hareketlerin sonucunda hangi sosyal haklar zay\u0131flad\u0131, e\u015fitlik ilkelerinin uygulanmas\u0131nda ne gibi kay\u0131plar ya\u015fand\u0131?   Peki, ortaya \u00e7\u0131kan \u201charabeler\u201d neoliberalizmin teorisiyle ne kadar uyumlu? \u201cReel\u201d neoliberalizm kendi teorisiyle hangi bak\u0131mlardan \u00e7eli\u015fmek pahas\u0131na hayata ge\u00e7irilebildi? Teorik olarak \u00f6nemli roller bi\u00e7ilen gelenek, ahlak ve piyasa gibi toplumsal etmenler insanlar aras\u0131ndaki ili\u015fkileri fiilen nas\u0131l d\u00fczenledi? Brown, Amerika Birle\u015fik Devletleri \u00f6rne\u011finde bu sorular\u0131n cevaplar\u0131n\u0131 ar\u0131yor.   Kitab\u0131n izinden gitmek, neoliberalizmin ba\u015fka \u00fclkelerde yaratt\u0131\u011f\u0131 siyasal ve toplumsal tahribat \u00fczerine d\u00fc\u015f\u00fcnmek, sol ad\u0131na dersler \u00e7\u0131karmak isteyenler i\u00e7in\u2026 <\/p>\n","protected":false},"excerpt":{"rendered":"<p>Uzun s\u00fcredir d\u00fcnyada egemen y\u00f6netim ideolojisi olan neoliberalizmin ekonomik sonu\u00e7lar\u0131 hakk\u0131nda \u00e7ok say\u0131da \u00e7al\u0131\u015fma ve tart\u0131\u015fma var. Buna kar\u015f\u0131l\u0131k, neoliberalizmin yol a\u00e7t\u0131\u011f\u0131 siyasi sonu\u00e7lar\u0131 ve sorunlar\u0131<span class=\"excerpt-hellip\"> [\u2026]<\/span><\/p>\n","protected":false},"featured_media":0,"template":"","meta":{"_monsterinsights_skip_tracking":false,"_monsterinsights_sitenote_active":false,"_monsterinsights_sitenote_note":"","_monsterinsights_sitenote_category":0},"product_brand":[],"product_cat":[12337,14706],"product_tag":[],"class_list":{"0":"post-729093","1":"product","2":"type-product","3":"status-publish","5":"product_cat-politika-siyaset","6":"product_cat-siyaset-bilimi","7":"pa_cilt-ciltsiz","8":"pa_tur-kitap","9":"pa_yayinevi-metis-yayinlari","10":"pa_yazar-wendy-brown","12":"first","13":"instock","14":"sale","15":"shipping-taxable","16":"purchasable","17":"product-type-simple"},"_links":{"self":[{"href":"https:\/\/roveyayinevi.com.tr\/index.php\/wp-json\/wp\/v2\/product\/729093","targetHints":{"allow":["GET"]}}],"collection":[{"href":"https:\/\/roveyayinevi.com.tr\/index.php\/wp-json\/wp\/v2\/product"}],"about":[{"href":"https:\/\/roveyayinevi.com.tr\/index.php\/wp-json\/wp\/v2\/types\/product"}],"wp:attachment":[{"href":"https:\/\/roveyayinevi.com.tr\/index.php\/wp-json\/wp\/v2\/media?parent=729093"}],"wp:term":[{"taxonomy":"product_brand","embeddable":true,"href":"https:\/\/roveyayinevi.com.tr\/index.php\/wp-json\/wp\/v2\/product_brand?post=729093"},{"taxonomy":"product_cat","embeddable":true,"href":"https:\/\/roveyayinevi.com.tr\/index.php\/wp-json\/wp\/v2\/product_cat?post=729093"},{"taxonomy":"product_tag","embeddable":true,"href":"https:\/\/roveyayinevi.com.tr\/index.php\/wp-json\/wp\/v2\/product_tag?post=729093"}],"curies":[{"name":"wp","href":"https:\/\/api.w.org\/{rel}","templated":true}]}}