{"id":729080,"date":"2025-08-27T20:49:57","date_gmt":"2025-08-27T17:49:57","guid":{"rendered":"https:\/\/roveyayinevi.com.tr\/index.php\/urun\/ejderha-kitabi\/"},"modified":"2026-04-16T02:36:45","modified_gmt":"2026-04-15T23:36:45","slug":"ejderha-kitabi","status":"publish","type":"product","link":"https:\/\/roveyayinevi.com.tr\/index.php\/urun\/ejderha-kitabi\/","title":{"rendered":"Ejderha Kitab\u0131"},"content":{"rendered":"<p>Ebeveynini kaybeden bir \u00e7ocuk kendini kral ve canlanan resimlerle dolu b\u00fcy\u00fcl\u00fc bir kitab\u0131n sahibi olarak bulur. Bir k\u0131z\u0131n g\u00f6z\u00fcndeki minik bir ejderha, akla gelebilecek her boyuttaki ejderhalar\u0131n istilas\u0131n\u0131n ilk i\u015faretidir. Nesbit\u2019in \u00e7ocuklar\u0131 bazen yaramaz, genellikle \u00e7ok zeki ve neredeyse her zaman merakl\u0131d\u0131r.  Fantastik yarat\u0131klar\u0131 modern edebiyat karakterleriyle ba\u015far\u0131l\u0131 bir \u015fekilde bulu\u015fturup harmanlayarak kal\u0131c\u0131 eserlere imza atan Edith Nesbit, bu sayede modern fantastik edebiyat\u0131n kurucular\u0131 aras\u0131nda yer alm\u0131\u015ft\u0131r. Bu kitapta da ejderhalar\u0131, grifinleri ve hipograflar\u0131 insanlarla bir araya getirmi\u015f, \u00e7ocuklardan yeti\u015fkinlere \u00e7ok geni\u015f bir kesimin zevkle okuyaca\u011f\u0131 bir kitaba imza atm\u0131\u015ft\u0131r. <\/p>\n","protected":false},"excerpt":{"rendered":"<p>Ebeveynini kaybeden bir \u00e7ocuk kendini kral ve canlanan resimlerle dolu b\u00fcy\u00fcl\u00fc bir kitab\u0131n sahibi olarak bulur. Bir k\u0131z\u0131n g\u00f6z\u00fcndeki minik bir ejderha, akla gelebilecek her boyuttaki<span class=\"excerpt-hellip\"> [\u2026]<\/span><\/p>\n","protected":false},"featured_media":0,"template":"","meta":{"_monsterinsights_skip_tracking":false,"_monsterinsights_sitenote_active":false,"_monsterinsights_sitenote_note":"","_monsterinsights_sitenote_category":0},"product_brand":[],"product_cat":[12291,18202],"product_tag":[],"class_list":{"0":"post-729080","1":"product","2":"type-product","3":"status-publish","5":"product_cat-edebiyat","6":"product_cat-hikaye","7":"pa_cilt-ciltsiz","8":"pa_tur-kitap","9":"pa_yayinevi-maya-kitap","10":"pa_yazar-edith-nesbit","12":"first","13":"instock","14":"sale","15":"shipping-taxable","16":"purchasable","17":"product-type-simple"},"_links":{"self":[{"href":"https:\/\/roveyayinevi.com.tr\/index.php\/wp-json\/wp\/v2\/product\/729080","targetHints":{"allow":["GET"]}}],"collection":[{"href":"https:\/\/roveyayinevi.com.tr\/index.php\/wp-json\/wp\/v2\/product"}],"about":[{"href":"https:\/\/roveyayinevi.com.tr\/index.php\/wp-json\/wp\/v2\/types\/product"}],"wp:attachment":[{"href":"https:\/\/roveyayinevi.com.tr\/index.php\/wp-json\/wp\/v2\/media?parent=729080"}],"wp:term":[{"taxonomy":"product_brand","embeddable":true,"href":"https:\/\/roveyayinevi.com.tr\/index.php\/wp-json\/wp\/v2\/product_brand?post=729080"},{"taxonomy":"product_cat","embeddable":true,"href":"https:\/\/roveyayinevi.com.tr\/index.php\/wp-json\/wp\/v2\/product_cat?post=729080"},{"taxonomy":"product_tag","embeddable":true,"href":"https:\/\/roveyayinevi.com.tr\/index.php\/wp-json\/wp\/v2\/product_tag?post=729080"}],"curies":[{"name":"wp","href":"https:\/\/api.w.org\/{rel}","templated":true}]}}