{"id":729078,"date":"2025-08-27T20:49:55","date_gmt":"2025-08-27T17:49:55","guid":{"rendered":"https:\/\/roveyayinevi.com.tr\/index.php\/urun\/estetik-servet-i-funun-yazilari-1\/"},"modified":"2026-04-16T02:36:44","modified_gmt":"2026-04-15T23:36:44","slug":"estetik-servet-i-funun-yazilari-1","status":"publish","type":"product","link":"https:\/\/roveyayinevi.com.tr\/index.php\/urun\/estetik-servet-i-funun-yazilari-1\/","title":{"rendered":"Estetik &#8211; Servet-i F\u00fcnun Yaz\u0131lar\u0131 1"},"content":{"rendered":"<p>H\u00fcseyin Cahit Yal\u00e7\u0131n\u2019\u0131n 1898\u2019de \u201cHikmet-i Bedayie Dair\u201d \u00fcst ba\u015fl\u0131\u011f\u0131 ile on alt\u0131 yaz\u0131 h\u00e2linde Servet-i F\u00fcnun\u2019da yay\u0131mlad\u0131\u011f\u0131 yaz\u0131 dizisi, T\u00fcrk edebiyat\u0131nda estetik meselesini bir b\u00fct\u00fcnl\u00fck i\u00e7inde ele alan ilk metindir. H\u00fcseyin Cahit, bu yaz\u0131 dizisinde her ne kadar estetik hakk\u0131nda yaz\u0131lm\u0131\u015f bir\u00e7ok esere g\u00f6nderme yapsa da Hippolyte Taine\u2019in estetik g\u00f6r\u00fc\u015flerini esas al\u0131r. Bu anlamda bahsi ge\u00e7en yaz\u0131lar, edebiyat\u0131m\u0131zda Hippolyte Taine\u2019in d\u00fc\u015f\u00fcnceleri hakk\u0131nda derli toplu de\u011ferlendirme yap\u0131lan yaz\u0131lar kategorisinde de de\u011ferlendirilebilir. H\u00fcseyin Cahit, bu yaz\u0131lar\u0131 kaleme al\u0131rken \u015f\u00fcphesiz Servet-i F\u00fcn\u00fbn edebiyat\u0131n\u0131n dayand\u0131\u011f\u0131 estetik temelleri de izah etmeye \u00e7al\u0131\u015f\u0131yordu. Dolay\u0131s\u0131yla bu kitap hem estetik bahsini hem Hippolyte Taine\u2019i hem de Servet-i F\u00fcn\u00fbn edebiyat\u0131n\u0131n estetik temellerini anlamak noktas\u0131nda \u00f6nemli bir konumdad\u0131r. Bu kitapta \u201cHikmet-i Bedayie Dair\u201d ba\u015fl\u0131kl\u0131 yaz\u0131 dizisi d\u0131\u015f\u0131nda H\u00fcseyin Cahit\u2019in ayn\u0131 konuyla ili\u015fkili say\u0131labilecek \u00fc\u00e7\u00fc telif, yedisi terc\u00fcme on yaz\u0131s\u0131 daha bulunmaktad\u0131r.<\/p>\n","protected":false},"excerpt":{"rendered":"<p>H\u00fcseyin Cahit Yal\u00e7\u0131n\u2019\u0131n 1898\u2019de \u201cHikmet-i Bedayie Dair\u201d \u00fcst ba\u015fl\u0131\u011f\u0131 ile on alt\u0131 yaz\u0131 h\u00e2linde Servet-i F\u00fcnun\u2019da yay\u0131mlad\u0131\u011f\u0131 yaz\u0131 dizisi, T\u00fcrk edebiyat\u0131nda estetik meselesini bir b\u00fct\u00fcnl\u00fck i\u00e7inde<span class=\"excerpt-hellip\"> [\u2026]<\/span><\/p>\n","protected":false},"featured_media":0,"template":"","meta":{"_monsterinsights_skip_tracking":false,"_monsterinsights_sitenote_active":false,"_monsterinsights_sitenote_note":"","_monsterinsights_sitenote_category":0},"product_brand":[],"product_cat":[13072,12291],"product_tag":[],"class_list":{"0":"post-729078","1":"product","2":"type-product","3":"status-publish","5":"product_cat-arastirma-inceleme-referans","6":"product_cat-edebiyat","7":"pa_cilt-ciltsiz","8":"pa_tur-kitap","9":"pa_yayinevi-otuken-nesriyat","10":"pa_yazar-huseyin-cahit-yalcin","12":"first","13":"instock","14":"sale","15":"shipping-taxable","16":"purchasable","17":"product-type-simple"},"_links":{"self":[{"href":"https:\/\/roveyayinevi.com.tr\/index.php\/wp-json\/wp\/v2\/product\/729078","targetHints":{"allow":["GET"]}}],"collection":[{"href":"https:\/\/roveyayinevi.com.tr\/index.php\/wp-json\/wp\/v2\/product"}],"about":[{"href":"https:\/\/roveyayinevi.com.tr\/index.php\/wp-json\/wp\/v2\/types\/product"}],"wp:attachment":[{"href":"https:\/\/roveyayinevi.com.tr\/index.php\/wp-json\/wp\/v2\/media?parent=729078"}],"wp:term":[{"taxonomy":"product_brand","embeddable":true,"href":"https:\/\/roveyayinevi.com.tr\/index.php\/wp-json\/wp\/v2\/product_brand?post=729078"},{"taxonomy":"product_cat","embeddable":true,"href":"https:\/\/roveyayinevi.com.tr\/index.php\/wp-json\/wp\/v2\/product_cat?post=729078"},{"taxonomy":"product_tag","embeddable":true,"href":"https:\/\/roveyayinevi.com.tr\/index.php\/wp-json\/wp\/v2\/product_tag?post=729078"}],"curies":[{"name":"wp","href":"https:\/\/api.w.org\/{rel}","templated":true}]}}