{"id":729076,"date":"2025-08-27T20:49:52","date_gmt":"2025-08-27T17:49:52","guid":{"rendered":"https:\/\/roveyayinevi.com.tr\/index.php\/urun\/yaralasar-1-ciltli\/"},"modified":"2026-04-16T02:36:44","modified_gmt":"2026-04-15T23:36:44","slug":"yaralasar-1-ciltli","status":"publish","type":"product","link":"https:\/\/roveyayinevi.com.tr\/index.php\/urun\/yaralasar-1-ciltli\/","title":{"rendered":"Yaralasar -1 (Ciltli)"},"content":{"rendered":"<p>Yeti\u015ftirme yurdunda b\u00fcy\u00fcyen Sedef, bir gece kimsesiz yirmi dokuz \u00e7ocukla birlikte \u201cdamgalan\u0131r\u201d.Art\u0131k bu kimsesiz \u00e7ocuklar\u0131n tamam\u0131 Yarasa\u2019d\u0131rve damgac\u0131y\u0131 g\u00f6ren tek \u00e7ocuk Sedef\u2019tir.Sedef, o gece ya\u015fananlardan sonra yurttanka\u00e7arak  sokaklarda ya\u015famaya ba\u015flam\u0131\u015f ancakk\u00f6t\u00fc \u015fans pe\u015fini bir t\u00fcrl\u00fc b\u0131rakmam\u0131\u015ft\u0131r. D\u00fc\u015ft\u00fc\u011f\u00fc bu \u00e7ukurdan \u00e7\u0131kmas\u0131 i\u00e7in elinebir f\u0131rsat ge\u00e7en Sedef\u2019in iki se\u00e7ene\u011fi vard\u0131r: Ya ka\u00e7\u0131p kurtulacak ya da bundan sonrakihayat\u0131na  sokaklarda devam edecektir. Ancak beklenmedik bir olay her \u015feyi alt \u00fcst eder:Damgac\u0131 y\u0131llar sonra ortaya \u00e7\u0131km\u0131\u015f ve damgalad\u0131\u011f\u0131 otuz Yarasa\u2019n\u0131n pe\u015fine d\u00fc\u015fm\u00fc\u015ft\u00fcr.       \u201cBir k\u00f6\u015feye \u00e7ekiliyorsun, belki de bir duvar dibine\u2026 Sonra uzun uzun bak\u0131yorsun g\u00f6ky\u00fcz\u00fcne. Bulutlar\u0131n \u00f6tesinde bir \u0131\u015f\u0131k g\u00f6rmek istercesine bak\u0131yorsun ancak ne kadar bakarsan bak, hep ayn\u0131 kasveti g\u00f6r\u00fcyorsun.\u201d <\/p>\n","protected":false},"excerpt":{"rendered":"<p>Yeti\u015ftirme yurdunda b\u00fcy\u00fcyen Sedef, bir gece kimsesiz yirmi dokuz \u00e7ocukla birlikte \u201cdamgalan\u0131r\u201d.Art\u0131k bu kimsesiz \u00e7ocuklar\u0131n tamam\u0131 Yarasa\u2019d\u0131rve damgac\u0131y\u0131 g\u00f6ren tek \u00e7ocuk Sedef\u2019tir.Sedef, o gece ya\u015fananlardan sonra<span class=\"excerpt-hellip\"> [\u2026]<\/span><\/p>\n","protected":false},"featured_media":0,"template":"","meta":{"_monsterinsights_skip_tracking":false,"_monsterinsights_sitenote_active":false,"_monsterinsights_sitenote_note":"","_monsterinsights_sitenote_category":0},"product_brand":[],"product_cat":[12291,12711],"product_tag":[],"class_list":{"0":"post-729076","1":"product","2":"type-product","3":"status-publish","5":"product_cat-edebiyat","6":"product_cat-roman-oyku","7":"pa_cilt-ciltli","8":"pa_tur-kitap","9":"pa_yayinevi-ephesus-yayinlari","10":"pa_yazar-maral-atmaca","12":"first","13":"instock","14":"sale","15":"shipping-taxable","16":"purchasable","17":"product-type-simple"},"_links":{"self":[{"href":"https:\/\/roveyayinevi.com.tr\/index.php\/wp-json\/wp\/v2\/product\/729076","targetHints":{"allow":["GET"]}}],"collection":[{"href":"https:\/\/roveyayinevi.com.tr\/index.php\/wp-json\/wp\/v2\/product"}],"about":[{"href":"https:\/\/roveyayinevi.com.tr\/index.php\/wp-json\/wp\/v2\/types\/product"}],"wp:attachment":[{"href":"https:\/\/roveyayinevi.com.tr\/index.php\/wp-json\/wp\/v2\/media?parent=729076"}],"wp:term":[{"taxonomy":"product_brand","embeddable":true,"href":"https:\/\/roveyayinevi.com.tr\/index.php\/wp-json\/wp\/v2\/product_brand?post=729076"},{"taxonomy":"product_cat","embeddable":true,"href":"https:\/\/roveyayinevi.com.tr\/index.php\/wp-json\/wp\/v2\/product_cat?post=729076"},{"taxonomy":"product_tag","embeddable":true,"href":"https:\/\/roveyayinevi.com.tr\/index.php\/wp-json\/wp\/v2\/product_tag?post=729076"}],"curies":[{"name":"wp","href":"https:\/\/api.w.org\/{rel}","templated":true}]}}