{"id":729068,"date":"2025-08-27T20:49:45","date_gmt":"2025-08-27T17:49:45","guid":{"rendered":"https:\/\/roveyayinevi.com.tr\/index.php\/urun\/ressamlarin-sirlari-nelerdir-123-basla-serisi\/"},"modified":"2026-04-16T02:36:44","modified_gmt":"2026-04-15T23:36:44","slug":"ressamlarin-sirlari-nelerdir-123-basla-serisi","status":"publish","type":"product","link":"https:\/\/roveyayinevi.com.tr\/index.php\/urun\/ressamlarin-sirlari-nelerdir-123-basla-serisi\/","title":{"rendered":"Ressamlar\u0131n S\u0131rlar\u0131 Nelerdir? &#8211; 123 Ba\u015fla Serisi"},"content":{"rendered":"<p>Du\u0308nyan\u0131n \u0130lk Ressam\u0131 Kimdir? S\u0131cak Renkler Ve So\u011fuk Renkler Hangileridir? Derinlik Yan\u0131lsamas\u0131 Nas\u0131l Yarat\u0131l\u0131r? Bir Tabloda I\u015f\u0131k Ve G\u00f6lge Ne \u0130\u015fe Yarar? Ressamlar Bizi Nas\u0131l Yan\u0131lt\u0131r?Bu\u0308yu\u0308k Ressamlar\u0131n S\u0131rlar\u0131n\u0131 Ve Eserlerini Ke\u015ffedece\u011fin Bir Yolculu\u011fa \u00c7\u0131kmaya Haz\u0131rlan!Tarih \u00d6ncesi \u0130nsanlar\u0131n \u015eablon Tekni\u011fini Nas\u0131l \u0130cat Ettiklerini, Vincent Van Gogh\u2019un Renkleri Kar\u0131\u015ft\u0131rmak \u0130\u00e7in Nas\u0131l Kromatik Diyagram Kulland\u0131\u011f\u0131n\u0131, Caravaggio\u2019nun Gu\u0308n I\u015f\u0131\u011f\u0131 Yaratmak \u0130\u00e7in Nas\u0131l G\u00f6lge Oyunundan Yararland\u0131\u011f\u0131n\u0131 Ya Da Modellerinin Yu\u0308zlerini Farkl\u0131 A\u00e7\u0131lardan G\u00f6sterebilmek \u0130\u00e7in Pablo Picasso\u2019nun Bu G\u00f6ru\u0308nu\u0308mleri \u00d6nden Ve Profilden Nas\u0131l \u0130\u00e7 \u0130\u00e7e Ge\u00e7irdi\u011fini Ke\u015ffet!Etkinlikler \u0130\u00e7in Boyalar\u0131n\u0131 Haz\u0131rla Ve Harekete Ge\u00e7:Bir Tablonun Ka\u00e7\u0131\u015f Noktas\u0131n\u0131 Bul.I\u015f\u0131k Ve G\u00f6lge Yapmay\u0131 \u00d6\u011fren.Picasso Gibi Ku\u0308bist Bir Portre \u00c7iz.<\/p>\n","protected":false},"excerpt":{"rendered":"<p>Du\u0308nyan\u0131n \u0130lk Ressam\u0131 Kimdir? S\u0131cak Renkler Ve So\u011fuk Renkler Hangileridir? Derinlik Yan\u0131lsamas\u0131 Nas\u0131l Yarat\u0131l\u0131r? Bir Tabloda I\u015f\u0131k Ve G\u00f6lge Ne \u0130\u015fe Yarar? Ressamlar Bizi Nas\u0131l Yan\u0131lt\u0131r?Bu\u0308yu\u0308k<span class=\"excerpt-hellip\"> [\u2026]<\/span><\/p>\n","protected":false},"featured_media":0,"template":"","meta":{"_monsterinsights_skip_tracking":false,"_monsterinsights_sitenote_active":false,"_monsterinsights_sitenote_note":"","_monsterinsights_sitenote_category":0},"product_brand":[],"product_cat":[12274,12518],"product_tag":[],"class_list":{"0":"post-729068","1":"product","2":"type-product","3":"status-publish","5":"product_cat-cocuk-ve-genclik-kitaplari","6":"product_cat-okul-oncesi-kitaplar","7":"pa_cilt-ciltsiz","8":"pa_tur-kitap","9":"pa_yayinevi-dinozor-cocuk","10":"pa_yazar-sandrine-andrews","12":"first","13":"instock","14":"sale","15":"shipping-taxable","16":"purchasable","17":"product-type-simple"},"_links":{"self":[{"href":"https:\/\/roveyayinevi.com.tr\/index.php\/wp-json\/wp\/v2\/product\/729068","targetHints":{"allow":["GET"]}}],"collection":[{"href":"https:\/\/roveyayinevi.com.tr\/index.php\/wp-json\/wp\/v2\/product"}],"about":[{"href":"https:\/\/roveyayinevi.com.tr\/index.php\/wp-json\/wp\/v2\/types\/product"}],"wp:attachment":[{"href":"https:\/\/roveyayinevi.com.tr\/index.php\/wp-json\/wp\/v2\/media?parent=729068"}],"wp:term":[{"taxonomy":"product_brand","embeddable":true,"href":"https:\/\/roveyayinevi.com.tr\/index.php\/wp-json\/wp\/v2\/product_brand?post=729068"},{"taxonomy":"product_cat","embeddable":true,"href":"https:\/\/roveyayinevi.com.tr\/index.php\/wp-json\/wp\/v2\/product_cat?post=729068"},{"taxonomy":"product_tag","embeddable":true,"href":"https:\/\/roveyayinevi.com.tr\/index.php\/wp-json\/wp\/v2\/product_tag?post=729068"}],"curies":[{"name":"wp","href":"https:\/\/api.w.org\/{rel}","templated":true}]}}