{"id":729059,"date":"2025-08-27T20:49:35","date_gmt":"2025-08-27T17:49:35","guid":{"rendered":"https:\/\/roveyayinevi.com.tr\/index.php\/urun\/araplarin-kisa-tarihi\/"},"modified":"2026-04-16T02:36:44","modified_gmt":"2026-04-15T23:36:44","slug":"araplarin-kisa-tarihi","status":"publish","type":"product","link":"https:\/\/roveyayinevi.com.tr\/index.php\/urun\/araplarin-kisa-tarihi\/","title":{"rendered":"Araplar\u0131n K\u0131sa Tarihi"},"content":{"rendered":"<p>Arap D\u00fcnyas\u0131\u2019n\u0131n bug\u00fcn\u00fcn\u00fc ve gelece\u011fini anlaman\u0131n anahtar\u0131, ge\u00e7mi\u015finin kilidini a\u00e7makt\u0131r. John McHugo okuyucuyu, Roma \u0130mparatorlu\u011fu\u2019ndan g\u00fcn\u00fcm\u00fcze dek uzanan siyasi, sosyal ve entelekt\u00fcel Arap tarihi yolculu\u011funa \u00e7\u0131kar\u0131yor. Bu \u00e7al\u0131\u015fma, Hz. Muhammed\u2019in misyonunu, \u0130slamiyet\u2019in yay\u0131l\u0131\u015f\u0131n\u0131, Orta \u00c7a\u011f\u2019da ve g\u00fcn\u00fcm\u00fczde ya\u015fanan ihtilaflar\u0131, yabanc\u0131lar\u0131n h\u00e2kimiyetinden kurtulma m\u00fccadelesini, \u0130slamc\u0131l\u0131\u011f\u0131n y\u00fckseli\u015fini ve diktat\u00f6rler \u00e7a\u011f\u0131n\u0131n sonunu kapsamaktad\u0131r. Araplar\u0131n K\u0131sa Tarihi, Arap d\u00fcnyas\u0131n\u0131n bug\u00fcnk\u00fc halini nas\u0131l ald\u0131\u011f\u0131n\u0131, de\u011fi\u015fimin neden ka\u00e7\u0131n\u0131lmaz oldu\u011funu ve Arap Bahar\u0131\u2019n\u0131n ertesinde bu co\u011frafyay\u0131 hangi se\u00e7eneklerin bekledi\u011fini ortaya koymaktad\u0131r. <\/p>\n","protected":false},"excerpt":{"rendered":"<p>Arap D\u00fcnyas\u0131\u2019n\u0131n bug\u00fcn\u00fcn\u00fc ve gelece\u011fini anlaman\u0131n anahtar\u0131, ge\u00e7mi\u015finin kilidini a\u00e7makt\u0131r. John McHugo okuyucuyu, Roma \u0130mparatorlu\u011fu\u2019ndan g\u00fcn\u00fcm\u00fcze dek uzanan siyasi, sosyal ve entelekt\u00fcel Arap tarihi yolculu\u011funa \u00e7\u0131kar\u0131yor.<span class=\"excerpt-hellip\"> [\u2026]<\/span><\/p>\n","protected":false},"featured_media":0,"template":"","meta":{"_monsterinsights_skip_tracking":false,"_monsterinsights_sitenote_active":false,"_monsterinsights_sitenote_note":"","_monsterinsights_sitenote_category":0},"product_brand":[],"product_cat":[12370,12304],"product_tag":[],"class_list":{"0":"post-729059","1":"product","2":"type-product","3":"status-publish","5":"product_cat-arastirma-inceleme","6":"product_cat-tarih","7":"pa_cilt-ciltsiz","8":"pa_tur-kitap","9":"pa_yayinevi-yeditepe-yayinevi","10":"pa_yazar-john-mchugo","12":"first","13":"instock","14":"sale","15":"shipping-taxable","16":"purchasable","17":"product-type-simple"},"_links":{"self":[{"href":"https:\/\/roveyayinevi.com.tr\/index.php\/wp-json\/wp\/v2\/product\/729059","targetHints":{"allow":["GET"]}}],"collection":[{"href":"https:\/\/roveyayinevi.com.tr\/index.php\/wp-json\/wp\/v2\/product"}],"about":[{"href":"https:\/\/roveyayinevi.com.tr\/index.php\/wp-json\/wp\/v2\/types\/product"}],"wp:attachment":[{"href":"https:\/\/roveyayinevi.com.tr\/index.php\/wp-json\/wp\/v2\/media?parent=729059"}],"wp:term":[{"taxonomy":"product_brand","embeddable":true,"href":"https:\/\/roveyayinevi.com.tr\/index.php\/wp-json\/wp\/v2\/product_brand?post=729059"},{"taxonomy":"product_cat","embeddable":true,"href":"https:\/\/roveyayinevi.com.tr\/index.php\/wp-json\/wp\/v2\/product_cat?post=729059"},{"taxonomy":"product_tag","embeddable":true,"href":"https:\/\/roveyayinevi.com.tr\/index.php\/wp-json\/wp\/v2\/product_tag?post=729059"}],"curies":[{"name":"wp","href":"https:\/\/api.w.org\/{rel}","templated":true}]}}