{"id":729043,"date":"2025-08-27T20:49:18","date_gmt":"2025-08-27T17:49:18","guid":{"rendered":"https:\/\/roveyayinevi.com.tr\/index.php\/urun\/metafor-terapi\/"},"modified":"2026-03-16T02:40:32","modified_gmt":"2026-03-15T23:40:32","slug":"metafor-terapi","status":"publish","type":"product","link":"https:\/\/roveyayinevi.com.tr\/index.php\/urun\/metafor-terapi\/","title":{"rendered":"Metafor Terapi"},"content":{"rendered":"<p>\u00c7ok disiplinli yeni bir yakla\u015f\u0131m\u0131 tan\u0131tan bu kitab\u0131 bitirdi\u011finizde bahse girerim ki zihniniz ve ruhunuz du\u0308nyaya kendili\u011finden ba\u015fka tu\u0308rlu\u0308 bakacak. Akl\u0131 ve do\u011fay\u0131 birle\u015ftiren metafor k\u00f6pru\u0308su\u0308nu\u0308 ge\u00e7mek, bizi, bilincin zaman\u0131 ve bilin\u00e7d\u0131\u015f\u0131n\u0131n zamans\u0131zl\u0131\u011f\u0131 dahil d\u00f6rt boyutlu bir evren deneyimine a\u00e7\u0131lmaya davet ediyor.<\/p>\n","protected":false},"excerpt":{"rendered":"<p>\u00c7ok disiplinli yeni bir yakla\u015f\u0131m\u0131 tan\u0131tan bu kitab\u0131 bitirdi\u011finizde bahse girerim ki zihniniz ve ruhunuz du\u0308nyaya kendili\u011finden ba\u015fka tu\u0308rlu\u0308 bakacak. Akl\u0131 ve do\u011fay\u0131 birle\u015ftiren metafor k\u00f6pru\u0308su\u0308nu\u0308<span class=\"excerpt-hellip\"> [\u2026]<\/span><\/p>\n","protected":false},"featured_media":0,"template":"","meta":{"_monsterinsights_skip_tracking":false,"_monsterinsights_sitenote_active":false,"_monsterinsights_sitenote_note":"","_monsterinsights_sitenote_category":0},"product_brand":[],"product_cat":[12364,12376],"product_tag":[],"class_list":{"0":"post-729043","1":"product","2":"type-product","3":"status-publish","5":"product_cat-genel-konular","6":"product_cat-kisisel-gelisim","7":"pa_cilt-ciltsiz","8":"pa_tur-kitap","9":"pa_yayinevi-bilim-ve-sanat-yayinlari","10":"pa_yazar-kolektif","12":"first","13":"instock","14":"sale","15":"shipping-taxable","16":"purchasable","17":"product-type-simple"},"_links":{"self":[{"href":"https:\/\/roveyayinevi.com.tr\/index.php\/wp-json\/wp\/v2\/product\/729043","targetHints":{"allow":["GET"]}}],"collection":[{"href":"https:\/\/roveyayinevi.com.tr\/index.php\/wp-json\/wp\/v2\/product"}],"about":[{"href":"https:\/\/roveyayinevi.com.tr\/index.php\/wp-json\/wp\/v2\/types\/product"}],"wp:attachment":[{"href":"https:\/\/roveyayinevi.com.tr\/index.php\/wp-json\/wp\/v2\/media?parent=729043"}],"wp:term":[{"taxonomy":"product_brand","embeddable":true,"href":"https:\/\/roveyayinevi.com.tr\/index.php\/wp-json\/wp\/v2\/product_brand?post=729043"},{"taxonomy":"product_cat","embeddable":true,"href":"https:\/\/roveyayinevi.com.tr\/index.php\/wp-json\/wp\/v2\/product_cat?post=729043"},{"taxonomy":"product_tag","embeddable":true,"href":"https:\/\/roveyayinevi.com.tr\/index.php\/wp-json\/wp\/v2\/product_tag?post=729043"}],"curies":[{"name":"wp","href":"https:\/\/api.w.org\/{rel}","templated":true}]}}