{"id":729034,"date":"2025-08-27T20:49:09","date_gmt":"2025-08-27T17:49:09","guid":{"rendered":"https:\/\/roveyayinevi.com.tr\/index.php\/urun\/lefter-kucukandonyadis-ver-leftere-yaz-deftere\/"},"modified":"2026-04-16T02:36:43","modified_gmt":"2026-04-15T23:36:43","slug":"lefter-kucukandonyadis-ver-leftere-yaz-deftere","status":"publish","type":"product","link":"https:\/\/roveyayinevi.com.tr\/index.php\/urun\/lefter-kucukandonyadis-ver-leftere-yaz-deftere\/","title":{"rendered":"Lefter K\u00fc\u00e7\u00fckandonyadis -Ver Lefter&#8217;e Yaz Deftere"},"content":{"rendered":"<p>\u201cOn be\u015f g\u00fcn \u00f6nce gol att\u0131\u011f\u0131mda omuzlardayd\u0131m.En k\u00f6t\u00fcs\u00fc ne biliyor musunuz? Har\u00e7l\u0131k verdi\u011fim \u00e7ocuklar da evime sald\u0131rd\u0131lar.\u201dLefter K\u00fc\u00e7\u00fckandonyadis, T\u00fcrk futbol tarihine ad\u0131n\u0131 alt\u0131n harflerle yazd\u0131rm\u0131\u015f y\u0131ld\u0131z bir oyuncu&#8230; \u00dcstelik sadece futboluyla de\u011fil, T\u00fcrkiye\u2019nin \u00fczerine karanl\u0131k bir bulut gibi \u00e7\u00f6ken 6-7 Eyl\u00fcl olaylar\u0131 s\u0131ras\u0131nda tak\u0131nd\u0131\u011f\u0131 onurlu duru\u015fuyla da tarih boyunca hat\u0131rlanacakt\u0131r.Gayrim\u00fcslimlerin d\u00fckk\u00e2nlar\u0131 ya\u011fmalan\u0131p evlerine sald\u0131r\u0131l\u0131rken bile bir an dahi d\u00fc\u015f\u00fcnmeyecektir T\u00fcrkiye\u2019yi terk etmeyi. Y\u0131llar sonra soruldu\u011funda, o g\u00fcn s\u00f6ylemedi\u011fi gibi yine s\u00f6ylemeyecektir kendisine ve ailesine sald\u0131ranlar\u0131n isimlerini&#8230; Bu kitapta sadece bir futbol kariyeri yok&#8230;Kendini T\u00fcrk hisseden bir gayrim\u00fcslimin ya\u015fad\u0131\u011f\u0131 topraklardaki huzur ve bar\u0131\u015f i\u00e7in verdi\u011fi m\u00fccadeleyi de okuyacaks\u0131n\u0131z.<\/p>\n","protected":false},"excerpt":{"rendered":"<p>\u201cOn be\u015f g\u00fcn \u00f6nce gol att\u0131\u011f\u0131mda omuzlardayd\u0131m.En k\u00f6t\u00fcs\u00fc ne biliyor musunuz? Har\u00e7l\u0131k verdi\u011fim \u00e7ocuklar da evime sald\u0131rd\u0131lar.\u201dLefter K\u00fc\u00e7\u00fckandonyadis, T\u00fcrk futbol tarihine ad\u0131n\u0131 alt\u0131n harflerle yazd\u0131rm\u0131\u015f y\u0131ld\u0131z<span class=\"excerpt-hellip\"> [\u2026]<\/span><\/p>\n","protected":false},"featured_media":0,"template":"","meta":{"_monsterinsights_skip_tracking":false,"_monsterinsights_sitenote_active":false,"_monsterinsights_sitenote_note":"","_monsterinsights_sitenote_category":0},"product_brand":[],"product_cat":[14009,12291],"product_tag":[],"class_list":{"0":"post-729034","1":"product","2":"type-product","3":"status-publish","5":"product_cat-biyografi-otobiyografi-edebiyat","6":"product_cat-edebiyat","7":"pa_cilt-ciltsiz","8":"pa_tur-kitap","9":"pa_yayinevi-destek-yayinlari","10":"pa_yazar-yildirim-kilic","12":"first","13":"instock","14":"sale","15":"shipping-taxable","16":"purchasable","17":"product-type-simple"},"_links":{"self":[{"href":"https:\/\/roveyayinevi.com.tr\/index.php\/wp-json\/wp\/v2\/product\/729034","targetHints":{"allow":["GET"]}}],"collection":[{"href":"https:\/\/roveyayinevi.com.tr\/index.php\/wp-json\/wp\/v2\/product"}],"about":[{"href":"https:\/\/roveyayinevi.com.tr\/index.php\/wp-json\/wp\/v2\/types\/product"}],"wp:attachment":[{"href":"https:\/\/roveyayinevi.com.tr\/index.php\/wp-json\/wp\/v2\/media?parent=729034"}],"wp:term":[{"taxonomy":"product_brand","embeddable":true,"href":"https:\/\/roveyayinevi.com.tr\/index.php\/wp-json\/wp\/v2\/product_brand?post=729034"},{"taxonomy":"product_cat","embeddable":true,"href":"https:\/\/roveyayinevi.com.tr\/index.php\/wp-json\/wp\/v2\/product_cat?post=729034"},{"taxonomy":"product_tag","embeddable":true,"href":"https:\/\/roveyayinevi.com.tr\/index.php\/wp-json\/wp\/v2\/product_tag?post=729034"}],"curies":[{"name":"wp","href":"https:\/\/api.w.org\/{rel}","templated":true}]}}

Lefter Küçükandonyadis -Ver Lefter&#8217;e Yaz Deftere

<p>“On beş gün önce gol attığımda omuzlardaydım.En kötüsü ne biliyor musunuz? Harçlık verdiğim çocuklar da evime saldırdılar.”Lefter Küçükandonyadis, Türk futbol tarihine adını altın harflerle yazdırmış yıldız bir oyuncu&#8230; Üstelik sadece futboluyla değil, Türkiye’nin üzerine karanlık bir bulut gibi çöken 6-7 Eylül olayları sırasında takındığı onurlu duruşuyla da tarih boyunca hatırlanacaktır.Gayrimüslimlerin dükkânları yağmalanıp evlerine saldırılırken bile bir an dahi düşünmeyecektir Türkiye’yi terk etmeyi. Yıllar sonra sorulduğunda, o gün söylemediği gibi yine söylemeyecektir kendisine ve ailesine saldıranların isimlerini&#8230; Bu kitapta sadece bir futbol kariyeri yok&#8230;Kendini Türk hisseden bir gayrimüslimin yaşadığı topraklardaki huzur ve barış için verdiği mücadeleyi de okuyacaksınız.</p>

<p>“On beş gün önce gol attığımda omuzlardaydım.En kötüsü ne biliyor musunuz? Harçlık verdiğim çocuklar da evime saldırdılar.”Lefter Küçükandonyadis, Türk futbol tarihine adını altın harflerle yazdırmış yıldız<span class="excerpt-hellip"> […]</span></p>
