{"id":729033,"date":"2025-08-27T20:49:09","date_gmt":"2025-08-27T17:49:09","guid":{"rendered":"https:\/\/roveyayinevi.com.tr\/index.php\/urun\/hayatin-senin-elinde\/"},"modified":"2026-03-23T02:44:59","modified_gmt":"2026-03-22T23:44:59","slug":"hayatin-senin-elinde","status":"publish","type":"product","link":"https:\/\/roveyayinevi.com.tr\/index.php\/urun\/hayatin-senin-elinde\/","title":{"rendered":"Hayat\u0131n Senin Elinde"},"content":{"rendered":"<p>\u0130nsan\u0131n \u00e7evreye verdi\u011fi zarar, yeni ve \u015fa\u015f\u0131rt\u0131c\u0131 hastal\u0131klar, birbiri ard\u0131na gelen salg\u0131nlar ve daha pek \u00e7ok sa\u011fl\u0131k sorunu olarak geri d\u00f6n\u00fcyor. \u0130\u015fin daha da k\u00f6t\u00fc yan\u0131, b\u00fct\u00fcn bunlar olurken bile \u0131srarla ve h\u00e2l\u00e2 sa\u011fl\u0131\u011f\u0131n\u0131n de\u011ferini bilmeyenler \u00e7ok&#8230; Sa\u011fl\u0131k, ciddi bir meseledir.\u00d6m\u00fcrlerimiz uzuyor belki ama eskisine g\u00f6re daha s\u0131k ve \u00e7ok hastalan\u0131yoruz art\u0131k. Bu k\u00f6t\u00fc gidi\u015fata dur demenin vakti sizce de gelmedi mi?Bilin ki sa\u011fl\u0131k alan\u0131nda da yeni bir d\u00fcnya d\u00fczeni var bundan b\u00f6yle. Bu yeni d\u00fczenin kurallar\u0131 da sonu\u00e7lar\u0131 da \u015fimdiden belli:Ruhunu bedenden koparanlar, a\u015f\u0131r\u0131 h\u0131rslanarak ve h\u0131zlanarak huzuru \u0131skalayanlar, modern t\u0131bb\u0131 geleneksel t\u0131ptan ayr\u0131 sananlar bundan b\u00f6yle, eskisinden daha \u00e7ok zorlanacaklar.Bu kitap b\u00fct\u00fcnc\u00fcl bir \u015fifa yolculu\u011fu i\u00e7in g\u00fc\u00e7l\u00fc bir kaynak olarak haz\u0131rland\u0131. D\u00fcnyan\u0131n kar\u015f\u0131m\u0131za \u00e7\u0131karaca\u011f\u0131 yeni zorluklarla ve hastal\u0131klarla ba\u015f etmenin yollar\u0131 yok de\u011fil&#8230;<\/p>\n","protected":false},"excerpt":{"rendered":"<p>\u0130nsan\u0131n \u00e7evreye verdi\u011fi zarar, yeni ve \u015fa\u015f\u0131rt\u0131c\u0131 hastal\u0131klar, birbiri ard\u0131na gelen salg\u0131nlar ve daha pek \u00e7ok sa\u011fl\u0131k sorunu olarak geri d\u00f6n\u00fcyor. \u0130\u015fin daha da k\u00f6t\u00fc yan\u0131,<span class=\"excerpt-hellip\"> [\u2026]<\/span><\/p>\n","protected":false},"featured_media":0,"template":"","meta":{"_monsterinsights_skip_tracking":false,"_monsterinsights_sitenote_active":false,"_monsterinsights_sitenote_note":"","_monsterinsights_sitenote_category":0},"product_brand":[],"product_cat":[12364,12376],"product_tag":[],"class_list":{"0":"post-729033","1":"product","2":"type-product","3":"status-publish","5":"product_cat-genel-konular","6":"product_cat-kisisel-gelisim","7":"pa_cilt-ciltsiz","8":"pa_tur-kitap","9":"pa_yayinevi-destek-yayinlari","10":"pa_yazar-osman-muftuoglu","12":"first","13":"instock","14":"sale","15":"shipping-taxable","16":"purchasable","17":"product-type-simple"},"_links":{"self":[{"href":"https:\/\/roveyayinevi.com.tr\/index.php\/wp-json\/wp\/v2\/product\/729033","targetHints":{"allow":["GET"]}}],"collection":[{"href":"https:\/\/roveyayinevi.com.tr\/index.php\/wp-json\/wp\/v2\/product"}],"about":[{"href":"https:\/\/roveyayinevi.com.tr\/index.php\/wp-json\/wp\/v2\/types\/product"}],"wp:attachment":[{"href":"https:\/\/roveyayinevi.com.tr\/index.php\/wp-json\/wp\/v2\/media?parent=729033"}],"wp:term":[{"taxonomy":"product_brand","embeddable":true,"href":"https:\/\/roveyayinevi.com.tr\/index.php\/wp-json\/wp\/v2\/product_brand?post=729033"},{"taxonomy":"product_cat","embeddable":true,"href":"https:\/\/roveyayinevi.com.tr\/index.php\/wp-json\/wp\/v2\/product_cat?post=729033"},{"taxonomy":"product_tag","embeddable":true,"href":"https:\/\/roveyayinevi.com.tr\/index.php\/wp-json\/wp\/v2\/product_tag?post=729033"}],"curies":[{"name":"wp","href":"https:\/\/api.w.org\/{rel}","templated":true}]}}