{"id":729028,"date":"2025-08-27T20:48:56","date_gmt":"2025-08-27T17:48:56","guid":{"rendered":"https:\/\/roveyayinevi.com.tr\/index.php\/urun\/kabareden-emekli-bir-kizkardes\/"},"modified":"2026-04-16T02:36:43","modified_gmt":"2026-04-15T23:36:43","slug":"kabareden-emekli-bir-kizkardes","status":"publish","type":"product","link":"https:\/\/roveyayinevi.com.tr\/index.php\/urun\/kabareden-emekli-bir-kizkardes\/","title":{"rendered":"Kabareden Emekli Bir &#8216;K\u0131zkarde\u015f&#8217;"},"content":{"rendered":"<p>Gezginlerin Lavtas\u0131Gezgin \u015fark\u0131c\u0131lar\u0131n lavtas\u0131, \u00e7al!Kekeme bir semendere e\u015flik et kabaredeG\u00fczel s\u00f6zc\u00fckler d\u00f6k! ac\u0131 ve su\u00e7\u0130ki k\u0131zkarde\u015f olsun, iki g\u00f6\u00e7men gibiSevi\u015fsinler korkunun g\u00f6rkemli e\u015fli\u011finde&#8230;Gezgin \u015fark\u0131c\u0131lar\u0131n lavtas\u0131, \u00e7al!Kekeme bir semenderin gecesinde kal!<\/p>\n","protected":false},"excerpt":{"rendered":"<p>Gezginlerin Lavtas\u0131Gezgin \u015fark\u0131c\u0131lar\u0131n lavtas\u0131, \u00e7al!Kekeme bir semendere e\u015flik et kabaredeG\u00fczel s\u00f6zc\u00fckler d\u00f6k! ac\u0131 ve su\u00e7\u0130ki k\u0131zkarde\u015f olsun, iki g\u00f6\u00e7men gibiSevi\u015fsinler korkunun g\u00f6rkemli e\u015fli\u011finde&#8230;Gezgin \u015fark\u0131c\u0131lar\u0131n lavtas\u0131, \u00e7al!Kekeme<span class=\"excerpt-hellip\"> [\u2026]<\/span><\/p>\n","protected":false},"featured_media":0,"template":"","meta":{"_monsterinsights_skip_tracking":false,"_monsterinsights_sitenote_active":false,"_monsterinsights_sitenote_note":"","_monsterinsights_sitenote_category":0},"product_brand":[],"product_cat":[12291,12509],"product_tag":[],"class_list":{"0":"post-729028","1":"product","2":"type-product","3":"status-publish","5":"product_cat-edebiyat","6":"product_cat-siir","7":"pa_cilt-ciltsiz","8":"pa_tur-kitap","9":"pa_yayinevi-kirmizi-kedi-yayinevi","10":"pa_yazar-lina-salamandre-haydar-ergulen","12":"first","13":"instock","14":"sale","15":"shipping-taxable","16":"purchasable","17":"product-type-simple"},"_links":{"self":[{"href":"https:\/\/roveyayinevi.com.tr\/index.php\/wp-json\/wp\/v2\/product\/729028","targetHints":{"allow":["GET"]}}],"collection":[{"href":"https:\/\/roveyayinevi.com.tr\/index.php\/wp-json\/wp\/v2\/product"}],"about":[{"href":"https:\/\/roveyayinevi.com.tr\/index.php\/wp-json\/wp\/v2\/types\/product"}],"wp:attachment":[{"href":"https:\/\/roveyayinevi.com.tr\/index.php\/wp-json\/wp\/v2\/media?parent=729028"}],"wp:term":[{"taxonomy":"product_brand","embeddable":true,"href":"https:\/\/roveyayinevi.com.tr\/index.php\/wp-json\/wp\/v2\/product_brand?post=729028"},{"taxonomy":"product_cat","embeddable":true,"href":"https:\/\/roveyayinevi.com.tr\/index.php\/wp-json\/wp\/v2\/product_cat?post=729028"},{"taxonomy":"product_tag","embeddable":true,"href":"https:\/\/roveyayinevi.com.tr\/index.php\/wp-json\/wp\/v2\/product_tag?post=729028"}],"curies":[{"name":"wp","href":"https:\/\/api.w.org\/{rel}","templated":true}]}}