{"id":729026,"date":"2025-08-27T20:48:55","date_gmt":"2025-08-27T17:48:55","guid":{"rendered":"https:\/\/roveyayinevi.com.tr\/index.php\/urun\/anavatandan-mavi-vatana\/"},"modified":"2026-04-16T02:36:43","modified_gmt":"2026-04-15T23:36:43","slug":"anavatandan-mavi-vatana","status":"publish","type":"product","link":"https:\/\/roveyayinevi.com.tr\/index.php\/urun\/anavatandan-mavi-vatana\/","title":{"rendered":"Anavatandan Mavi Vatan\u2019a"},"content":{"rendered":"<p>Bir T\u00fcrk deniz subay\u0131n\u0131n kaderi, Yunanistan\/K\u0131br\u0131s konusu ve bu konunun yaratt\u0131\u011f\u0131 deniz sorunlar\u0131 ile u\u011fra\u015fmakla \u015fekillenmi\u015ftir denirse, do\u011fru bir tespit yap\u0131lm\u0131\u015f olur. Cem G\u00fcrdeniz Amiral, bu kitab\u0131n giri\u015finde, do\u011fumundan g\u00fcn\u00fcm\u00fcze kadar kendi ya\u015fam\u0131 ile Yunanistan\/K\u0131br\u0131s sorunlar\u0131 aras\u0131ndaki kader ba\u011flant\u0131s\u0131n\u0131 \u00f6zl\u00fc bir \u015fekilde \u00f6zetlemi\u015f&#8230; Ben de bir deniz subay\u0131 olarak, mesle\u011fe ba\u015flad\u0131\u011f\u0131m g\u00fcnden veda etti\u011fim g\u00fcne kadar kendimi, Cem G\u00fcrdeniz\u2019den neredeyse 15 y\u0131l \u00f6nceden ba\u015flayarak benzer sorunlar ile ilgili m\u00fccadelenin i\u00e7inde buldum. Yani, deniz subaylar\u0131n\u0131n ortak paydas\u0131, bu iki konu ile ilgili an\u0131lar\u0131d\u0131r. Genelde meslek bizi bir yerlerde bulu\u015fturur. Ancak ben, meslek hayat\u0131m boyunca Cem G\u00fcrdeniz ile hi\u00e7 yak\u0131n mek\u00e2n\/g\u00f6revde \u00e7al\u0131\u015fmad\u0131m. Kendisini, Silivri\u2019deki Balyoz Kumpas Davas\u0131nda savunmas\u0131n\u0131 yaparken tan\u0131d\u0131m. Etkileyici idi, hakl\u0131l\u0131\u011f\u0131na inanm\u0131\u015ft\u0131, cesurdu. Hepsinden \u00f6nemlisi, mahkeme heyetinin FE T\u00d6 g\u00f6revlendirmesi oldu\u011funu ilk te\u015fhis edenlerdendi. Bu nedenle yarg\u0131lanma d\u00f6neminde, FE T\u00d6\u2019n\u00fcn mahkeme heyetini ve bu yarg\u0131lamay\u0131 tan\u0131mad\u0131\u011f\u0131n\u0131 y\u00fcksek sesle hayk\u0131rarak, T\u00fcrkiye adalet tarihine kendi ismini alt\u0131n harflerle yazd\u0131rd\u0131.a Mustafa \u00d6zbey (E) Amiral <\/p>\n","protected":false},"excerpt":{"rendered":"<p>Bir T\u00fcrk deniz subay\u0131n\u0131n kaderi, Yunanistan\/K\u0131br\u0131s konusu ve bu konunun yaratt\u0131\u011f\u0131 deniz sorunlar\u0131 ile u\u011fra\u015fmakla \u015fekillenmi\u015ftir denirse, do\u011fru bir tespit yap\u0131lm\u0131\u015f olur. Cem G\u00fcrdeniz Amiral, bu<span class=\"excerpt-hellip\"> [\u2026]<\/span><\/p>\n","protected":false},"featured_media":0,"template":"","meta":{"_monsterinsights_skip_tracking":false,"_monsterinsights_sitenote_active":false,"_monsterinsights_sitenote_note":"","_monsterinsights_sitenote_category":0},"product_brand":[],"product_cat":[13590,12337],"product_tag":[],"class_list":{"0":"post-729026","1":"product","2":"type-product","3":"status-publish","5":"product_cat-arastirma-inceleme-politika-siyaset","6":"product_cat-politika-siyaset","7":"pa_cilt-ciltsiz","8":"pa_tur-kitap","9":"pa_yayinevi-kirmizi-kedi-yayinevi","10":"pa_yazar-cem-gurdeniz","12":"first","13":"instock","14":"sale","15":"shipping-taxable","16":"purchasable","17":"product-type-simple"},"_links":{"self":[{"href":"https:\/\/roveyayinevi.com.tr\/index.php\/wp-json\/wp\/v2\/product\/729026","targetHints":{"allow":["GET"]}}],"collection":[{"href":"https:\/\/roveyayinevi.com.tr\/index.php\/wp-json\/wp\/v2\/product"}],"about":[{"href":"https:\/\/roveyayinevi.com.tr\/index.php\/wp-json\/wp\/v2\/types\/product"}],"wp:attachment":[{"href":"https:\/\/roveyayinevi.com.tr\/index.php\/wp-json\/wp\/v2\/media?parent=729026"}],"wp:term":[{"taxonomy":"product_brand","embeddable":true,"href":"https:\/\/roveyayinevi.com.tr\/index.php\/wp-json\/wp\/v2\/product_brand?post=729026"},{"taxonomy":"product_cat","embeddable":true,"href":"https:\/\/roveyayinevi.com.tr\/index.php\/wp-json\/wp\/v2\/product_cat?post=729026"},{"taxonomy":"product_tag","embeddable":true,"href":"https:\/\/roveyayinevi.com.tr\/index.php\/wp-json\/wp\/v2\/product_tag?post=729026"}],"curies":[{"name":"wp","href":"https:\/\/api.w.org\/{rel}","templated":true}]}}