{"id":729017,"date":"2025-08-27T20:48:45","date_gmt":"2025-08-27T17:48:45","guid":{"rendered":"https:\/\/roveyayinevi.com.tr\/index.php\/urun\/bir-turkunun-hikayesi-nemalacak-felek-benim\/"},"modified":"2026-04-16T02:36:43","modified_gmt":"2026-04-15T23:36:43","slug":"bir-turkunun-hikayesi-nemalacak-felek-benim","status":"publish","type":"product","link":"https:\/\/roveyayinevi.com.tr\/index.php\/urun\/bir-turkunun-hikayesi-nemalacak-felek-benim\/","title":{"rendered":"Bir T\u00fcrk\u00fcn\u00fcn Hikayesi Nem\u2019alacak Felek Benim"},"content":{"rendered":"<p>Bir okkac\u0131k ya\u011f\u0131m m\u0131 var Bir d\u00f6n\u00fcmc\u00fck ba\u011f\u0131m m\u0131 var Bir derdime bin dert ular Nem\u2019alacak felek benim Bir giyimlik \u015fal m\u0131 verdi Bir tutacak dal m\u0131 verdi T\u00fckenmeyen mal m\u0131 verdi Nem\u2019alacak felek benim   Ne de\u011firmen ne ta\u015f\u0131m var Ne devletli bir ba\u015f\u0131m var Ne de bir tek garda\u015f\u0131m var Nem\u2019alacak felek benim   Dedi boyun e\u011f h\u00fckm\u00fcme Bel\u00e2 verdi k\u00fcme k\u00fcme Ferman okudu k\u00f6k\u00fcme Nem\u2019alacak felek benim   Dost yan\u0131nda hat\u0131r\u0131m yok Bir semersiz kat\u0131r\u0131m yok D\u00f6rt direkli \u00e7ad\u0131r\u0131m yok Nem\u2019alacak felek benim   Yand\u0131m yand\u0131m kar m\u0131 verdi Ek\u015fi tatl\u0131 nar m\u0131 verdi Sar\u0131 sa\u00e7\u015f\u0131 yar m\u0131 verdi Nem\u2019alacak felek benim Senedim yok kalmak i\u00e7in D\u00fcnyadan zevk almak i\u00e7in Bir can verdi almak i\u00e7in Nem\u2019alacak felek benim   Az\u0131\u011f\u0131m su ekme\u011fim a\u015f Yata\u011f\u0131m yer yast\u0131\u011f\u0131m ta\u015f Ne babam var ne karde\u015f Nem\u2019alacak felek benim   \u00dcmit ipli\u011fim \u00fcz\u00fclm\u00fc\u015f D\u00fczenim d\u00fcnden bozulmu\u015f Baht\u0131m \u00e7ilemde yaz\u0131lm\u0131\u015f Nem\u2019alacak felek benim   Hasan Turan boynum b\u00fck\u00fck Yapraklar\u0131m d\u00fcnden d\u00f6k\u00fck Felek vurdu ba\u011fr\u0131m s\u00f6k\u00fck Nem\u2019alacak felek benim <\/p>\n","protected":false},"excerpt":{"rendered":"<p>Bir okkac\u0131k ya\u011f\u0131m m\u0131 var Bir d\u00f6n\u00fcmc\u00fck ba\u011f\u0131m m\u0131 var Bir derdime bin dert ular Nem\u2019alacak felek benim Bir giyimlik \u015fal m\u0131 verdi Bir tutacak dal<span class=\"excerpt-hellip\"> [\u2026]<\/span><\/p>\n","protected":false},"featured_media":0,"template":"","meta":{"_monsterinsights_skip_tracking":false,"_monsterinsights_sitenote_active":false,"_monsterinsights_sitenote_note":"","_monsterinsights_sitenote_category":0},"product_brand":[],"product_cat":[12291,18202],"product_tag":[],"class_list":{"0":"post-729017","1":"product","2":"type-product","3":"status-publish","5":"product_cat-edebiyat","6":"product_cat-hikaye","7":"pa_cilt-ciltsiz","8":"pa_tur-kitap","9":"pa_yayinevi-gulnar-yayinlari","10":"pa_yazar-halil-atilgan","12":"first","13":"instock","14":"sale","15":"shipping-taxable","16":"purchasable","17":"product-type-simple"},"_links":{"self":[{"href":"https:\/\/roveyayinevi.com.tr\/index.php\/wp-json\/wp\/v2\/product\/729017","targetHints":{"allow":["GET"]}}],"collection":[{"href":"https:\/\/roveyayinevi.com.tr\/index.php\/wp-json\/wp\/v2\/product"}],"about":[{"href":"https:\/\/roveyayinevi.com.tr\/index.php\/wp-json\/wp\/v2\/types\/product"}],"wp:attachment":[{"href":"https:\/\/roveyayinevi.com.tr\/index.php\/wp-json\/wp\/v2\/media?parent=729017"}],"wp:term":[{"taxonomy":"product_brand","embeddable":true,"href":"https:\/\/roveyayinevi.com.tr\/index.php\/wp-json\/wp\/v2\/product_brand?post=729017"},{"taxonomy":"product_cat","embeddable":true,"href":"https:\/\/roveyayinevi.com.tr\/index.php\/wp-json\/wp\/v2\/product_cat?post=729017"},{"taxonomy":"product_tag","embeddable":true,"href":"https:\/\/roveyayinevi.com.tr\/index.php\/wp-json\/wp\/v2\/product_tag?post=729017"}],"curies":[{"name":"wp","href":"https:\/\/api.w.org\/{rel}","templated":true}]}}