{"id":729016,"date":"2025-08-27T20:48:44","date_gmt":"2025-08-27T17:48:44","guid":{"rendered":"https:\/\/roveyayinevi.com.tr\/index.php\/urun\/burcu-ogretmen-ataturku-anlatiyor\/"},"modified":"2026-04-16T02:36:43","modified_gmt":"2026-04-15T23:36:43","slug":"burcu-ogretmen-ataturku-anlatiyor","status":"publish","type":"product","link":"https:\/\/roveyayinevi.com.tr\/index.php\/urun\/burcu-ogretmen-ataturku-anlatiyor\/","title":{"rendered":"Burcu \u00d6\u011fretmen Atat\u00fcrk&#8217;\u00fc Anlat\u0131yor"},"content":{"rendered":"<p>\u00c7ocuklara bir konuyu anlat\u0131rken, bazen nereden ve nas\u0131l ba\u015flayaca\u011f\u0131m\u0131z\u0131 bilemeyiz. Okullar a\u00e7\u0131ld\u0131ktan sonra, \u00e7ocuklar\u0131m\u0131z okula hen\u00fcz uyum sa\u011flam\u0131\u015fken, Cumhuriyet Bayram\u0131 geliverir. Anne, baba ya da \u00f6\u011fretmen olarak \u00e7ocuklar\u0131m\u0131za bu bayram\u0131 anlat\u0131r\u0131z. Arkas\u0131ndan; 10 Kas\u0131m Atat\u00fcrk&#8217;\u00fc Anma g\u00fcn\u00fc geldi\u011finde, Gazi Mustafa Kemal\u2019in bu d\u00fcnyadan ayr\u0131ld\u0131\u011f\u0131n\u0131 s\u00f6ylerken, kalbimizde sevgisinin hi\u00e7 bitmeyece\u011fini belirterek anma t\u00f6reni yapar\u0131z. 23 Nisan Ulusal Egemenlik ve \u00c7ocuk Bayram\u0131 geldi\u011finde, &#8220;Gazi Mustafa Kemal Atat\u00fcrk bu bayram\u0131 \u00e7ocuklara arma\u011fan etti&#8221; dedi\u011fimizde, ya\u015f\u0131 gere\u011fi 4-8 ya\u015f \u00e7ocu\u011funun kafas\u0131 kar\u0131\u015fabilir; Atat\u00fcrk aram\u0131zdan ayr\u0131ld\u0131 diye t\u00f6ren yapm\u0131\u015ft\u0131k. \u015eimdi nas\u0131l oldu da bize bayram hediye etti? \u0130kilemini ya\u015fayabilir. Ben bu \u00f6yk\u00fcy\u00fc, konuyu kendi s\u0131n\u0131f\u0131mda \u00f6\u011frencilerime anlatt\u0131\u011f\u0131m \u015fekliyle yazarak, t\u00fcm \u00e7ocuklarla payla\u015fmak istedim. \u00c7ocuklar\u0131m\u0131z, bu \u00f6yk\u00fc sayesinde Atat\u00fcrk&#8217;\u00fcn hayat\u0131 ve milli bayramlar\u0131m\u0131z\u0131 do\u011fru bir kronoloji ile \u00f6\u011frenirken ayn\u0131 zamanda vatanseverlik duygular\u0131n\u0131n da geli\u015fece\u011fini d\u00fc\u015f\u00fcn\u00fcyorum.  F. Burcu \u00c7ilingir <\/p>\n","protected":false},"excerpt":{"rendered":"<p>\u00c7ocuklara bir konuyu anlat\u0131rken, bazen nereden ve nas\u0131l ba\u015flayaca\u011f\u0131m\u0131z\u0131 bilemeyiz. Okullar a\u00e7\u0131ld\u0131ktan sonra, \u00e7ocuklar\u0131m\u0131z okula hen\u00fcz uyum sa\u011flam\u0131\u015fken, Cumhuriyet Bayram\u0131 geliverir. Anne, baba ya da \u00f6\u011fretmen<span class=\"excerpt-hellip\"> [\u2026]<\/span><\/p>\n","protected":false},"featured_media":0,"template":"","meta":{"_monsterinsights_skip_tracking":false,"_monsterinsights_sitenote_active":false,"_monsterinsights_sitenote_note":"","_monsterinsights_sitenote_category":0},"product_brand":[],"product_cat":[12913,12274],"product_tag":[],"class_list":{"0":"post-729016","1":"product","2":"type-product","3":"status-publish","5":"product_cat-3-6-yas-kitaplari","6":"product_cat-cocuk-ve-genclik-kitaplari","7":"pa_cilt-ciltsiz","8":"pa_tur-kitap","9":"pa_yayinevi-servet-yayinevi","10":"pa_yazar-filyet-burcu-cilingir","12":"first","13":"instock","14":"sale","15":"shipping-taxable","16":"purchasable","17":"product-type-simple"},"_links":{"self":[{"href":"https:\/\/roveyayinevi.com.tr\/index.php\/wp-json\/wp\/v2\/product\/729016","targetHints":{"allow":["GET"]}}],"collection":[{"href":"https:\/\/roveyayinevi.com.tr\/index.php\/wp-json\/wp\/v2\/product"}],"about":[{"href":"https:\/\/roveyayinevi.com.tr\/index.php\/wp-json\/wp\/v2\/types\/product"}],"wp:attachment":[{"href":"https:\/\/roveyayinevi.com.tr\/index.php\/wp-json\/wp\/v2\/media?parent=729016"}],"wp:term":[{"taxonomy":"product_brand","embeddable":true,"href":"https:\/\/roveyayinevi.com.tr\/index.php\/wp-json\/wp\/v2\/product_brand?post=729016"},{"taxonomy":"product_cat","embeddable":true,"href":"https:\/\/roveyayinevi.com.tr\/index.php\/wp-json\/wp\/v2\/product_cat?post=729016"},{"taxonomy":"product_tag","embeddable":true,"href":"https:\/\/roveyayinevi.com.tr\/index.php\/wp-json\/wp\/v2\/product_tag?post=729016"}],"curies":[{"name":"wp","href":"https:\/\/api.w.org\/{rel}","templated":true}]}}