{"id":729008,"date":"2025-08-27T20:48:36","date_gmt":"2025-08-27T17:48:36","guid":{"rendered":"https:\/\/roveyayinevi.com.tr\/index.php\/urun\/huzun-as-olunca\/"},"modified":"2026-04-16T02:36:43","modified_gmt":"2026-04-15T23:36:43","slug":"huzun-as-olunca","status":"publish","type":"product","link":"https:\/\/roveyayinevi.com.tr\/index.php\/urun\/huzun-as-olunca\/","title":{"rendered":"H\u00fcz\u00fcn A\u015f Olunca"},"content":{"rendered":"<p>So\u011fuktan donmu\u015f \u00c7erkesler Karadeniz&#8217;e ak\u0131n ediyordu gemilere bindirilmek \u00fczere&#8230; A\u011f\u0131tl\u0131\u0131r yakarak, g\u00f6zya\u015flar\u0131 denizlerin dalgas\u0131na kar\u0131\u015farak gecenin karanl\u0131\u011f\u0131nda yol al\u0131rken gemi&#8230; Y\u0131l\u0131zlarla s\u00fcsl\u00fc g\u00f6ky\u00fcz\u00fc \u00fczerlerine yorgan, Karadeniz&#8217;in dalgalara ise atlar\u0131na d\u00f6\u015fek olmu\u015ftu. So\u00e7i&#8217;den yola \u00e7\u0131kan gemilerin \u00fczerine bulutlardan h\u00fcz\u00fcn ya\u011f\u0131yordu. R\u00fczgarlarda \u00f6zlem vard\u0131m A\u00e7l\u0131k ve sefalet vard\u0131&#8230; Karde\u015finin \u00f6l\u00fc v\u00fccuduna oturtup, onun pay\u0131na d\u00fc\u015fen bir par\u00e7a ekme\u011fi de al\u0131p ya\u015fama tutunmak isteyen m\u00fclteciler vard\u0131. Annesinin so\u011fuk cesedinde meme arayan bebekler, so\u011fuktan donarak \u00f6len \u00e7ocuklar\u0131n\u0131 b\u0131rakmayan anneler&#8230; Gemi yana\u015f\u0131rken limana&#8230; H\u0131r\u00e7\u0131n Karadeniz bir \u00e7o\u011funun da mezar\u0131 olmu\u015ftu. Karadeniz&#8217;e k\u00fcs\u00fclmez miydi art\u0131k?.. Bundan dolay\u0131 m\u0131d\u0131r ki Ad\u0131gelerin y\u0131llarca Karadeniz&#8217;den \u00e7\u0131kan bal\u0131\u011f\u0131 yememeleri?<\/p>\n","protected":false},"excerpt":{"rendered":"<p>So\u011fuktan donmu\u015f \u00c7erkesler Karadeniz&#8217;e ak\u0131n ediyordu gemilere bindirilmek \u00fczere&#8230; A\u011f\u0131tl\u0131\u0131r yakarak, g\u00f6zya\u015flar\u0131 denizlerin dalgas\u0131na kar\u0131\u015farak gecenin karanl\u0131\u011f\u0131nda yol al\u0131rken gemi&#8230; Y\u0131l\u0131zlarla s\u00fcsl\u00fc g\u00f6ky\u00fcz\u00fc \u00fczerlerine yorgan, Karadeniz&#8217;in<span class=\"excerpt-hellip\"> [\u2026]<\/span><\/p>\n","protected":false},"featured_media":0,"template":"","meta":{"_monsterinsights_skip_tracking":false,"_monsterinsights_sitenote_active":false,"_monsterinsights_sitenote_note":"","_monsterinsights_sitenote_category":0},"product_brand":[],"product_cat":[22706,12457],"product_tag":[],"class_list":{"0":"post-729008","1":"product","2":"type-product","3":"status-publish","5":"product_cat-dunya-mutfagi","6":"product_cat-yemek-kitaplari","7":"pa_cilt-ciltli","8":"pa_tur-kitap","9":"pa_yayinevi-yediveren-yayinlari","10":"pa_yazar-ayca-yolkolu-oksuz","12":"first","13":"instock","14":"sale","15":"shipping-taxable","16":"purchasable","17":"product-type-simple"},"_links":{"self":[{"href":"https:\/\/roveyayinevi.com.tr\/index.php\/wp-json\/wp\/v2\/product\/729008","targetHints":{"allow":["GET"]}}],"collection":[{"href":"https:\/\/roveyayinevi.com.tr\/index.php\/wp-json\/wp\/v2\/product"}],"about":[{"href":"https:\/\/roveyayinevi.com.tr\/index.php\/wp-json\/wp\/v2\/types\/product"}],"wp:attachment":[{"href":"https:\/\/roveyayinevi.com.tr\/index.php\/wp-json\/wp\/v2\/media?parent=729008"}],"wp:term":[{"taxonomy":"product_brand","embeddable":true,"href":"https:\/\/roveyayinevi.com.tr\/index.php\/wp-json\/wp\/v2\/product_brand?post=729008"},{"taxonomy":"product_cat","embeddable":true,"href":"https:\/\/roveyayinevi.com.tr\/index.php\/wp-json\/wp\/v2\/product_cat?post=729008"},{"taxonomy":"product_tag","embeddable":true,"href":"https:\/\/roveyayinevi.com.tr\/index.php\/wp-json\/wp\/v2\/product_tag?post=729008"}],"curies":[{"name":"wp","href":"https:\/\/api.w.org\/{rel}","templated":true}]}}