{"id":729006,"date":"2025-08-27T20:48:34","date_gmt":"2025-08-27T17:48:34","guid":{"rendered":"https:\/\/roveyayinevi.com.tr\/index.php\/urun\/milli-mecmua-sayi-18-ocak-subat-2021\/"},"modified":"2026-04-16T02:36:43","modified_gmt":"2026-04-15T23:36:43","slug":"milli-mecmua-sayi-18-ocak-subat-2021","status":"publish","type":"product","link":"https:\/\/roveyayinevi.com.tr\/index.php\/urun\/milli-mecmua-sayi-18-ocak-subat-2021\/","title":{"rendered":"Milli Mecmua Say\u0131 18 &#8211; Ocak \u015eubat 2021"},"content":{"rendered":"<p>Ya\u011fma Yok! \/ S\u00fcleyman \u00c7obano\u011fluAtat\u00fcrk ve T\u00fcrk Dili \/ Ali AkarAtat\u00fcrk D\u00f6nemindeki \u0130lk Tarih G\u00f6r\u00fc\u015fleri Hakk\u0131nda \/ Do\u00e7. Dr. K\u00fcr\u015fat Y\u0131ld\u0131r\u0131mBir Mavi T\u00fcrk\u00fcd\u00fcr G\u00f6zlerinde Vatan Atat\u00fcrk ve M\u00fczik \/ Do\u00e7.Dr. Erdem \u00d6zdemirGazi Mustafa Kemal Atat\u00fcrk\u2019\u00fcn Soyu ve Ailesi \/ Dr. Ali G\u00fcler\u015eemsi Efendi Okulu\u2019ndan Reis-i Cumhurlu\u011fa: Atat\u00fcrk\u2019\u00fcn E\u011fitim Hayat\u0131 \/ \u0130lyas AkAtat\u00fcrk\u2019\u00fcn Az\u0131nl\u0131klara Dair G\u00f6r\u00fc\u015f ve Politikalar\u0131 \/ Ramazan Erhan G\u00fcll\u00fcAtat\u00fcrk D\u00f6neminde Ekonomi: Milli Ekonomiyi Yaratmak \u0130\u00e7in Yap\u0131lanlar \/ Murat Koralt\u00fcrkYeni Nesil Kimlerin Eseri Olacak? (Atat\u00fcrk ve \u00d6\u011fretmen) \/ \u0130smail Y\u0131ld\u0131zAnkaral\u0131 Arabac\u0131 \u0130smail ve Mustafa Kemal \/ Hasan AtikModern Ulus Devlet \u0130n\u015fas\u0131nda Ba\u015fkent Ankara \/ Kader Akda\u011f Sar\u0131Atat\u00fcrk D\u00f6neminde Etkin Olan Yeni \u015eairler \/ Nurullah \u00c7etinBir Sorunun Pe\u015finde Kahire\u2019den Ankara\u2019ya: T\u00fcrkler Ni\u00e7in Gazi\u2019yi Seviyorlar? \/ Ali Bilgeno\u011fluGazi Mustafa Kemal\u2019in \u015eapkay\u0131 Tan\u0131tmas\u0131: Kastamonu Gezisi \/ \u00c7a\u011fatay YegenAtat\u00fcrk D\u00f6nemi D\u0131\u015f Politikas\u0131nda Arap Co\u011frafyas\u0131 \/ \u00dc. G\u00fcls\u00fcm PolatMustafa Kemal Atat\u00fcrk\u2019\u00fcn D\u0131\u015f Siyaset Esaslar\u0131 \/ \u0130smet T\u00fcrkmenAtat\u00fcrk\u2019\u00fcn Vefat\u0131 Nedeniyle Tokat, Turhal ve Zile\u2019de Yap\u0131lan Merasimler \/ Yunus Emre TekinsoyAn\u0131tkabir \u0130n\u015fas\u0131n\u0131n Gecikme Nedenleri \/ Tun\u00e7 Boran\u0130mparatorluktan Mill\u00ee Devlete Ge\u00e7i\u015fte \u0130ki B\u00fcy\u00fck Sima: Ziya G\u00f6kalp Ve Mustafa Kemal Atat\u00fcrk \/ Etem \u00c7al\u0131kTarihin \u00c7\u00f6zece\u011fi Dilemma: Atat\u00fcrk \/ Ozan KarabulakAtat\u00fcrk\u2019ten Atat\u00fcrk\u00e7\u00fcl\u00fc\u011fe \u0130mge ve Me\u015fruiyet \/ Enes Bahad\u0131r K\u0131zakErken Cumhuriyet D\u00f6nemi Mizah Yay\u0131nlar\u0131nda Atat\u00fcrk Karikat\u00fcrleri \/ Yasin Kay\u0131\u015fAtat\u00fcrk Milliyet\u00e7ili\u011finin Hukuk\u00ee Ser\u00fcveni \/ Metehan HepvarAtat\u00fcrk\u2019\u00fcn Bat\u0131\u2019daki Alg\u0131lan\u0131\u015f Bi\u00e7imleri: Bir Bak\u0131\u015f \/ Do\u011fukan Oru\u00e7Belgesellerde Atat\u00fcrk\u2019\u00fcn \u00d6zel Hayat\u0131n\u0131n Yans\u0131t\u0131lmas\u0131, Atat\u00fcrk Alg\u0131s\u0131n\u0131n Y\u0131llar \u0130\u00e7inde De\u011fi\u015fimi ve Bu Ba\u011flamda Sar\u0131 Zeybek, Atat\u00fcrk ve Mustafa Yap\u0131mlar\u0131n\u0131n \u0130ncelenmesi \/ \u00d6mer Faruk Sand\u0131k\u00e7\u0131<\/p>\n","protected":false},"excerpt":{"rendered":"<p>Ya\u011fma Yok! \/ S\u00fcleyman \u00c7obano\u011fluAtat\u00fcrk ve T\u00fcrk Dili \/ Ali AkarAtat\u00fcrk D\u00f6nemindeki \u0130lk Tarih G\u00f6r\u00fc\u015fleri Hakk\u0131nda \/ Do\u00e7. Dr. K\u00fcr\u015fat Y\u0131ld\u0131r\u0131mBir Mavi T\u00fcrk\u00fcd\u00fcr G\u00f6zlerinde Vatan Atat\u00fcrk<span class=\"excerpt-hellip\"> [\u2026]<\/span><\/p>\n","protected":false},"featured_media":0,"template":"","meta":{"_monsterinsights_skip_tracking":false,"_monsterinsights_sitenote_active":false,"_monsterinsights_sitenote_note":"","_monsterinsights_sitenote_category":0},"product_brand":[],"product_cat":[13527],"product_tag":[],"class_list":{"0":"post-729006","1":"product","2":"type-product","3":"status-publish","5":"product_cat-sureli-yayinlar","6":"pa_cilt-ciltsiz","7":"pa_tur-dergi","8":"pa_yayinevi-otuken-nesriyat","9":"pa_yazar-otuken-nesriyat-kolektif","11":"first","12":"instock","13":"sale","14":"shipping-taxable","15":"purchasable","16":"product-type-simple"},"_links":{"self":[{"href":"https:\/\/roveyayinevi.com.tr\/index.php\/wp-json\/wp\/v2\/product\/729006","targetHints":{"allow":["GET"]}}],"collection":[{"href":"https:\/\/roveyayinevi.com.tr\/index.php\/wp-json\/wp\/v2\/product"}],"about":[{"href":"https:\/\/roveyayinevi.com.tr\/index.php\/wp-json\/wp\/v2\/types\/product"}],"wp:attachment":[{"href":"https:\/\/roveyayinevi.com.tr\/index.php\/wp-json\/wp\/v2\/media?parent=729006"}],"wp:term":[{"taxonomy":"product_brand","embeddable":true,"href":"https:\/\/roveyayinevi.com.tr\/index.php\/wp-json\/wp\/v2\/product_brand?post=729006"},{"taxonomy":"product_cat","embeddable":true,"href":"https:\/\/roveyayinevi.com.tr\/index.php\/wp-json\/wp\/v2\/product_cat?post=729006"},{"taxonomy":"product_tag","embeddable":true,"href":"https:\/\/roveyayinevi.com.tr\/index.php\/wp-json\/wp\/v2\/product_tag?post=729006"}],"curies":[{"name":"wp","href":"https:\/\/api.w.org\/{rel}","templated":true}]}}

Milli Mecmua Sayı 18 &#8211; Ocak Şubat 2021

<p>Yağma Yok! / Süleyman ÇobanoğluAtatürk ve Türk Dili / Ali AkarAtatürk Dönemindeki İlk Tarih Görüşleri Hakkında / Doç. Dr. Kürşat YıldırımBir Mavi Türküdür Gözlerinde Vatan Atatürk ve Müzik / Doç.Dr. Erdem ÖzdemirGazi Mustafa Kemal Atatürk’ün Soyu ve Ailesi / Dr. Ali GülerŞemsi Efendi Okulu’ndan Reis-i Cumhurluğa: Atatürk’ün Eğitim Hayatı / İlyas AkAtatürk’ün Azınlıklara Dair Görüş ve Politikaları / Ramazan Erhan GüllüAtatürk Döneminde Ekonomi: Milli Ekonomiyi Yaratmak İçin Yapılanlar / Murat KoraltürkYeni Nesil Kimlerin Eseri Olacak? (Atatürk ve Öğretmen) / İsmail YıldızAnkaralı Arabacı İsmail ve Mustafa Kemal / Hasan AtikModern Ulus Devlet İnşasında Başkent Ankara / Kader Akdağ SarıAtatürk Döneminde Etkin Olan Yeni Şairler / Nurullah ÇetinBir Sorunun Peşinde Kahire’den Ankara’ya: Türkler Niçin Gazi’yi Seviyorlar? / Ali BilgenoğluGazi Mustafa Kemal’in Şapkayı Tanıtması: Kastamonu Gezisi / Çağatay YegenAtatürk Dönemi Dış Politikasında Arap Coğrafyası / Ü. Gülsüm PolatMustafa Kemal Atatürk’ün Dış Siyaset Esasları / İsmet TürkmenAtatürk’ün Vefatı Nedeniyle Tokat, Turhal ve Zile’de Yapılan Merasimler / Yunus Emre TekinsoyAnıtkabir İnşasının Gecikme Nedenleri / Tunç Boranİmparatorluktan Millî Devlete Geçişte İki Büyük Sima: Ziya Gökalp Ve Mustafa Kemal Atatürk / Etem ÇalıkTarihin Çözeceği Dilemma: Atatürk / Ozan KarabulakAtatürk’ten Atatürkçülüğe İmge ve Meşruiyet / Enes Bahadır KızakErken Cumhuriyet Dönemi Mizah Yayınlarında Atatürk Karikatürleri / Yasin KayışAtatürk Milliyetçiliğinin Hukukî Serüveni / Metehan HepvarAtatürk’ün Batı’daki Algılanış Biçimleri: Bir Bakış / Doğukan OruçBelgesellerde Atatürk’ün Özel Hayatının Yansıtılması, Atatürk Algısının Yıllar İçinde Değişimi ve Bu Bağlamda Sarı Zeybek, Atatürk ve Mustafa Yapımlarının İncelenmesi / Ömer Faruk Sandıkçı</p>

<p>Yağma Yok! / Süleyman ÇobanoğluAtatürk ve Türk Dili / Ali AkarAtatürk Dönemindeki İlk Tarih Görüşleri Hakkında / Doç. Dr. Kürşat YıldırımBir Mavi Türküdür Gözlerinde Vatan Atatürk<span class="excerpt-hellip"> […]</span></p>
