{"id":729002,"date":"2025-08-27T20:48:30","date_gmt":"2025-08-27T17:48:30","guid":{"rendered":"https:\/\/roveyayinevi.com.tr\/index.php\/urun\/anniskosal-mucadele\/"},"modified":"2026-02-03T02:52:49","modified_gmt":"2026-02-02T23:52:49","slug":"anniskosal-mucadele","status":"publish","type":"product","link":"https:\/\/roveyayinevi.com.tr\/index.php\/urun\/anniskosal-mucadele\/","title":{"rendered":"Anni\u015fkosal M\u00fccadele"},"content":{"rendered":"<p>Holly\u2019nin annesinin can\u0131na tak etmi\u015fti!Holly\u2019ye, babas\u0131na (ve k\u00f6pekleri Oates\u2019a) bir m\u00fccadele teklif eder: Be\u015f g\u00fcn boyunca ormanda ekrans\u0131z \u2013hatta elektriksiz!\u2013 ya\u015famak! Holly bununla ba\u015fa \u00e7\u0131kabilece\u011finden \u015f\u00fcphelidir\u2026 ta ki Zeb\u2019le tan\u0131\u015fana kadar. O andan sonra i\u015fler daha heyecan verici \u2013ve \u00e7ok daha tehlikeli\u2013 bir hal almaya ba\u015flar. T\u0131pk\u0131 annesinin istedi\u011fi gibi\u2026En b\u00fcy\u00fck sorunu art\u0131k babas\u0131n\u0131n onu utand\u0131ran davran\u0131\u015flar\u0131 de\u011fildir. G\u00fcn\u00fc kurtarmak i\u00e7in hi\u00e7 olmad\u0131\u011f\u0131 kadar cesur davranmas\u0131 ve becerilerini kullanmas\u0131 gerekecektir.<\/p>\n","protected":false},"excerpt":{"rendered":"<p>Holly\u2019nin annesinin can\u0131na tak etmi\u015fti!Holly\u2019ye, babas\u0131na (ve k\u00f6pekleri Oates\u2019a) bir m\u00fccadele teklif eder: Be\u015f g\u00fcn boyunca ormanda ekrans\u0131z \u2013hatta elektriksiz!\u2013 ya\u015famak! Holly bununla ba\u015fa \u00e7\u0131kabilece\u011finden \u015f\u00fcphelidir\u2026<span class=\"excerpt-hellip\"> [\u2026]<\/span><\/p>\n","protected":false},"featured_media":0,"template":"","meta":{"_monsterinsights_skip_tracking":false,"_monsterinsights_sitenote_active":false,"_monsterinsights_sitenote_note":"","_monsterinsights_sitenote_category":0},"product_brand":[],"product_cat":[12275,12274],"product_tag":[],"class_list":{"0":"post-729002","1":"product","2":"type-product","3":"status-publish","5":"product_cat-6-12-yas-kitaplari","6":"product_cat-cocuk-ve-genclik-kitaplari","7":"pa_cilt-ciltsiz","8":"pa_tur-kitap","9":"pa_yayinevi-bilgi-yayinevi-cocuk","10":"pa_yazar-dave-lowe","12":"first","13":"instock","14":"sale","15":"shipping-taxable","16":"purchasable","17":"product-type-simple"},"_links":{"self":[{"href":"https:\/\/roveyayinevi.com.tr\/index.php\/wp-json\/wp\/v2\/product\/729002","targetHints":{"allow":["GET"]}}],"collection":[{"href":"https:\/\/roveyayinevi.com.tr\/index.php\/wp-json\/wp\/v2\/product"}],"about":[{"href":"https:\/\/roveyayinevi.com.tr\/index.php\/wp-json\/wp\/v2\/types\/product"}],"wp:attachment":[{"href":"https:\/\/roveyayinevi.com.tr\/index.php\/wp-json\/wp\/v2\/media?parent=729002"}],"wp:term":[{"taxonomy":"product_brand","embeddable":true,"href":"https:\/\/roveyayinevi.com.tr\/index.php\/wp-json\/wp\/v2\/product_brand?post=729002"},{"taxonomy":"product_cat","embeddable":true,"href":"https:\/\/roveyayinevi.com.tr\/index.php\/wp-json\/wp\/v2\/product_cat?post=729002"},{"taxonomy":"product_tag","embeddable":true,"href":"https:\/\/roveyayinevi.com.tr\/index.php\/wp-json\/wp\/v2\/product_tag?post=729002"}],"curies":[{"name":"wp","href":"https:\/\/api.w.org\/{rel}","templated":true}]}}