{"id":729001,"date":"2025-08-27T20:48:28","date_gmt":"2025-08-27T17:48:28","guid":{"rendered":"https:\/\/roveyayinevi.com.tr\/index.php\/urun\/hayvan-ciftligi-11\/"},"modified":"2026-04-16T02:36:43","modified_gmt":"2026-04-15T23:36:43","slug":"hayvan-ciftligi-11","status":"publish","type":"product","link":"https:\/\/roveyayinevi.com.tr\/index.php\/urun\/hayvan-ciftligi-11\/","title":{"rendered":"Hayvan \u00c7iftli\u011fi"},"content":{"rendered":"<p>Malik\u00e2ne \u00c7iftli\u011fi\u2019nin sakinleri olan hayvanlar isyanda! Ya\u015fad\u0131klar\u0131 k\u0131sa ve \u00e2deta birer k\u00f6le gibi \u00e7al\u0131\u015fmakla ge\u00e7en bu ac\u0131nas\u0131 hayat art\u0131k onlar\u0131 mutlu etmiyor. Bo\u011faz toklu\u011funa, g\u00fc\u00e7lerinin son damlas\u0131na kadar \u00e7al\u0131\u015farak ge\u00e7en bu hayattan fazlas\u0131n\u0131 istiyor hayvanlar. Onlar\u0131 bu zorlu ko\u015fullarda ya\u015famaya mahk\u00fbm eden insanlardan kurtulmak, birlikte \u00e7al\u0131\u015farak \u00fcretmek ve \u00fcrettiklerini e\u015fit olarak payla\u015f\u0131p mutlu ve tatmink\u00e2r bir hayat s\u00fcrmek var d\u00fc\u015flerinde. Ama o g\u00fcn geldi\u011finde ve d\u00fc\u015fleri ger\u00e7e\u011fe d\u00f6n\u00fc\u015f\u00fcp Hayvan \u00c7iftli\u011fi\u2019ni kurduklar\u0131nda de\u011fi\u015fen ba\u015fka \u015feyler de olacak. \u0130lk olarak 1945 y\u0131l\u0131nda \u0130ngiltere\u2019de yay\u0131nlanan ve hem George Orwell\u2019\u0131n hem de siyasi hicvin en bilinir romanlar\u0131ndan biri h\u00e2line gelen Hayvan \u00c7iftli\u011fi, mecazi bir dille kaleme al\u0131nm\u0131\u015f bir k\u0131sa romand\u0131r. <\/p>\n","protected":false},"excerpt":{"rendered":"<p>Malik\u00e2ne \u00c7iftli\u011fi\u2019nin sakinleri olan hayvanlar isyanda! Ya\u015fad\u0131klar\u0131 k\u0131sa ve \u00e2deta birer k\u00f6le gibi \u00e7al\u0131\u015fmakla ge\u00e7en bu ac\u0131nas\u0131 hayat art\u0131k onlar\u0131 mutlu etmiyor. Bo\u011faz toklu\u011funa, g\u00fc\u00e7lerinin son<span class=\"excerpt-hellip\"> [\u2026]<\/span><\/p>\n","protected":false},"featured_media":0,"template":"","meta":{"_monsterinsights_skip_tracking":false,"_monsterinsights_sitenote_active":false,"_monsterinsights_sitenote_note":"","_monsterinsights_sitenote_category":0},"product_brand":[],"product_cat":[12291,12711],"product_tag":[],"class_list":{"0":"post-729001","1":"product","2":"type-product","3":"status-publish","5":"product_cat-edebiyat","6":"product_cat-roman-oyku","7":"pa_cilt-ciltsiz","8":"pa_tur-kitap","9":"pa_yayinevi-akil-celen-kitaplar","10":"pa_yazar-george-orwell","12":"first","13":"instock","14":"sale","15":"shipping-taxable","16":"purchasable","17":"product-type-simple"},"_links":{"self":[{"href":"https:\/\/roveyayinevi.com.tr\/index.php\/wp-json\/wp\/v2\/product\/729001","targetHints":{"allow":["GET"]}}],"collection":[{"href":"https:\/\/roveyayinevi.com.tr\/index.php\/wp-json\/wp\/v2\/product"}],"about":[{"href":"https:\/\/roveyayinevi.com.tr\/index.php\/wp-json\/wp\/v2\/types\/product"}],"wp:attachment":[{"href":"https:\/\/roveyayinevi.com.tr\/index.php\/wp-json\/wp\/v2\/media?parent=729001"}],"wp:term":[{"taxonomy":"product_brand","embeddable":true,"href":"https:\/\/roveyayinevi.com.tr\/index.php\/wp-json\/wp\/v2\/product_brand?post=729001"},{"taxonomy":"product_cat","embeddable":true,"href":"https:\/\/roveyayinevi.com.tr\/index.php\/wp-json\/wp\/v2\/product_cat?post=729001"},{"taxonomy":"product_tag","embeddable":true,"href":"https:\/\/roveyayinevi.com.tr\/index.php\/wp-json\/wp\/v2\/product_tag?post=729001"}],"curies":[{"name":"wp","href":"https:\/\/api.w.org\/{rel}","templated":true}]}}