{"id":728954,"date":"2025-08-27T20:47:41","date_gmt":"2025-08-27T17:47:41","guid":{"rendered":"https:\/\/roveyayinevi.com.tr\/index.php\/urun\/10-surpriz-randevu-ciltli\/"},"modified":"2026-04-16T02:36:42","modified_gmt":"2026-04-15T23:36:42","slug":"10-surpriz-randevu-ciltli","status":"publish","type":"product","link":"https:\/\/roveyayinevi.com.tr\/index.php\/urun\/10-surpriz-randevu-ciltli\/","title":{"rendered":"10 S\u00fcrpriz Randevu (Ciltli)"},"content":{"rendered":"<p>B\u0131rak ailen her \u015feyi daha da tuhafla\u015ft\u0131rs\u0131n   Sophie\u2019nin yeni y\u0131ldan tek dile\u011fi erkek arkada\u015f\u0131yla biraz yaln\u0131z kal\u0131p \u00f6zg\u00fcrl\u00fc\u011f\u00fcn tad\u0131n\u0131 \u00e7\u0131karabilmekti ama ona s\u00fcrpriz yapmak i\u00e7in gitti\u011fi partide ortaya \u00e7\u0131kt\u0131\u011f\u0131 \u00fczere \u00f6zg\u00fcrl\u00fck pe\u015finde olan yaln\u0131z kendisi de\u011fildi.   D\u00fcnyas\u0131 ba\u015f\u0131na y\u0131k\u0131lan Sophie, Noel tatili i\u00e7in Nonna\u2019n\u0131n evinde toplanan geni\u015f ailesinin yan\u0131nda biraz olsun avunmay\u0131 umuyordu. Torununun kendine ac\u0131mas\u0131na seyirci kalmak istemeyen Nonna hemen zekice bir plan kurdu: Her birini farkl\u0131 bir aile \u00fcyesinin se\u00e7ece\u011fi on randevu.   Baz\u0131lar\u0131 felaketle sonu\u00e7lanabilecek bu randevular\u0131 atlatabilmek i\u00e7in Sophie\u2019nin, kuzenleri Olivia\u2019yla Charlie\u2019nin ve tabii yan kom\u015fular\u0131 Wes\u2019in yard\u0131mlar\u0131na ihtiyac\u0131 vard\u0131. Efsane D\u00f6rtl\u00fc g\u00fc\u00e7lerini yeniden birle\u015ftirmi\u015fken, ikinci \u015fans pe\u015fine d\u00fc\u015fen eski sevgililer ya da imk\u00e2ns\u0131z a\u015fklar onlar\u0131 y\u0131kamazd\u0131\u2026 de\u011fil mi?   \u201cBa\u015ftan sona b\u00fcy\u00fck harflerle diyorum ki KES\u0130NL\u0130KLE \u00c7OK KEY\u0130FL\u0130.\u201d \u2014NPR   \u201cA\u015fk\u0131 bulmak, kendini ve aileni tan\u0131mak \u00fczerine \u00e7ok e\u011flenceli bir hik\u00e2ye.\u201d \u2014Kirkus   \u201cAile \u00fcyelerinin karakterleri, Sophie i\u00e7in se\u00e7tikleri randevularla olduk\u00e7a zeki bir \u015fekilde yans\u0131t\u0131l\u0131yor.\u201d \u2014Publishers Weekly   \u201cNoel temas\u0131 kitab\u0131 daha da g\u00f6z kama\u015ft\u0131r\u0131c\u0131 k\u0131l\u0131yor.\u201d \u2014Booklist<\/p>\n","protected":false},"excerpt":{"rendered":"<p>B\u0131rak ailen her \u015feyi daha da tuhafla\u015ft\u0131rs\u0131n Sophie\u2019nin yeni y\u0131ldan tek dile\u011fi erkek arkada\u015f\u0131yla biraz yaln\u0131z kal\u0131p \u00f6zg\u00fcrl\u00fc\u011f\u00fcn tad\u0131n\u0131 \u00e7\u0131karabilmekti ama ona s\u00fcrpriz yapmak i\u00e7in gitti\u011fi<span class=\"excerpt-hellip\"> [\u2026]<\/span><\/p>\n","protected":false},"featured_media":0,"template":"","meta":{"_monsterinsights_skip_tracking":false,"_monsterinsights_sitenote_active":false,"_monsterinsights_sitenote_note":"","_monsterinsights_sitenote_category":0},"product_brand":[],"product_cat":[12291,12711],"product_tag":[],"class_list":{"0":"post-728954","1":"product","2":"type-product","3":"status-publish","5":"product_cat-edebiyat","6":"product_cat-roman-oyku","7":"pa_cilt-ciltli","8":"pa_tur-kitap","9":"pa_yayinevi-yabanci-yayinevi","10":"pa_yazar-ashley-elston","12":"first","13":"instock","14":"sale","15":"shipping-taxable","16":"purchasable","17":"product-type-simple"},"_links":{"self":[{"href":"https:\/\/roveyayinevi.com.tr\/index.php\/wp-json\/wp\/v2\/product\/728954","targetHints":{"allow":["GET"]}}],"collection":[{"href":"https:\/\/roveyayinevi.com.tr\/index.php\/wp-json\/wp\/v2\/product"}],"about":[{"href":"https:\/\/roveyayinevi.com.tr\/index.php\/wp-json\/wp\/v2\/types\/product"}],"wp:attachment":[{"href":"https:\/\/roveyayinevi.com.tr\/index.php\/wp-json\/wp\/v2\/media?parent=728954"}],"wp:term":[{"taxonomy":"product_brand","embeddable":true,"href":"https:\/\/roveyayinevi.com.tr\/index.php\/wp-json\/wp\/v2\/product_brand?post=728954"},{"taxonomy":"product_cat","embeddable":true,"href":"https:\/\/roveyayinevi.com.tr\/index.php\/wp-json\/wp\/v2\/product_cat?post=728954"},{"taxonomy":"product_tag","embeddable":true,"href":"https:\/\/roveyayinevi.com.tr\/index.php\/wp-json\/wp\/v2\/product_tag?post=728954"}],"curies":[{"name":"wp","href":"https:\/\/api.w.org\/{rel}","templated":true}]}}